{"id":105,"date":"2017-06-25T06:56:01","date_gmt":"2017-06-25T09:56:01","guid":{"rendered":"http:\/\/www.motricidades.org\/site\/?page_id=105"},"modified":"2021-07-04T19:32:06","modified_gmt":"2021-07-04T22:32:06","slug":"2013-2017","status":"publish","type":"page","link":"https:\/\/www.motricidades.org\/spqmh\/diretoria\/2013-2017\/","title":{"rendered":"Diretoria 2013-2015"},"content":{"rendered":"<p style=\"text-align: center;\" align=\"center\"><b><strong>Denise Aparecida Corr\u00eaa<br \/>\n<\/strong><\/b>PRESIDENTE<br \/>\n<b><br \/>\nF\u00e1bio Ricardo Mizuno Lemos<br \/>\n<\/b>VICE-PRESIDENTE<\/p>\n<p style=\"text-align: center;\"><b><strong>Clayton da Silva Carmo<br \/>\n<\/strong><\/b>SECRET\u00c1RIO GERAL<br \/>\n<b><br \/>\nPaulo Cesar Antonini de Souza<br \/>\n<\/b>SECRET\u00c1RIO ADJUNTO<\/p>\n<p style=\"text-align: center;\"><strong>Luiz Gon\u00e7alves Junior<br \/>\n<\/strong>DIRETOR FINANCEIRO<\/p>\n<p style=\"text-align: center;\"><b>Robson Amaral da Silva<br \/>\n<\/b>VICE-DIRETOR FINANCEIRO<\/p>\n<p style=\"text-align: center;\"><b>Cae Rodrigues<br \/>\n<\/b>DIRETOR CIENT\u00cdFICO<br \/>\n<b><br \/>\nGlauco Nunes Souto Ramos<br \/>\n<\/b>VICE-DIRETOR CIENT\u00cdFICO<\/p>\n<p style=\"text-align: center;\"><b><strong>Andresa Souza Ugaya<br \/>\n<\/strong><\/b>DIRETOR DE EVENTOS<\/p>\n<p style=\"text-align: center;\"><b><strong>Cl\u00e1udia Foganholi<br \/>\n<\/strong><\/b>VICE-DIRETOR DE EVENTOS<\/p>\n","protected":false},"excerpt":{"rendered":"<p>Denise Aparecida Corr\u00eaa PRESIDENTE F\u00e1bio Ricardo Mizuno Lemos VICE-PRESIDENTE Clayton da Silva Carmo SECRET\u00c1RIO GERAL Paulo Cesar Antonini de Souza SECRET\u00c1RIO ADJUNTO Luiz Gon\u00e7alves Junior DIRETOR FINANCEIRO Robson Amaral da Silva VICE-DIRETOR FINANCEIRO Cae Rodrigues DIRETOR CIENT\u00cdFICO Glauco Nunes Souto Ramos VICE-DIRETOR CIENT\u00cdFICO Andresa Souza Ugaya DIRETOR DE EVENTOS Cl\u00e1udia Foganholi VICE-DIRETOR DE EVENTOS<\/p>\n","protected":false},"author":1,"featured_media":0,"parent":98,"menu_order":15,"comment_status":"closed","ping_status":"closed","template":"","meta":{"footnotes":""},"class_list":["post-105","page","type-page","status-publish","hentry"],"yoast_head":"<!-- This site is optimized with the Yoast SEO plugin v27.4 - https:\/\/yoast.com\/product\/yoast-seo-wordpress\/ -->\n<title>Diretoria 2013-2015 -<\/title>\n<meta name=\"robots\" content=\"index, follow, max-snippet:-1, max-image-preview:large, max-video-preview:-1\" \/>\n<link rel=\"canonical\" href=\"https:\/\/www.motricidades.org\/spqmh\/diretoria\/2013-2017\/\" \/>\n<meta property=\"og:locale\" content=\"pt_BR\" \/>\n<meta property=\"og:type\" content=\"article\" \/>\n<meta property=\"og:title\" content=\"Diretoria 2013-2015 -\" \/>\n<meta property=\"og:description\" content=\"Denise Aparecida Corr\u00eaa PRESIDENTE F\u00e1bio Ricardo Mizuno Lemos VICE-PRESIDENTE Clayton da Silva Carmo SECRET\u00c1RIO GERAL Paulo Cesar Antonini de Souza SECRET\u00c1RIO ADJUNTO Luiz Gon\u00e7alves Junior DIRETOR FINANCEIRO Robson Amaral da Silva VICE-DIRETOR FINANCEIRO Cae Rodrigues DIRETOR CIENT\u00cdFICO Glauco Nunes Souto Ramos VICE-DIRETOR CIENT\u00cdFICO Andresa Souza Ugaya DIRETOR DE EVENTOS Cl\u00e1udia Foganholi VICE-DIRETOR DE EVENTOS\" \/>\n<meta property=\"og:url\" content=\"https:\/\/www.motricidades.org\/spqmh\/diretoria\/2013-2017\/\" \/>\n<meta property=\"article:modified_time\" content=\"2021-07-04T22:32:06+00:00\" \/>\n<meta name=\"twitter:card\" content=\"summary_large_image\" \/>\n<meta name=\"twitter:label1\" content=\"Est. tempo de leitura\" \/>\n\t<meta name=\"twitter:data1\" content=\"1 minuto\" \/>\n<script type=\"application\/ld+json\" class=\"yoast-schema-graph\">{\"@context\":\"https:\\\/\\\/schema.org\",\"@graph\":[{\"@type\":\"WebPage\",\"@id\":\"https:\\\/\\\/www.motricidades.org\\\/spqmh\\\/diretoria\\\/2013-2017\\\/\",\"url\":\"https:\\\/\\\/www.motricidades.org\\\/spqmh\\\/diretoria\\\/2013-2017\\\/\",\"name\":\"Diretoria 2013-2015 -\",\"isPartOf\":{\"@id\":\"https:\\\/\\\/www.motricidades.org\\\/spqmh\\\/#website\"},\"datePublished\":\"2017-06-25T09:56:01+00:00\",\"dateModified\":\"2021-07-04T22:32:06+00:00\",\"breadcrumb\":{\"@id\":\"https:\\\/\\\/www.motricidades.org\\\/spqmh\\\/diretoria\\\/2013-2017\\\/#breadcrumb\"},\"inLanguage\":\"pt-BR\",\"potentialAction\":[{\"@type\":\"ReadAction\",\"target\":[\"https:\\\/\\\/www.motricidades.org\\\/spqmh\\\/diretoria\\\/2013-2017\\\/\"]}]},{\"@type\":\"BreadcrumbList\",\"@id\":\"https:\\\/\\\/www.motricidades.org\\\/spqmh\\\/diretoria\\\/2013-2017\\\/#breadcrumb\",\"itemListElement\":[{\"@type\":\"ListItem\",\"position\":1,\"name\":\"In\u00edcio\",\"item\":\"https:\\\/\\\/www.motricidades.org\\\/spqmh\\\/\"},{\"@type\":\"ListItem\",\"position\":2,\"name\":\"Diretoria\",\"item\":\"https:\\\/\\\/www.motricidades.org\\\/spqmh\\\/diretoria\\\/\"},{\"@type\":\"ListItem\",\"position\":3,\"name\":\"Diretoria 2013-2015\"}]},{\"@type\":\"WebSite\",\"@id\":\"https:\\\/\\\/www.motricidades.org\\\/spqmh\\\/#website\",\"url\":\"https:\\\/\\\/www.motricidades.org\\\/spqmh\\\/\",\"name\":\"\",\"description\":\"SOCIEDADE DE PESQUISA QUALITATIVA EM MOTRICIDADE HUMANA - SPQMH\",\"potentialAction\":[{\"@type\":\"SearchAction\",\"target\":{\"@type\":\"EntryPoint\",\"urlTemplate\":\"https:\\\/\\\/www.motricidades.org\\\/spqmh\\\/?s={search_term_string}\"},\"query-input\":{\"@type\":\"PropertyValueSpecification\",\"valueRequired\":true,\"valueName\":\"search_term_string\"}}],\"inLanguage\":\"pt-BR\"}]}<\/script>\n<!-- \/ Yoast SEO plugin. -->","yoast_head_json":{"title":"Diretoria 2013-2015 -","robots":{"index":"index","follow":"follow","max-snippet":"max-snippet:-1","max-image-preview":"max-image-preview:large","max-video-preview":"max-video-preview:-1"},"canonical":"https:\/\/www.motricidades.org\/spqmh\/diretoria\/2013-2017\/","og_locale":"pt_BR","og_type":"article","og_title":"Diretoria 2013-2015 -","og_description":"Denise Aparecida Corr\u00eaa PRESIDENTE F\u00e1bio Ricardo Mizuno Lemos VICE-PRESIDENTE Clayton da Silva Carmo SECRET\u00c1RIO GERAL Paulo Cesar Antonini de Souza SECRET\u00c1RIO ADJUNTO Luiz Gon\u00e7alves Junior DIRETOR FINANCEIRO Robson Amaral da Silva VICE-DIRETOR FINANCEIRO Cae Rodrigues DIRETOR CIENT\u00cdFICO Glauco Nunes Souto Ramos VICE-DIRETOR CIENT\u00cdFICO Andresa Souza Ugaya DIRETOR DE EVENTOS Cl\u00e1udia Foganholi VICE-DIRETOR DE EVENTOS","og_url":"https:\/\/www.motricidades.org\/spqmh\/diretoria\/2013-2017\/","article_modified_time":"2021-07-04T22:32:06+00:00","twitter_card":"summary_large_image","twitter_misc":{"Est. tempo de leitura":"1 minuto"},"schema":{"@context":"https:\/\/schema.org","@graph":[{"@type":"WebPage","@id":"https:\/\/www.motricidades.org\/spqmh\/diretoria\/2013-2017\/","url":"https:\/\/www.motricidades.org\/spqmh\/diretoria\/2013-2017\/","name":"Diretoria 2013-2015 -","isPartOf":{"@id":"https:\/\/www.motricidades.org\/spqmh\/#website"},"datePublished":"2017-06-25T09:56:01+00:00","dateModified":"2021-07-04T22:32:06+00:00","breadcrumb":{"@id":"https:\/\/www.motricidades.org\/spqmh\/diretoria\/2013-2017\/#breadcrumb"},"inLanguage":"pt-BR","potentialAction":[{"@type":"ReadAction","target":["https:\/\/www.motricidades.org\/spqmh\/diretoria\/2013-2017\/"]}]},{"@type":"BreadcrumbList","@id":"https:\/\/www.motricidades.org\/spqmh\/diretoria\/2013-2017\/#breadcrumb","itemListElement":[{"@type":"ListItem","position":1,"name":"In\u00edcio","item":"https:\/\/www.motricidades.org\/spqmh\/"},{"@type":"ListItem","position":2,"name":"Diretoria","item":"https:\/\/www.motricidades.org\/spqmh\/diretoria\/"},{"@type":"ListItem","position":3,"name":"Diretoria 2013-2015"}]},{"@type":"WebSite","@id":"https:\/\/www.motricidades.org\/spqmh\/#website","url":"https:\/\/www.motricidades.org\/spqmh\/","name":"","description":"SOCIEDADE DE PESQUISA QUALITATIVA EM MOTRICIDADE HUMANA - SPQMH","potentialAction":[{"@type":"SearchAction","target":{"@type":"EntryPoint","urlTemplate":"https:\/\/www.motricidades.org\/spqmh\/?s={search_term_string}"},"query-input":{"@type":"PropertyValueSpecification","valueRequired":true,"valueName":"search_term_string"}}],"inLanguage":"pt-BR"}]}},"_links":{"self":[{"href":"https:\/\/www.motricidades.org\/spqmh\/wp-json\/wp\/v2\/pages\/105","targetHints":{"allow":["GET"]}}],"collection":[{"href":"https:\/\/www.motricidades.org\/spqmh\/wp-json\/wp\/v2\/pages"}],"about":[{"href":"https:\/\/www.motricidades.org\/spqmh\/wp-json\/wp\/v2\/types\/page"}],"author":[{"embeddable":true,"href":"https:\/\/www.motricidades.org\/spqmh\/wp-json\/wp\/v2\/users\/1"}],"replies":[{"embeddable":true,"href":"https:\/\/www.motricidades.org\/spqmh\/wp-json\/wp\/v2\/comments?post=105"}],"version-history":[{"count":10,"href":"https:\/\/www.motricidades.org\/spqmh\/wp-json\/wp\/v2\/pages\/105\/revisions"}],"predecessor-version":[{"id":2155,"href":"https:\/\/www.motricidades.org\/spqmh\/wp-json\/wp\/v2\/pages\/105\/revisions\/2155"}],"up":[{"embeddable":true,"href":"https:\/\/www.motricidades.org\/spqmh\/wp-json\/wp\/v2\/pages\/98"}],"wp:attachment":[{"href":"https:\/\/www.motricidades.org\/spqmh\/wp-json\/wp\/v2\/media?parent=105"}],"curies":[{"name":"wp","href":"https:\/\/api.w.org\/{rel}","templated":true}]}}

<p style="text-align: center;" align="center"><b><strong>Denise Aparecida Corrêa<br />
</strong></b>PRESIDENTE<br />
<b><br />
Fábio Ricardo Mizuno Lemos<br />
</b>VICE-PRESIDENTE</p>
<p style="text-align: center;"><b><strong>Clayton da Silva Carmo<br />
</strong></b>SECRETÁRIO GERAL<br />
<b><br />
Paulo Cesar Antonini de Souza<br />
</b>SECRETÁRIO ADJUNTO</p>
<p style="text-align: center;"><strong>Luiz Gonçalves Junior<br />
</strong>DIRETOR FINANCEIRO</p>
<p style="text-align: center;"><b>Robson Amaral da Silva<br />
</b>VICE-DIRETOR FINANCEIRO</p>
<p style="text-align: center;"><b>Cae Rodrigues<br />
</b>DIRETOR CIENTÍFICO<br />
<b><br />
Glauco Nunes Souto Ramos<br />
</b>VICE-DIRETOR CIENTÍFICO</p>
<p style="text-align: center;"><b><strong>Andresa Souza Ugaya<br />
</strong></b>DIRETOR DE EVENTOS</p>
<p style="text-align: center;"><b><strong>Cláudia Foganholi<br />
</strong></b>VICE-DIRETOR DE EVENTOS</p>

<p>Denise Aparecida Corrêa PRESIDENTE Fábio Ricardo Mizuno Lemos VICE-PRESIDENTE Clayton da Silva Carmo SECRETÁRIO GERAL Paulo Cesar Antonini de Souza SECRETÁRIO ADJUNTO Luiz Gonçalves Junior DIRETOR FINANCEIRO Robson Amaral da Silva VICE-DIRETOR FINANCEIRO Cae Rodrigues DIRETOR CIENTÍFICO Glauco Nunes Souto Ramos VICE-DIRETOR CIENTÍFICO Andresa Souza Ugaya DIRETOR DE EVENTOS Cláudia Foganholi VICE-DIRETOR DE EVENTOS</p>

<!-- This site is optimized with the Yoast SEO plugin v27.4 - https://yoast.com/product/yoast-seo-wordpress/ -->
<title>Diretoria 2013-2015 -</title>
<meta name="robots" content="index, follow, max-snippet:-1, max-image-preview:large, max-video-preview:-1" />
<link rel="canonical" href="https://www.motricidades.org/spqmh/diretoria/2013-2017/" />
<meta property="og:locale" content="pt_BR" />
<meta property="og:type" content="article" />
<meta property="og:title" content="Diretoria 2013-2015 -" />
<meta property="og:description" content="Denise Aparecida Corrêa PRESIDENTE Fábio Ricardo Mizuno Lemos VICE-PRESIDENTE Clayton da Silva Carmo SECRETÁRIO GERAL Paulo Cesar Antonini de Souza SECRETÁRIO ADJUNTO Luiz Gonçalves Junior DIRETOR FINANCEIRO Robson Amaral da Silva VICE-DIRETOR FINANCEIRO Cae Rodrigues DIRETOR CIENTÍFICO Glauco Nunes Souto Ramos VICE-DIRETOR CIENTÍFICO Andresa Souza Ugaya DIRETOR DE EVENTOS Cláudia Foganholi VICE-DIRETOR DE EVENTOS" />
<meta property="og:url" content="https://www.motricidades.org/spqmh/diretoria/2013-2017/" />
<meta property="article:modified_time" content="2021-07-04T22:32:06+00:00" />
<meta name="twitter:card" content="summary_large_image" />
<meta name="twitter:label1" content="Est. tempo de leitura" />
	<meta name="twitter:data1" content="1 minuto" />
<script type="application/ld+json" class="yoast-schema-graph">{"@context":"https:\/\/schema.org","@graph":[{"@type":"WebPage","@id":"https:\/\/www.motricidades.org\/spqmh\/diretoria\/2013-2017\/","url":"https:\/\/www.motricidades.org\/spqmh\/diretoria\/2013-2017\/","name":"Diretoria 2013-2015 -","isPartOf":{"@id":"https:\/\/www.motricidades.org\/spqmh\/#website"},"datePublished":"2017-06-25T09:56:01+00:00","dateModified":"2021-07-04T22:32:06+00:00","breadcrumb":{"@id":"https:\/\/www.motricidades.org\/spqmh\/diretoria\/2013-2017\/#breadcrumb"},"inLanguage":"pt-BR","potentialAction":[{"@type":"ReadAction","target":["https:\/\/www.motricidades.org\/spqmh\/diretoria\/2013-2017\/"]}]},{"@type":"BreadcrumbList","@id":"https:\/\/www.motricidades.org\/spqmh\/diretoria\/2013-2017\/#breadcrumb","itemListElement":[{"@type":"ListItem","position":1,"name":"Início","item":"https:\/\/www.motricidades.org\/spqmh\/"},{"@type":"ListItem","position":2,"name":"Diretoria","item":"https:\/\/www.motricidades.org\/spqmh\/diretoria\/"},{"@type":"ListItem","position":3,"name":"Diretoria 2013-2015"}]},{"@type":"WebSite","@id":"https:\/\/www.motricidades.org\/spqmh\/#website","url":"https:\/\/www.motricidades.org\/spqmh\/","name":"","description":"SOCIEDADE DE PESQUISA QUALITATIVA EM MOTRICIDADE HUMANA - SPQMH","potentialAction":[{"@type":"SearchAction","target":{"@type":"EntryPoint","urlTemplate":"https:\/\/www.motricidades.org\/spqmh\/?s={search_term_string}"},"query-input":{"@type":"PropertyValueSpecification","valueRequired":true,"valueName":"search_term_string"}}],"inLanguage":"pt-BR"}]}</script>
<!-- / Yoast SEO plugin. -->

Denise Aparecida Corrêa PRESIDENTE Fábio Ricardo Mizuno Lemos VICE-PRESIDENTE Clayton da Silva Carmo SECRETÁRIO GERAL Paulo Cesar Antonini de Souza SECRETÁRIO ADJUNTO Luiz Gonçalves Junior DIRETOR FINANCEIRO Robson Amaral da Silva VICE-DIRETOR FINANCEIRO Cae Rodrigues DIRETOR CIENTÍFICO Glauco Nunes Souto Ramos VICE-DIRETOR CIENTÍFICO Andresa Souza Ugaya DIRETOR DE EVENTOS Cláudia Foganholi VICE-DIRETOR DE EVENTOS

Início
