{"id":166,"date":"2017-06-25T09:14:51","date_gmt":"2017-06-25T12:14:51","guid":{"rendered":"http:\/\/www.motricidades.org\/site\/?page_id=166"},"modified":"2017-06-25T10:01:07","modified_gmt":"2017-06-25T13:01:07","slug":"ata-de-fundacao","status":"publish","type":"page","link":"https:\/\/www.motricidades.org\/spqmh\/historico\/ata-de-fundacao\/","title":{"rendered":"Ata de Constitui\u00e7\u00e3o"},"content":{"rendered":"<p style=\"text-align: center;\"><strong><span style=\"font-size: 20px;\">ATA DA ASSEMBL\u00c9IA GERAL DE CONSTITUI\u00c7\u00c3O DA<br \/>\n<\/span><span style=\"font-size: 20px;\">SOCIEDADE DE PESQUISA QUALITATIVA EM MOTRICIDADE HUMANA<\/span><\/strong><\/p>\n<p style=\"text-align: justify;\">Aos treze dias do m\u00eas de junho de dois mil e tr\u00eas, \u00e0s dez horas, no Laborat\u00f3rio de Pesquisa em Cultura Corporal do Departamento de Educa\u00e7\u00e3o F\u00edsica e Motricidade Humana da Universidade Federal de S\u00e3o Carlos, \u00e0 Rodovia Washington Lu\u00eds Km 235 \u2013 Bairro Monjolinho \u2013 S\u00e3o Carlos\/SP, os abaixo-assinados reuniram-se a fim de constituir a Sociedade de Pesquisa Qualitativa em Motricidade Humana, com aprova\u00e7\u00e3o de seus Estatutos Sociais e elei\u00e7\u00e3o da sua Diretoria para o bi\u00eanio 2003\/2004. Para presidir os trabalhos, foi aclamado por unanimidade Luiz Gon\u00e7alves Junior que convidou F\u00e1bio Ricardo Mizuno Lemos para secretari\u00e1-lo. Iniciados os trabalhos, o Senhor Presidente da Assembl\u00e9ia agradeceu a presen\u00e7a de todos, enfatizando a necessidade de uma uni\u00e3o de esfor\u00e7os visando atingir os objetivos a que se prop\u00f5e a entidade ora em forma\u00e7\u00e3o. Em continua\u00e7\u00e3o passou \u00e0 leitura da proposta dos Estatutos Sociais, a fim de que todos os presentes deliberassem a respeito.<\/p>\n<p style=\"text-align: justify;\">Ap\u00f3s discuss\u00e3o, foi aprovado, por unanimidade, o texto final dos Estatutos Sociais. A seguir o Senhor Presidente da Assembl\u00e9ia ressaltou a necessidade de se eleger a Diretoria da Associa\u00e7\u00e3o. Esta elei\u00e7\u00e3o se fez nos termos do Artigo 7\u00ba, par\u00e1grafo \u00fanico, do estatuto lido. Foram propostos e aceitos na Assembl\u00e9ia os seguintes nomes, nos respectivos cargos: <strong>PRESIDENTE<\/strong>: Dr. Luiz Gon\u00e7alves Junior; <strong>VICE-PRESIDENTE<\/strong>: Dr. Glauco Nunes Souto Ramos; <strong>SECRET\u00c1RIO GERAL<\/strong>: Engels C\u00e2mara; <strong>DIRETOR FINANCEIRO<\/strong>: F\u00e1bio Ricardo Mizuno Lemos; <strong>VICE-DIRETOR FINANCEIRO<\/strong>: Silmara Elena Alves de Campos; <strong>DIRETOR CIENT\u00cdFICO<\/strong>: Adilson Souza de Ara\u00fajo; <strong>VICE-DIRETOR CIENT\u00cdFICO<\/strong>: Denise Aparecida Corr\u00eaa; <strong>DIRETOR DE EVENTOS<\/strong>: Jos\u00e9 Vicente Martins; <strong>VICE-DIRETOR DE EVENTOS<\/strong>: Carlos Renato Arocete Ribeiro.<\/p>\n<p style=\"text-align: justify;\">Assim sendo, constitu\u00eddo A Sociedade de Pesquisa Qualitativa em Motricidade Humana, nada mais havendo a tratar e como ningu\u00e9m mais quisesse fazer uso da palavra, foi encerrada esta Assembl\u00e9ia Geral, da qual lavrou-se a presente ata que, lida e achada conforme, vai assinada por mim, Secret\u00e1rio, pelo Presidente da Assembl\u00e9ia Geral e pelos membros fundadores presentes.<\/p>\n<p style=\"text-align: right;\">S\u00e3o Carlos, 13 de junho de 2003.<\/p>\n<p style=\"text-align: center;\">Luiz Gon\u00e7alves Junior<br \/>\nPresidente da Assembl\u00e9ia Geral Constitutiva<\/p>\n<p style=\"text-align: center;\">F\u00e1bio Ricardo Mizuno Lemos<br \/>\nSecret\u00e1rio da Assembl\u00e9ia Geral Constitutiva<\/p>\n<p style=\"text-align: center;\">Adilson Souza de Ara\u00fajo<\/p>\n<p style=\"text-align: center;\">Carlos Renato Arocete Ribeiro<\/p>\n<p style=\"text-align: center;\">Denise Aparecida Corr\u00eaa<\/p>\n<p style=\"text-align: center;\">Engels C\u00e2mara<\/p>\n<p style=\"text-align: center;\">Glauco Nunes Souto Ramos<\/p>\n<p style=\"text-align: center;\">Jos\u00e9 Vicente Martins<\/p>\n<p style=\"text-align: center;\">Silmara Elena Alves de Campos<\/p>\n<p style=\"text-align: center;\">Regiane Cristina Galante<\/p>\n<p style=\"text-align: center;\">Thiago Tozetti Fadeli<\/p>\n","protected":false},"excerpt":{"rendered":"<p>ATA DA ASSEMBL\u00c9IA GERAL DE CONSTITUI\u00c7\u00c3O DA SOCIEDADE DE PESQUISA QUALITATIVA EM MOTRICIDADE HUMANA Aos treze dias do m\u00eas de junho de dois mil e tr\u00eas, \u00e0s dez horas, no Laborat\u00f3rio de Pesquisa em Cultura Corporal do Departamento de Educa\u00e7\u00e3o F\u00edsica e Motricidade Humana da Universidade Federal de S\u00e3o Carlos, \u00e0 Rodovia Washington Lu\u00eds Km&#8230;<\/p>\n","protected":false},"author":1,"featured_media":0,"parent":67,"menu_order":1,"comment_status":"closed","ping_status":"closed","template":"","meta":{"footnotes":""},"class_list":["post-166","page","type-page","status-publish","hentry"],"yoast_head":"<!-- This site is optimized with the Yoast SEO plugin v27.4 - https:\/\/yoast.com\/product\/yoast-seo-wordpress\/ -->\n<title>Ata de Constitui\u00e7\u00e3o -<\/title>\n<meta name=\"robots\" content=\"index, follow, max-snippet:-1, max-image-preview:large, max-video-preview:-1\" \/>\n<link rel=\"canonical\" href=\"https:\/\/www.motricidades.org\/spqmh\/historico\/ata-de-fundacao\/\" \/>\n<meta property=\"og:locale\" content=\"pt_BR\" \/>\n<meta property=\"og:type\" content=\"article\" \/>\n<meta property=\"og:title\" content=\"Ata de Constitui\u00e7\u00e3o -\" \/>\n<meta property=\"og:description\" content=\"ATA DA ASSEMBL\u00c9IA GERAL DE CONSTITUI\u00c7\u00c3O DA SOCIEDADE DE PESQUISA QUALITATIVA EM MOTRICIDADE HUMANA Aos treze dias do m\u00eas de junho de dois mil e tr\u00eas, \u00e0s dez horas, no Laborat\u00f3rio de Pesquisa em Cultura Corporal do Departamento de Educa\u00e7\u00e3o F\u00edsica e Motricidade Humana da Universidade Federal de S\u00e3o Carlos, \u00e0 Rodovia Washington Lu\u00eds Km...\" \/>\n<meta property=\"og:url\" content=\"https:\/\/www.motricidades.org\/spqmh\/historico\/ata-de-fundacao\/\" \/>\n<meta property=\"article:modified_time\" content=\"2017-06-25T13:01:07+00:00\" \/>\n<meta name=\"twitter:card\" content=\"summary_large_image\" \/>\n<meta name=\"twitter:label1\" content=\"Est. tempo de leitura\" \/>\n\t<meta name=\"twitter:data1\" content=\"2 minutos\" \/>\n<script type=\"application\/ld+json\" class=\"yoast-schema-graph\">{\"@context\":\"https:\\\/\\\/schema.org\",\"@graph\":[{\"@type\":\"WebPage\",\"@id\":\"https:\\\/\\\/www.motricidades.org\\\/spqmh\\\/historico\\\/ata-de-fundacao\\\/\",\"url\":\"https:\\\/\\\/www.motricidades.org\\\/spqmh\\\/historico\\\/ata-de-fundacao\\\/\",\"name\":\"Ata de Constitui\u00e7\u00e3o -\",\"isPartOf\":{\"@id\":\"https:\\\/\\\/www.motricidades.org\\\/spqmh\\\/#website\"},\"datePublished\":\"2017-06-25T12:14:51+00:00\",\"dateModified\":\"2017-06-25T13:01:07+00:00\",\"breadcrumb\":{\"@id\":\"https:\\\/\\\/www.motricidades.org\\\/spqmh\\\/historico\\\/ata-de-fundacao\\\/#breadcrumb\"},\"inLanguage\":\"pt-BR\",\"potentialAction\":[{\"@type\":\"ReadAction\",\"target\":[\"https:\\\/\\\/www.motricidades.org\\\/spqmh\\\/historico\\\/ata-de-fundacao\\\/\"]}]},{\"@type\":\"BreadcrumbList\",\"@id\":\"https:\\\/\\\/www.motricidades.org\\\/spqmh\\\/historico\\\/ata-de-fundacao\\\/#breadcrumb\",\"itemListElement\":[{\"@type\":\"ListItem\",\"position\":1,\"name\":\"In\u00edcio\",\"item\":\"https:\\\/\\\/www.motricidades.org\\\/spqmh\\\/\"},{\"@type\":\"ListItem\",\"position\":2,\"name\":\"Hist\u00f3rico\",\"item\":\"https:\\\/\\\/www.motricidades.org\\\/spqmh\\\/\"},{\"@type\":\"ListItem\",\"position\":3,\"name\":\"Ata de Constitui\u00e7\u00e3o\"}]},{\"@type\":\"WebSite\",\"@id\":\"https:\\\/\\\/www.motricidades.org\\\/spqmh\\\/#website\",\"url\":\"https:\\\/\\\/www.motricidades.org\\\/spqmh\\\/\",\"name\":\"\",\"description\":\"SOCIEDADE DE PESQUISA QUALITATIVA EM MOTRICIDADE HUMANA - SPQMH\",\"potentialAction\":[{\"@type\":\"SearchAction\",\"target\":{\"@type\":\"EntryPoint\",\"urlTemplate\":\"https:\\\/\\\/www.motricidades.org\\\/spqmh\\\/?s={search_term_string}\"},\"query-input\":{\"@type\":\"PropertyValueSpecification\",\"valueRequired\":true,\"valueName\":\"search_term_string\"}}],\"inLanguage\":\"pt-BR\"}]}<\/script>\n<!-- \/ Yoast SEO plugin. -->","yoast_head_json":{"title":"Ata de Constitui\u00e7\u00e3o -","robots":{"index":"index","follow":"follow","max-snippet":"max-snippet:-1","max-image-preview":"max-image-preview:large","max-video-preview":"max-video-preview:-1"},"canonical":"https:\/\/www.motricidades.org\/spqmh\/historico\/ata-de-fundacao\/","og_locale":"pt_BR","og_type":"article","og_title":"Ata de Constitui\u00e7\u00e3o -","og_description":"ATA DA ASSEMBL\u00c9IA GERAL DE CONSTITUI\u00c7\u00c3O DA SOCIEDADE DE PESQUISA QUALITATIVA EM MOTRICIDADE HUMANA Aos treze dias do m\u00eas de junho de dois mil e tr\u00eas, \u00e0s dez horas, no Laborat\u00f3rio de Pesquisa em Cultura Corporal do Departamento de Educa\u00e7\u00e3o F\u00edsica e Motricidade Humana da Universidade Federal de S\u00e3o Carlos, \u00e0 Rodovia Washington Lu\u00eds Km...","og_url":"https:\/\/www.motricidades.org\/spqmh\/historico\/ata-de-fundacao\/","article_modified_time":"2017-06-25T13:01:07+00:00","twitter_card":"summary_large_image","twitter_misc":{"Est. tempo de leitura":"2 minutos"},"schema":{"@context":"https:\/\/schema.org","@graph":[{"@type":"WebPage","@id":"https:\/\/www.motricidades.org\/spqmh\/historico\/ata-de-fundacao\/","url":"https:\/\/www.motricidades.org\/spqmh\/historico\/ata-de-fundacao\/","name":"Ata de Constitui\u00e7\u00e3o -","isPartOf":{"@id":"https:\/\/www.motricidades.org\/spqmh\/#website"},"datePublished":"2017-06-25T12:14:51+00:00","dateModified":"2017-06-25T13:01:07+00:00","breadcrumb":{"@id":"https:\/\/www.motricidades.org\/spqmh\/historico\/ata-de-fundacao\/#breadcrumb"},"inLanguage":"pt-BR","potentialAction":[{"@type":"ReadAction","target":["https:\/\/www.motricidades.org\/spqmh\/historico\/ata-de-fundacao\/"]}]},{"@type":"BreadcrumbList","@id":"https:\/\/www.motricidades.org\/spqmh\/historico\/ata-de-fundacao\/#breadcrumb","itemListElement":[{"@type":"ListItem","position":1,"name":"In\u00edcio","item":"https:\/\/www.motricidades.org\/spqmh\/"},{"@type":"ListItem","position":2,"name":"Hist\u00f3rico","item":"https:\/\/www.motricidades.org\/spqmh\/"},{"@type":"ListItem","position":3,"name":"Ata de Constitui\u00e7\u00e3o"}]},{"@type":"WebSite","@id":"https:\/\/www.motricidades.org\/spqmh\/#website","url":"https:\/\/www.motricidades.org\/spqmh\/","name":"","description":"SOCIEDADE DE PESQUISA QUALITATIVA EM MOTRICIDADE HUMANA - SPQMH","potentialAction":[{"@type":"SearchAction","target":{"@type":"EntryPoint","urlTemplate":"https:\/\/www.motricidades.org\/spqmh\/?s={search_term_string}"},"query-input":{"@type":"PropertyValueSpecification","valueRequired":true,"valueName":"search_term_string"}}],"inLanguage":"pt-BR"}]}},"_links":{"self":[{"href":"https:\/\/www.motricidades.org\/spqmh\/wp-json\/wp\/v2\/pages\/166","targetHints":{"allow":["GET"]}}],"collection":[{"href":"https:\/\/www.motricidades.org\/spqmh\/wp-json\/wp\/v2\/pages"}],"about":[{"href":"https:\/\/www.motricidades.org\/spqmh\/wp-json\/wp\/v2\/types\/page"}],"author":[{"embeddable":true,"href":"https:\/\/www.motricidades.org\/spqmh\/wp-json\/wp\/v2\/users\/1"}],"replies":[{"embeddable":true,"href":"https:\/\/www.motricidades.org\/spqmh\/wp-json\/wp\/v2\/comments?post=166"}],"version-history":[{"count":6,"href":"https:\/\/www.motricidades.org\/spqmh\/wp-json\/wp\/v2\/pages\/166\/revisions"}],"predecessor-version":[{"id":2133,"href":"https:\/\/www.motricidades.org\/spqmh\/wp-json\/wp\/v2\/pages\/166\/revisions\/2133"}],"up":[{"embeddable":true,"href":"https:\/\/www.motricidades.org\/spqmh\/wp-json\/wp\/v2\/pages\/67"}],"wp:attachment":[{"href":"https:\/\/www.motricidades.org\/spqmh\/wp-json\/wp\/v2\/media?parent=166"}],"curies":[{"name":"wp","href":"https:\/\/api.w.org\/{rel}","templated":true}]}}

Ata de Constituição

<p style="text-align: center;"><strong><span style="font-size: 20px;">ATA DA ASSEMBLÉIA GERAL DE CONSTITUIÇÃO DA<br />
</span><span style="font-size: 20px;">SOCIEDADE DE PESQUISA QUALITATIVA EM MOTRICIDADE HUMANA</span></strong></p>
<p style="text-align: justify;">Aos treze dias do mês de junho de dois mil e três, às dez horas, no Laboratório de Pesquisa em Cultura Corporal do Departamento de Educação Física e Motricidade Humana da Universidade Federal de São Carlos, à Rodovia Washington Luís Km 235 – Bairro Monjolinho – São Carlos/SP, os abaixo-assinados reuniram-se a fim de constituir a Sociedade de Pesquisa Qualitativa em Motricidade Humana, com aprovação de seus Estatutos Sociais e eleição da sua Diretoria para o biênio 2003/2004. Para presidir os trabalhos, foi aclamado por unanimidade Luiz Gonçalves Junior que convidou Fábio Ricardo Mizuno Lemos para secretariá-lo. Iniciados os trabalhos, o Senhor Presidente da Assembléia agradeceu a presença de todos, enfatizando a necessidade de uma união de esforços visando atingir os objetivos a que se propõe a entidade ora em formação. Em continuação passou à leitura da proposta dos Estatutos Sociais, a fim de que todos os presentes deliberassem a respeito.</p>
<p style="text-align: justify;">Após discussão, foi aprovado, por unanimidade, o texto final dos Estatutos Sociais. A seguir o Senhor Presidente da Assembléia ressaltou a necessidade de se eleger a Diretoria da Associação. Esta eleição se fez nos termos do Artigo 7º, parágrafo único, do estatuto lido. Foram propostos e aceitos na Assembléia os seguintes nomes, nos respectivos cargos: <strong>PRESIDENTE</strong>: Dr. Luiz Gonçalves Junior; <strong>VICE-PRESIDENTE</strong>: Dr. Glauco Nunes Souto Ramos; <strong>SECRETÁRIO GERAL</strong>: Engels Câmara; <strong>DIRETOR FINANCEIRO</strong>: Fábio Ricardo Mizuno Lemos; <strong>VICE-DIRETOR FINANCEIRO</strong>: Silmara Elena Alves de Campos; <strong>DIRETOR CIENTÍFICO</strong>: Adilson Souza de Araújo; <strong>VICE-DIRETOR CIENTÍFICO</strong>: Denise Aparecida Corrêa; <strong>DIRETOR DE EVENTOS</strong>: José Vicente Martins; <strong>VICE-DIRETOR DE EVENTOS</strong>: Carlos Renato Arocete Ribeiro.</p>
<p style="text-align: justify;">Assim sendo, constituído A Sociedade de Pesquisa Qualitativa em Motricidade Humana, nada mais havendo a tratar e como ninguém mais quisesse fazer uso da palavra, foi encerrada esta Assembléia Geral, da qual lavrou-se a presente ata que, lida e achada conforme, vai assinada por mim, Secretário, pelo Presidente da Assembléia Geral e pelos membros fundadores presentes.</p>
<p style="text-align: right;">São Carlos, 13 de junho de 2003.</p>
<p style="text-align: center;">Luiz Gonçalves Junior<br />
Presidente da Assembléia Geral Constitutiva</p>
<p style="text-align: center;">Fábio Ricardo Mizuno Lemos<br />
Secretário da Assembléia Geral Constitutiva</p>
<p style="text-align: center;">Adilson Souza de Araújo</p>
<p style="text-align: center;">Carlos Renato Arocete Ribeiro</p>
<p style="text-align: center;">Denise Aparecida Corrêa</p>
<p style="text-align: center;">Engels Câmara</p>
<p style="text-align: center;">Glauco Nunes Souto Ramos</p>
<p style="text-align: center;">José Vicente Martins</p>
<p style="text-align: center;">Silmara Elena Alves de Campos</p>
<p style="text-align: center;">Regiane Cristina Galante</p>
<p style="text-align: center;">Thiago Tozetti Fadeli</p>

<p>ATA DA ASSEMBLÉIA GERAL DE CONSTITUIÇÃO DA SOCIEDADE DE PESQUISA QUALITATIVA EM MOTRICIDADE HUMANA Aos treze dias do mês de junho de dois mil e três, às dez horas, no Laboratório de Pesquisa em Cultura Corporal do Departamento de Educação Física e Motricidade Humana da Universidade Federal de São Carlos, à Rodovia Washington Luís Km&#8230;</p>

<!-- This site is optimized with the Yoast SEO plugin v27.4 - https://yoast.com/product/yoast-seo-wordpress/ -->
<title>Ata de Constituição -</title>
<meta name="robots" content="index, follow, max-snippet:-1, max-image-preview:large, max-video-preview:-1" />
<link rel="canonical" href="https://www.motricidades.org/spqmh/historico/ata-de-fundacao/" />
<meta property="og:locale" content="pt_BR" />
<meta property="og:type" content="article" />
<meta property="og:title" content="Ata de Constituição -" />
<meta property="og:description" content="ATA DA ASSEMBLÉIA GERAL DE CONSTITUIÇÃO DA SOCIEDADE DE PESQUISA QUALITATIVA EM MOTRICIDADE HUMANA Aos treze dias do mês de junho de dois mil e três, às dez horas, no Laboratório de Pesquisa em Cultura Corporal do Departamento de Educação Física e Motricidade Humana da Universidade Federal de São Carlos, à Rodovia Washington Luís Km..." />
<meta property="og:url" content="https://www.motricidades.org/spqmh/historico/ata-de-fundacao/" />
<meta property="article:modified_time" content="2017-06-25T13:01:07+00:00" />
<meta name="twitter:card" content="summary_large_image" />
<meta name="twitter:label1" content="Est. tempo de leitura" />
	<meta name="twitter:data1" content="2 minutos" />
<script type="application/ld+json" class="yoast-schema-graph">{"@context":"https:\/\/schema.org","@graph":[{"@type":"WebPage","@id":"https:\/\/www.motricidades.org\/spqmh\/historico\/ata-de-fundacao\/","url":"https:\/\/www.motricidades.org\/spqmh\/historico\/ata-de-fundacao\/","name":"Ata de Constituição -","isPartOf":{"@id":"https:\/\/www.motricidades.org\/spqmh\/#website"},"datePublished":"2017-06-25T12:14:51+00:00","dateModified":"2017-06-25T13:01:07+00:00","breadcrumb":{"@id":"https:\/\/www.motricidades.org\/spqmh\/historico\/ata-de-fundacao\/#breadcrumb"},"inLanguage":"pt-BR","potentialAction":[{"@type":"ReadAction","target":["https:\/\/www.motricidades.org\/spqmh\/historico\/ata-de-fundacao\/"]}]},{"@type":"BreadcrumbList","@id":"https:\/\/www.motricidades.org\/spqmh\/historico\/ata-de-fundacao\/#breadcrumb","itemListElement":[{"@type":"ListItem","position":1,"name":"Início","item":"https:\/\/www.motricidades.org\/spqmh\/"},{"@type":"ListItem","position":2,"name":"Histórico","item":"https:\/\/www.motricidades.org\/spqmh\/"},{"@type":"ListItem","position":3,"name":"Ata de Constituição"}]},{"@type":"WebSite","@id":"https:\/\/www.motricidades.org\/spqmh\/#website","url":"https:\/\/www.motricidades.org\/spqmh\/","name":"","description":"SOCIEDADE DE PESQUISA QUALITATIVA EM MOTRICIDADE HUMANA - SPQMH","potentialAction":[{"@type":"SearchAction","target":{"@type":"EntryPoint","urlTemplate":"https:\/\/www.motricidades.org\/spqmh\/?s={search_term_string}"},"query-input":{"@type":"PropertyValueSpecification","valueRequired":true,"valueName":"search_term_string"}}],"inLanguage":"pt-BR"}]}</script>
<!-- / Yoast SEO plugin. -->

Ata de Constituição -

ATA DA ASSEMBLÉIA GERAL DE CONSTITUIÇÃO DA SOCIEDADE DE PESQUISA QUALITATIVA EM MOTRICIDADE HUMANA Aos treze dias do mês de junho de dois mil e três, às dez horas, no Laboratório de Pesquisa em Cultura Corporal do Departamento de Educação Física e Motricidade Humana da Universidade Federal de São Carlos, à Rodovia Washington Luís Km...

Início

Histórico
