{"id":191,"date":"2017-06-25T13:24:42","date_gmt":"2017-06-25T16:24:42","guid":{"rendered":"http:\/\/www.motricidades.org\/spqmh\/?page_id=191"},"modified":"2023-03-05T18:29:29","modified_gmt":"2023-03-05T21:29:29","slug":"iv-cpqmh-2009","status":"publish","type":"page","link":"https:\/\/www.motricidades.org\/spqmh\/coloquio\/iv-cpqmh-2009\/","title":{"rendered":"IV CPQMH &#8211; 2009"},"content":{"rendered":"<p style=\"text-align: center;\" align=\"justify\"><span style=\"font-size: 20px;\"><strong>IV Col\u00f3quio de Pesquisa Qualitativa em Motricidade Humana: as lutas no contexto da motricidade<br \/>\n<\/strong><strong>III Simp\u00f3sio sobre o Ensino de Gradua\u00e7\u00e3o em Educa\u00e7\u00e3o F\u00edsica: 15 anos do Curso de Educa\u00e7\u00e3o F\u00edsica da UFSCar<br \/>\n<\/strong><strong>V ShotoWorkshop<\/strong><\/span><\/p>\n<p class=\"style5\" align=\"justify\">O <strong>IV Col\u00f3quio de Pesquisa Qualitativa em Motricidade Humana: as lutas no contexto da motricidade \/ III Simp\u00f3sio sobre o Ensino de Gradua\u00e7\u00e3o em Educa\u00e7\u00e3o F\u00edsica: 15 anos do Curso de Educa\u00e7\u00e3o F\u00edsica da UFSCar \/ V ShotoWorkshop,<\/strong> evento acad\u00eamico e cient\u00edfico organizado em parceria entre a Sociedade de Pesquisa Qualitativa em Motricidade Humana (SPQMH), a Coordena\u00e7\u00e3o do Curso de Educa\u00e7\u00e3o F\u00edsica (CCEF\/UFSCar), o Departamento de Educa\u00e7\u00e3o F\u00edsica e Motricidade Humana (DEFMH<span class=\"style5\">\/UFSCar<\/span>), o Departamento de Esportes (DeEsp\/SAC\/<span class=\"style5\">UFSCar), a Coordena\u00e7\u00e3o do Curso de Especializa\u00e7\u00e3o em Educa\u00e7\u00e3o F\u00edsica Escolar (CCEFE\/UFSCar) <\/span>e The Japan Karate Association (JKA-Brasil), teve como foco o di\u00e1logo de temas pertinentes \u00e0 Ci\u00eancia da Motricidade Humana (idealizada por Manuel S\u00e9rgio com base, especialmente, nas obras de Maurice Merleau-Ponty), visando \u00e0 socializa\u00e7\u00e3o dos resultados de estudos, pesquisas e relatos de experi\u00eancia realizados por acad\u00eamicas e acad\u00eamicos da gradua\u00e7\u00e3o, p\u00f3s-gradua\u00e7\u00e3o e profissionais de diversas \u00e1reas que t\u00eam suas produ\u00e7\u00f5es pautadas na abordagem metodol\u00f3gica qualitativa.<\/p>\n<p style=\"text-align: justify;\">No ano de 2009, o evento teve como tem\u00e1tica central: <strong>as lutas no contexto da motricidade <\/strong>e foi realizado entre os dias 6 e 9 de outubro de 2009.<\/p>\n<p style=\"text-align: justify;\">O evento ofereceu a possibilidade de inscri\u00e7\u00e3o de trabalhos, exclusivamente na \u00edntegra, nos seguintes eixos tem\u00e1ticos:<\/p>\n<ul>\n<li class=\"style5\" style=\"text-align: justify;\"><strong>EDUCA\u00c7\u00c3O MOTORA:<\/strong> Estudos, pesquisas e relatos de experi\u00eancias de pr\u00e1ticas corporais desenvolvidas com intencionalidade relacionada a processos educativos, particularmente no contexto escolar.<\/li>\n<li class=\"style5\" style=\"text-align: justify;\"><strong>LUDOMOTRICIDADE: <\/strong>Estudos, pesquisas e relatos de experi\u00eancias de pr\u00e1ticas corporais desenvolvidas com intencionalidade relacionada a processos de ludicidade, divertimento e contempla\u00e7\u00e3o, particularmente no contexto de lazer.<\/li>\n<li class=\"style5\" style=\"text-align: justify;\"><strong>ECOMOTRICIDADE:<\/strong> Estudos, pesquisas e relatos de experi\u00eancias de pr\u00e1ticas corporais desenvolvidas com intencionalidade relacionada a processos educativos de cuidado e aten\u00e7\u00e3o com o meio ambiente.<\/li>\n<li class=\"style5\" style=\"text-align: justify;\"><strong>MOTRICIDADE E SA\u00daDE:<\/strong> Estudos, pesquisas e relatos de experi\u00eancias de pr\u00e1ticas corporais desenvolvidas com intencionalidade relacionada a processos educativos de promo\u00e7\u00e3o e recupera\u00e7\u00e3o da sa\u00fade.<\/li>\n<\/ul>\n<p class=\"style5\" style=\"text-align: justify;\" align=\"justify\">\u00a0\u00a0\u00a0\u00a0\u00a0\u00a0\u00a0\u00a0\u00a0Todo trabalho aprovado e apresentado foi publicado na \u00edntegra nos Anais do <strong>IV Col\u00f3quio de Pesquisa Qualitativa em Motricidade Humana: as lutas no contexto da motricidade \/ III Simp\u00f3sio sobre o Ensino de Gradua\u00e7\u00e3o em Educa\u00e7\u00e3o F\u00edsica: 15 anos do Curso de Educa\u00e7\u00e3o F\u00edsica da UFSCar \/ V ShotoWorkshop<\/strong>, em CD-ROM, sob o <strong>ISSN 1981-7142.<\/strong><\/p>\n<p align=\"justify\">Para acessar os <strong>Anais do IV CPQMH<\/strong>, clique <a href=\"http:\/\/motricidades.org\/conference\/index.php\/cpqmh\/issue\/view\/4cpqmh\">aqui<\/a>.<\/p>\n<p align=\"justify\">Para acessar as <strong>Fotos do IV CPQMH<\/strong>, clique <a href=\"https:\/\/www.motricidades.org\/spqmh\/coloquio\/iv-cpqmh-2009\/fotos-iv-cpqmh\/\">aqui<\/a>.<\/p>\n","protected":false},"excerpt":{"rendered":"<p>IV Col\u00f3quio de Pesquisa Qualitativa em Motricidade Humana: as lutas no contexto da motricidade III Simp\u00f3sio sobre o Ensino de Gradua\u00e7\u00e3o em Educa\u00e7\u00e3o F\u00edsica: 15 anos do Curso de Educa\u00e7\u00e3o F\u00edsica da UFSCar V ShotoWorkshop O IV Col\u00f3quio de Pesquisa Qualitativa em Motricidade Humana: as lutas no contexto da motricidade \/ III Simp\u00f3sio sobre o&#8230;<\/p>\n","protected":false},"author":1,"featured_media":0,"parent":143,"menu_order":7,"comment_status":"closed","ping_status":"closed","template":"","meta":{"footnotes":""},"class_list":["post-191","page","type-page","status-publish","hentry"],"yoast_head":"<!-- This site is optimized with the Yoast SEO plugin v27.4 - https:\/\/yoast.com\/product\/yoast-seo-wordpress\/ -->\n<title>IV CPQMH - 2009 -<\/title>\n<meta name=\"robots\" content=\"index, follow, max-snippet:-1, max-image-preview:large, max-video-preview:-1\" \/>\n<link rel=\"canonical\" href=\"https:\/\/www.motricidades.org\/spqmh\/coloquio\/iv-cpqmh-2009\/\" \/>\n<meta property=\"og:locale\" content=\"pt_BR\" \/>\n<meta property=\"og:type\" content=\"article\" \/>\n<meta property=\"og:title\" content=\"IV CPQMH - 2009 -\" \/>\n<meta property=\"og:description\" content=\"IV Col\u00f3quio de Pesquisa Qualitativa em Motricidade Humana: as lutas no contexto da motricidade III Simp\u00f3sio sobre o Ensino de Gradua\u00e7\u00e3o em Educa\u00e7\u00e3o F\u00edsica: 15 anos do Curso de Educa\u00e7\u00e3o F\u00edsica da UFSCar V ShotoWorkshop O IV Col\u00f3quio de Pesquisa Qualitativa em Motricidade Humana: as lutas no contexto da motricidade \/ III Simp\u00f3sio sobre o...\" \/>\n<meta property=\"og:url\" content=\"https:\/\/www.motricidades.org\/spqmh\/coloquio\/iv-cpqmh-2009\/\" \/>\n<meta property=\"article:modified_time\" content=\"2023-03-05T21:29:29+00:00\" \/>\n<meta name=\"twitter:card\" content=\"summary_large_image\" \/>\n<meta name=\"twitter:label1\" content=\"Est. tempo de leitura\" \/>\n\t<meta name=\"twitter:data1\" content=\"3 minutos\" \/>\n<script type=\"application\/ld+json\" class=\"yoast-schema-graph\">{\"@context\":\"https:\\\/\\\/schema.org\",\"@graph\":[{\"@type\":\"WebPage\",\"@id\":\"https:\\\/\\\/www.motricidades.org\\\/spqmh\\\/coloquio\\\/iv-cpqmh-2009\\\/\",\"url\":\"https:\\\/\\\/www.motricidades.org\\\/spqmh\\\/coloquio\\\/iv-cpqmh-2009\\\/\",\"name\":\"IV CPQMH - 2009 -\",\"isPartOf\":{\"@id\":\"https:\\\/\\\/www.motricidades.org\\\/spqmh\\\/#website\"},\"datePublished\":\"2017-06-25T16:24:42+00:00\",\"dateModified\":\"2023-03-05T21:29:29+00:00\",\"breadcrumb\":{\"@id\":\"https:\\\/\\\/www.motricidades.org\\\/spqmh\\\/coloquio\\\/iv-cpqmh-2009\\\/#breadcrumb\"},\"inLanguage\":\"pt-BR\",\"potentialAction\":[{\"@type\":\"ReadAction\",\"target\":[\"https:\\\/\\\/www.motricidades.org\\\/spqmh\\\/coloquio\\\/iv-cpqmh-2009\\\/\"]}]},{\"@type\":\"BreadcrumbList\",\"@id\":\"https:\\\/\\\/www.motricidades.org\\\/spqmh\\\/coloquio\\\/iv-cpqmh-2009\\\/#breadcrumb\",\"itemListElement\":[{\"@type\":\"ListItem\",\"position\":1,\"name\":\"In\u00edcio\",\"item\":\"https:\\\/\\\/www.motricidades.org\\\/spqmh\\\/\"},{\"@type\":\"ListItem\",\"position\":2,\"name\":\"Col\u00f3quio\",\"item\":\"https:\\\/\\\/www.motricidades.org\\\/spqmh\\\/coloquio\\\/\"},{\"@type\":\"ListItem\",\"position\":3,\"name\":\"IV CPQMH &#8211; 2009\"}]},{\"@type\":\"WebSite\",\"@id\":\"https:\\\/\\\/www.motricidades.org\\\/spqmh\\\/#website\",\"url\":\"https:\\\/\\\/www.motricidades.org\\\/spqmh\\\/\",\"name\":\"\",\"description\":\"SOCIEDADE DE PESQUISA QUALITATIVA EM MOTRICIDADE HUMANA - SPQMH\",\"potentialAction\":[{\"@type\":\"SearchAction\",\"target\":{\"@type\":\"EntryPoint\",\"urlTemplate\":\"https:\\\/\\\/www.motricidades.org\\\/spqmh\\\/?s={search_term_string}\"},\"query-input\":{\"@type\":\"PropertyValueSpecification\",\"valueRequired\":true,\"valueName\":\"search_term_string\"}}],\"inLanguage\":\"pt-BR\"}]}<\/script>\n<!-- \/ Yoast SEO plugin. -->","yoast_head_json":{"title":"IV CPQMH - 2009 -","robots":{"index":"index","follow":"follow","max-snippet":"max-snippet:-1","max-image-preview":"max-image-preview:large","max-video-preview":"max-video-preview:-1"},"canonical":"https:\/\/www.motricidades.org\/spqmh\/coloquio\/iv-cpqmh-2009\/","og_locale":"pt_BR","og_type":"article","og_title":"IV CPQMH - 2009 -","og_description":"IV Col\u00f3quio de Pesquisa Qualitativa em Motricidade Humana: as lutas no contexto da motricidade III Simp\u00f3sio sobre o Ensino de Gradua\u00e7\u00e3o em Educa\u00e7\u00e3o F\u00edsica: 15 anos do Curso de Educa\u00e7\u00e3o F\u00edsica da UFSCar V ShotoWorkshop O IV Col\u00f3quio de Pesquisa Qualitativa em Motricidade Humana: as lutas no contexto da motricidade \/ III Simp\u00f3sio sobre o...","og_url":"https:\/\/www.motricidades.org\/spqmh\/coloquio\/iv-cpqmh-2009\/","article_modified_time":"2023-03-05T21:29:29+00:00","twitter_card":"summary_large_image","twitter_misc":{"Est. tempo de leitura":"3 minutos"},"schema":{"@context":"https:\/\/schema.org","@graph":[{"@type":"WebPage","@id":"https:\/\/www.motricidades.org\/spqmh\/coloquio\/iv-cpqmh-2009\/","url":"https:\/\/www.motricidades.org\/spqmh\/coloquio\/iv-cpqmh-2009\/","name":"IV CPQMH - 2009 -","isPartOf":{"@id":"https:\/\/www.motricidades.org\/spqmh\/#website"},"datePublished":"2017-06-25T16:24:42+00:00","dateModified":"2023-03-05T21:29:29+00:00","breadcrumb":{"@id":"https:\/\/www.motricidades.org\/spqmh\/coloquio\/iv-cpqmh-2009\/#breadcrumb"},"inLanguage":"pt-BR","potentialAction":[{"@type":"ReadAction","target":["https:\/\/www.motricidades.org\/spqmh\/coloquio\/iv-cpqmh-2009\/"]}]},{"@type":"BreadcrumbList","@id":"https:\/\/www.motricidades.org\/spqmh\/coloquio\/iv-cpqmh-2009\/#breadcrumb","itemListElement":[{"@type":"ListItem","position":1,"name":"In\u00edcio","item":"https:\/\/www.motricidades.org\/spqmh\/"},{"@type":"ListItem","position":2,"name":"Col\u00f3quio","item":"https:\/\/www.motricidades.org\/spqmh\/coloquio\/"},{"@type":"ListItem","position":3,"name":"IV CPQMH &#8211; 2009"}]},{"@type":"WebSite","@id":"https:\/\/www.motricidades.org\/spqmh\/#website","url":"https:\/\/www.motricidades.org\/spqmh\/","name":"","description":"SOCIEDADE DE PESQUISA QUALITATIVA EM MOTRICIDADE HUMANA - SPQMH","potentialAction":[{"@type":"SearchAction","target":{"@type":"EntryPoint","urlTemplate":"https:\/\/www.motricidades.org\/spqmh\/?s={search_term_string}"},"query-input":{"@type":"PropertyValueSpecification","valueRequired":true,"valueName":"search_term_string"}}],"inLanguage":"pt-BR"}]}},"_links":{"self":[{"href":"https:\/\/www.motricidades.org\/spqmh\/wp-json\/wp\/v2\/pages\/191","targetHints":{"allow":["GET"]}}],"collection":[{"href":"https:\/\/www.motricidades.org\/spqmh\/wp-json\/wp\/v2\/pages"}],"about":[{"href":"https:\/\/www.motricidades.org\/spqmh\/wp-json\/wp\/v2\/types\/page"}],"author":[{"embeddable":true,"href":"https:\/\/www.motricidades.org\/spqmh\/wp-json\/wp\/v2\/users\/1"}],"replies":[{"embeddable":true,"href":"https:\/\/www.motricidades.org\/spqmh\/wp-json\/wp\/v2\/comments?post=191"}],"version-history":[{"count":5,"href":"https:\/\/www.motricidades.org\/spqmh\/wp-json\/wp\/v2\/pages\/191\/revisions"}],"predecessor-version":[{"id":2105,"href":"https:\/\/www.motricidades.org\/spqmh\/wp-json\/wp\/v2\/pages\/191\/revisions\/2105"}],"up":[{"embeddable":true,"href":"https:\/\/www.motricidades.org\/spqmh\/wp-json\/wp\/v2\/pages\/143"}],"wp:attachment":[{"href":"https:\/\/www.motricidades.org\/spqmh\/wp-json\/wp\/v2\/media?parent=191"}],"curies":[{"name":"wp","href":"https:\/\/api.w.org\/{rel}","templated":true}]}}

<p style="text-align: center;" align="justify"><span style="font-size: 20px;"><strong>IV Colóquio de Pesquisa Qualitativa em Motricidade Humana: as lutas no contexto da motricidade<br />
</strong><strong>III Simpósio sobre o Ensino de Graduação em Educação Física: 15 anos do Curso de Educação Física da UFSCar<br />
</strong><strong>V ShotoWorkshop</strong></span></p>
<p class="style5" align="justify">O <strong>IV Colóquio de Pesquisa Qualitativa em Motricidade Humana: as lutas no contexto da motricidade / III Simpósio sobre o Ensino de Graduação em Educação Física: 15 anos do Curso de Educação Física da UFSCar / V ShotoWorkshop,</strong> evento acadêmico e científico organizado em parceria entre a Sociedade de Pesquisa Qualitativa em Motricidade Humana (SPQMH), a Coordenação do Curso de Educação Física (CCEF/UFSCar), o Departamento de Educação Física e Motricidade Humana (DEFMH<span class="style5">/UFSCar</span>), o Departamento de Esportes (DeEsp/SAC/<span class="style5">UFSCar), a Coordenação do Curso de Especialização em Educação Física Escolar (CCEFE/UFSCar) </span>e The Japan Karate Association (JKA-Brasil), teve como foco o diálogo de temas pertinentes à Ciência da Motricidade Humana (idealizada por Manuel Sérgio com base, especialmente, nas obras de Maurice Merleau-Ponty), visando à socialização dos resultados de estudos, pesquisas e relatos de experiência realizados por acadêmicas e acadêmicos da graduação, pós-graduação e profissionais de diversas áreas que têm suas produções pautadas na abordagem metodológica qualitativa.</p>
<p style="text-align: justify;">No ano de 2009, o evento teve como temática central: <strong>as lutas no contexto da motricidade </strong>e foi realizado entre os dias 6 e 9 de outubro de 2009.</p>
<p style="text-align: justify;">O evento ofereceu a possibilidade de inscrição de trabalhos, exclusivamente na íntegra, nos seguintes eixos temáticos:</p>
<ul>
<li class="style5" style="text-align: justify;"><strong>EDUCAÇÃO MOTORA:</strong> Estudos, pesquisas e relatos de experiências de práticas corporais desenvolvidas com intencionalidade relacionada a processos educativos, particularmente no contexto escolar.</li>
<li class="style5" style="text-align: justify;"><strong>LUDOMOTRICIDADE: </strong>Estudos, pesquisas e relatos de experiências de práticas corporais desenvolvidas com intencionalidade relacionada a processos de ludicidade, divertimento e contemplação, particularmente no contexto de lazer.</li>
<li class="style5" style="text-align: justify;"><strong>ECOMOTRICIDADE:</strong> Estudos, pesquisas e relatos de experiências de práticas corporais desenvolvidas com intencionalidade relacionada a processos educativos de cuidado e atenção com o meio ambiente.</li>
<li class="style5" style="text-align: justify;"><strong>MOTRICIDADE E SAÚDE:</strong> Estudos, pesquisas e relatos de experiências de práticas corporais desenvolvidas com intencionalidade relacionada a processos educativos de promoção e recuperação da saúde.</li>
</ul>
<p class="style5" style="text-align: justify;" align="justify">         Todo trabalho aprovado e apresentado foi publicado na íntegra nos Anais do <strong>IV Colóquio de Pesquisa Qualitativa em Motricidade Humana: as lutas no contexto da motricidade / III Simpósio sobre o Ensino de Graduação em Educação Física: 15 anos do Curso de Educação Física da UFSCar / V ShotoWorkshop</strong>, em CD-ROM, sob o <strong>ISSN 1981-7142.</strong></p>
<p align="justify">Para acessar os <strong>Anais do IV CPQMH</strong>, clique <a href="http://motricidades.org/conference/index.php/cpqmh/issue/view/4cpqmh">aqui</a>.</p>
<p align="justify">Para acessar as <strong>Fotos do IV CPQMH</strong>, clique <a href="https://www.motricidades.org/spqmh/coloquio/iv-cpqmh-2009/fotos-iv-cpqmh/">aqui</a>.</p>

<p>IV Colóquio de Pesquisa Qualitativa em Motricidade Humana: as lutas no contexto da motricidade III Simpósio sobre o Ensino de Graduação em Educação Física: 15 anos do Curso de Educação Física da UFSCar V ShotoWorkshop O IV Colóquio de Pesquisa Qualitativa em Motricidade Humana: as lutas no contexto da motricidade / III Simpósio sobre o&#8230;</p>

<!-- This site is optimized with the Yoast SEO plugin v27.4 - https://yoast.com/product/yoast-seo-wordpress/ -->
<title>IV CPQMH - 2009 -</title>
<meta name="robots" content="index, follow, max-snippet:-1, max-image-preview:large, max-video-preview:-1" />
<link rel="canonical" href="https://www.motricidades.org/spqmh/coloquio/iv-cpqmh-2009/" />
<meta property="og:locale" content="pt_BR" />
<meta property="og:type" content="article" />
<meta property="og:title" content="IV CPQMH - 2009 -" />
<meta property="og:description" content="IV Colóquio de Pesquisa Qualitativa em Motricidade Humana: as lutas no contexto da motricidade III Simpósio sobre o Ensino de Graduação em Educação Física: 15 anos do Curso de Educação Física da UFSCar V ShotoWorkshop O IV Colóquio de Pesquisa Qualitativa em Motricidade Humana: as lutas no contexto da motricidade / III Simpósio sobre o..." />
<meta property="og:url" content="https://www.motricidades.org/spqmh/coloquio/iv-cpqmh-2009/" />
<meta property="article:modified_time" content="2023-03-05T21:29:29+00:00" />
<meta name="twitter:card" content="summary_large_image" />
<meta name="twitter:label1" content="Est. tempo de leitura" />
	<meta name="twitter:data1" content="3 minutos" />
<script type="application/ld+json" class="yoast-schema-graph">{"@context":"https:\/\/schema.org","@graph":[{"@type":"WebPage","@id":"https:\/\/www.motricidades.org\/spqmh\/coloquio\/iv-cpqmh-2009\/","url":"https:\/\/www.motricidades.org\/spqmh\/coloquio\/iv-cpqmh-2009\/","name":"IV CPQMH - 2009 -","isPartOf":{"@id":"https:\/\/www.motricidades.org\/spqmh\/#website"},"datePublished":"2017-06-25T16:24:42+00:00","dateModified":"2023-03-05T21:29:29+00:00","breadcrumb":{"@id":"https:\/\/www.motricidades.org\/spqmh\/coloquio\/iv-cpqmh-2009\/#breadcrumb"},"inLanguage":"pt-BR","potentialAction":[{"@type":"ReadAction","target":["https:\/\/www.motricidades.org\/spqmh\/coloquio\/iv-cpqmh-2009\/"]}]},{"@type":"BreadcrumbList","@id":"https:\/\/www.motricidades.org\/spqmh\/coloquio\/iv-cpqmh-2009\/#breadcrumb","itemListElement":[{"@type":"ListItem","position":1,"name":"Início","item":"https:\/\/www.motricidades.org\/spqmh\/"},{"@type":"ListItem","position":2,"name":"Colóquio","item":"https:\/\/www.motricidades.org\/spqmh\/coloquio\/"},{"@type":"ListItem","position":3,"name":"IV CPQMH &#8211; 2009"}]},{"@type":"WebSite","@id":"https:\/\/www.motricidades.org\/spqmh\/#website","url":"https:\/\/www.motricidades.org\/spqmh\/","name":"","description":"SOCIEDADE DE PESQUISA QUALITATIVA EM MOTRICIDADE HUMANA - SPQMH","potentialAction":[{"@type":"SearchAction","target":{"@type":"EntryPoint","urlTemplate":"https:\/\/www.motricidades.org\/spqmh\/?s={search_term_string}"},"query-input":{"@type":"PropertyValueSpecification","valueRequired":true,"valueName":"search_term_string"}}],"inLanguage":"pt-BR"}]}</script>
<!-- / Yoast SEO plugin. -->

IV Colóquio de Pesquisa Qualitativa em Motricidade Humana: as lutas no contexto da motricidade III Simpósio sobre o Ensino de Graduação em Educação Física: 15 anos do Curso de Educação Física da UFSCar V ShotoWorkshop O IV Colóquio de Pesquisa Qualitativa em Motricidade Humana: as lutas no contexto da motricidade / III Simpósio sobre o...

Início

Colóquio
