{"id":2148,"date":"2021-07-04T19:24:57","date_gmt":"2021-07-04T22:24:57","guid":{"rendered":"https:\/\/www.motricidades.org\/spqmh\/?page_id=2148"},"modified":"2021-10-08T13:39:57","modified_gmt":"2021-10-08T16:39:57","slug":"diretoria-2021-2023","status":"publish","type":"page","link":"https:\/\/www.motricidades.org\/spqmh\/diretoria\/diretoria-2021-2023\/","title":{"rendered":"Diretoria 2021-2023"},"content":{"rendered":"\n<div id=\"gmail-m_-4014245965240806812gmail-yiv2432263645yui_3_16_0_1_1498609736648_62190\" dir=\"ltr\">\n<div id=\"gmail-m_-4014245965240806812gmail-yiv2432263645yui_3_16_0_1_1498609736648_62200\" dir=\"ltr\">\n<div dir=\"ltr\">\n<p style=\"text-align: center;\"><strong>Denise Aparecida Corr\u00eaa<br \/><\/strong><span style=\"font-size: inherit;\">PRESIDENTE<br \/><br \/><\/span><strong style=\"font-size: inherit;\">Cae Rodrigues<br \/><\/strong><span style=\"font-size: inherit;\">VICE-PRESIDENTE<br \/><br \/><\/span><strong style=\"font-size: inherit;\">Nathan Raphael Varotto<br \/><\/strong><span style=\"font-size: inherit;\">SECRET\u00c1RIO GERAL<br \/><br \/><\/span><strong style=\"font-size: inherit;\">Conrado Marques da Silva de Checchi<br \/><\/strong><span style=\"font-size: inherit;\">SECRET\u00c1RIO ADJUNTO<br \/><br \/><\/span><strong style=\"font-size: inherit;\">F\u00e1bio Ricardo Mizuno Lemos<br \/><\/strong><span style=\"font-size: inherit;\">DIRETOR FINANCEIRO<br \/><br \/><\/span><strong style=\"font-size: inherit;\">Robson Amaral da Silva<br \/><\/strong><span style=\"font-size: inherit;\">VICE-DIRETOR FINANCEIRO<br \/><br \/><\/span><strong style=\"font-size: inherit;\">Luiz Gon\u00e7alves Junior<br \/><\/strong><span style=\"font-size: inherit;\">DIRETOR CIENT\u00cdFICO<br \/><br \/><\/span><strong style=\"font-size: inherit;\">Wagner Wey Moreira<br \/><\/strong><span style=\"font-size: inherit;\">VICE-DIRETOR CIENT\u00cdFICO<br \/><br \/><\/span><strong style=\"font-size: inherit;\">Sergio Alejandro Toro Ar\u00e9valo<br \/><\/strong><span style=\"font-size: inherit;\">DIRETOR DE EVENTOS<br \/><br \/><\/span><strong style=\"font-size: inherit;\">Cl\u00e1udia Foganholi<br \/><\/strong><span style=\"font-size: inherit;\">VICE-DIRETOR DE EVENTOS<\/span><\/p>\n<div>\u00a0<\/div>\n<div id=\"gmail-m_-4014245965240806812gmail-yiv2432263645yui_3_16_0_1_1498609736648_62193\" style=\"text-align: center;\"><b>COMISS\u00c3O ASSESSORA<\/b><\/div>\n<div dir=\"ltr\" style=\"text-align: center;\">\u00a0<\/div>\n<div id=\"gmail-m_-4014245965240806812gmail-yiv2432263645yui_3_16_0_1_1498609736648_62194\" dir=\"ltr\" style=\"text-align: center;\"><strong>Andr\u00e9ia Cordeiro Mecca<\/strong><\/div>\n<div dir=\"ltr\" style=\"text-align: center;\"><strong>Matheus Oliveira Santos<br \/>Miri\u00e3 Martins de Brito<\/strong><\/div>\n<div dir=\"ltr\">\u00a0<\/div>\n<\/div>\n<\/div>\n<\/div>\n","protected":false},"excerpt":{"rendered":"<p>Denise Aparecida Corr\u00eaaPRESIDENTE Cae RodriguesVICE-PRESIDENTE Nathan Raphael VarottoSECRET\u00c1RIO GERAL Conrado Marques da Silva de ChecchiSECRET\u00c1RIO ADJUNTO F\u00e1bio Ricardo Mizuno LemosDIRETOR FINANCEIRO Robson Amaral da SilvaVICE-DIRETOR FINANCEIRO Luiz Gon\u00e7alves JuniorDIRETOR CIENT\u00cdFICO Wagner Wey MoreiraVICE-DIRETOR CIENT\u00cdFICO Sergio Alejandro Toro Ar\u00e9valoDIRETOR DE EVENTOS Cl\u00e1udia FoganholiVICE-DIRETOR DE EVENTOS \u00a0 COMISS\u00c3O ASSESSORA \u00a0 Andr\u00e9ia Cordeiro Mecca Matheus Oliveira SantosMiri\u00e3 Martins&#8230;<\/p>\n","protected":false},"author":1,"featured_media":0,"parent":98,"menu_order":11,"comment_status":"closed","ping_status":"closed","template":"","meta":{"footnotes":""},"class_list":["post-2148","page","type-page","status-publish","hentry"],"yoast_head":"<!-- This site is optimized with the Yoast SEO plugin v27.4 - https:\/\/yoast.com\/product\/yoast-seo-wordpress\/ -->\n<title>Diretoria 2021-2023 -<\/title>\n<meta name=\"robots\" content=\"index, follow, max-snippet:-1, max-image-preview:large, max-video-preview:-1\" \/>\n<link rel=\"canonical\" href=\"https:\/\/www.motricidades.org\/spqmh\/diretoria\/diretoria-2021-2023\/\" \/>\n<meta property=\"og:locale\" content=\"pt_BR\" \/>\n<meta property=\"og:type\" content=\"article\" \/>\n<meta property=\"og:title\" content=\"Diretoria 2021-2023 -\" \/>\n<meta property=\"og:description\" content=\"Denise Aparecida Corr\u00eaaPRESIDENTE Cae RodriguesVICE-PRESIDENTE Nathan Raphael VarottoSECRET\u00c1RIO GERAL Conrado Marques da Silva de ChecchiSECRET\u00c1RIO ADJUNTO F\u00e1bio Ricardo Mizuno LemosDIRETOR FINANCEIRO Robson Amaral da SilvaVICE-DIRETOR FINANCEIRO Luiz Gon\u00e7alves JuniorDIRETOR CIENT\u00cdFICO Wagner Wey MoreiraVICE-DIRETOR CIENT\u00cdFICO Sergio Alejandro Toro Ar\u00e9valoDIRETOR DE EVENTOS Cl\u00e1udia FoganholiVICE-DIRETOR DE EVENTOS \u00a0 COMISS\u00c3O ASSESSORA \u00a0 Andr\u00e9ia Cordeiro Mecca Matheus Oliveira SantosMiri\u00e3 Martins...\" \/>\n<meta property=\"og:url\" content=\"https:\/\/www.motricidades.org\/spqmh\/diretoria\/diretoria-2021-2023\/\" \/>\n<meta property=\"article:modified_time\" content=\"2021-10-08T16:39:57+00:00\" \/>\n<meta name=\"twitter:card\" content=\"summary_large_image\" \/>\n<meta name=\"twitter:label1\" content=\"Est. tempo de leitura\" \/>\n\t<meta name=\"twitter:data1\" content=\"1 minuto\" \/>\n<script type=\"application\/ld+json\" class=\"yoast-schema-graph\">{\"@context\":\"https:\\\/\\\/schema.org\",\"@graph\":[{\"@type\":\"WebPage\",\"@id\":\"https:\\\/\\\/www.motricidades.org\\\/spqmh\\\/diretoria\\\/diretoria-2021-2023\\\/\",\"url\":\"https:\\\/\\\/www.motricidades.org\\\/spqmh\\\/diretoria\\\/diretoria-2021-2023\\\/\",\"name\":\"Diretoria 2021-2023 -\",\"isPartOf\":{\"@id\":\"https:\\\/\\\/www.motricidades.org\\\/spqmh\\\/#website\"},\"datePublished\":\"2021-07-04T22:24:57+00:00\",\"dateModified\":\"2021-10-08T16:39:57+00:00\",\"breadcrumb\":{\"@id\":\"https:\\\/\\\/www.motricidades.org\\\/spqmh\\\/diretoria\\\/diretoria-2021-2023\\\/#breadcrumb\"},\"inLanguage\":\"pt-BR\",\"potentialAction\":[{\"@type\":\"ReadAction\",\"target\":[\"https:\\\/\\\/www.motricidades.org\\\/spqmh\\\/diretoria\\\/diretoria-2021-2023\\\/\"]}]},{\"@type\":\"BreadcrumbList\",\"@id\":\"https:\\\/\\\/www.motricidades.org\\\/spqmh\\\/diretoria\\\/diretoria-2021-2023\\\/#breadcrumb\",\"itemListElement\":[{\"@type\":\"ListItem\",\"position\":1,\"name\":\"In\u00edcio\",\"item\":\"https:\\\/\\\/www.motricidades.org\\\/spqmh\\\/\"},{\"@type\":\"ListItem\",\"position\":2,\"name\":\"Diretoria\",\"item\":\"https:\\\/\\\/www.motricidades.org\\\/spqmh\\\/diretoria\\\/\"},{\"@type\":\"ListItem\",\"position\":3,\"name\":\"Diretoria 2021-2023\"}]},{\"@type\":\"WebSite\",\"@id\":\"https:\\\/\\\/www.motricidades.org\\\/spqmh\\\/#website\",\"url\":\"https:\\\/\\\/www.motricidades.org\\\/spqmh\\\/\",\"name\":\"\",\"description\":\"SOCIEDADE DE PESQUISA QUALITATIVA EM MOTRICIDADE HUMANA - SPQMH\",\"potentialAction\":[{\"@type\":\"SearchAction\",\"target\":{\"@type\":\"EntryPoint\",\"urlTemplate\":\"https:\\\/\\\/www.motricidades.org\\\/spqmh\\\/?s={search_term_string}\"},\"query-input\":{\"@type\":\"PropertyValueSpecification\",\"valueRequired\":true,\"valueName\":\"search_term_string\"}}],\"inLanguage\":\"pt-BR\"}]}<\/script>\n<!-- \/ Yoast SEO plugin. -->","yoast_head_json":{"title":"Diretoria 2021-2023 -","robots":{"index":"index","follow":"follow","max-snippet":"max-snippet:-1","max-image-preview":"max-image-preview:large","max-video-preview":"max-video-preview:-1"},"canonical":"https:\/\/www.motricidades.org\/spqmh\/diretoria\/diretoria-2021-2023\/","og_locale":"pt_BR","og_type":"article","og_title":"Diretoria 2021-2023 -","og_description":"Denise Aparecida Corr\u00eaaPRESIDENTE Cae RodriguesVICE-PRESIDENTE Nathan Raphael VarottoSECRET\u00c1RIO GERAL Conrado Marques da Silva de ChecchiSECRET\u00c1RIO ADJUNTO F\u00e1bio Ricardo Mizuno LemosDIRETOR FINANCEIRO Robson Amaral da SilvaVICE-DIRETOR FINANCEIRO Luiz Gon\u00e7alves JuniorDIRETOR CIENT\u00cdFICO Wagner Wey MoreiraVICE-DIRETOR CIENT\u00cdFICO Sergio Alejandro Toro Ar\u00e9valoDIRETOR DE EVENTOS Cl\u00e1udia FoganholiVICE-DIRETOR DE EVENTOS \u00a0 COMISS\u00c3O ASSESSORA \u00a0 Andr\u00e9ia Cordeiro Mecca Matheus Oliveira SantosMiri\u00e3 Martins...","og_url":"https:\/\/www.motricidades.org\/spqmh\/diretoria\/diretoria-2021-2023\/","article_modified_time":"2021-10-08T16:39:57+00:00","twitter_card":"summary_large_image","twitter_misc":{"Est. tempo de leitura":"1 minuto"},"schema":{"@context":"https:\/\/schema.org","@graph":[{"@type":"WebPage","@id":"https:\/\/www.motricidades.org\/spqmh\/diretoria\/diretoria-2021-2023\/","url":"https:\/\/www.motricidades.org\/spqmh\/diretoria\/diretoria-2021-2023\/","name":"Diretoria 2021-2023 -","isPartOf":{"@id":"https:\/\/www.motricidades.org\/spqmh\/#website"},"datePublished":"2021-07-04T22:24:57+00:00","dateModified":"2021-10-08T16:39:57+00:00","breadcrumb":{"@id":"https:\/\/www.motricidades.org\/spqmh\/diretoria\/diretoria-2021-2023\/#breadcrumb"},"inLanguage":"pt-BR","potentialAction":[{"@type":"ReadAction","target":["https:\/\/www.motricidades.org\/spqmh\/diretoria\/diretoria-2021-2023\/"]}]},{"@type":"BreadcrumbList","@id":"https:\/\/www.motricidades.org\/spqmh\/diretoria\/diretoria-2021-2023\/#breadcrumb","itemListElement":[{"@type":"ListItem","position":1,"name":"In\u00edcio","item":"https:\/\/www.motricidades.org\/spqmh\/"},{"@type":"ListItem","position":2,"name":"Diretoria","item":"https:\/\/www.motricidades.org\/spqmh\/diretoria\/"},{"@type":"ListItem","position":3,"name":"Diretoria 2021-2023"}]},{"@type":"WebSite","@id":"https:\/\/www.motricidades.org\/spqmh\/#website","url":"https:\/\/www.motricidades.org\/spqmh\/","name":"","description":"SOCIEDADE DE PESQUISA QUALITATIVA EM MOTRICIDADE HUMANA - SPQMH","potentialAction":[{"@type":"SearchAction","target":{"@type":"EntryPoint","urlTemplate":"https:\/\/www.motricidades.org\/spqmh\/?s={search_term_string}"},"query-input":{"@type":"PropertyValueSpecification","valueRequired":true,"valueName":"search_term_string"}}],"inLanguage":"pt-BR"}]}},"_links":{"self":[{"href":"https:\/\/www.motricidades.org\/spqmh\/wp-json\/wp\/v2\/pages\/2148","targetHints":{"allow":["GET"]}}],"collection":[{"href":"https:\/\/www.motricidades.org\/spqmh\/wp-json\/wp\/v2\/pages"}],"about":[{"href":"https:\/\/www.motricidades.org\/spqmh\/wp-json\/wp\/v2\/types\/page"}],"author":[{"embeddable":true,"href":"https:\/\/www.motricidades.org\/spqmh\/wp-json\/wp\/v2\/users\/1"}],"replies":[{"embeddable":true,"href":"https:\/\/www.motricidades.org\/spqmh\/wp-json\/wp\/v2\/comments?post=2148"}],"version-history":[{"count":7,"href":"https:\/\/www.motricidades.org\/spqmh\/wp-json\/wp\/v2\/pages\/2148\/revisions"}],"predecessor-version":[{"id":2304,"href":"https:\/\/www.motricidades.org\/spqmh\/wp-json\/wp\/v2\/pages\/2148\/revisions\/2304"}],"up":[{"embeddable":true,"href":"https:\/\/www.motricidades.org\/spqmh\/wp-json\/wp\/v2\/pages\/98"}],"wp:attachment":[{"href":"https:\/\/www.motricidades.org\/spqmh\/wp-json\/wp\/v2\/media?parent=2148"}],"curies":[{"name":"wp","href":"https:\/\/api.w.org\/{rel}","templated":true}]}}

<div id="gmail-m_-4014245965240806812gmail-yiv2432263645yui_3_16_0_1_1498609736648_62190" dir="ltr">
<div id="gmail-m_-4014245965240806812gmail-yiv2432263645yui_3_16_0_1_1498609736648_62200" dir="ltr">
<div dir="ltr">
<p style="text-align: center;"><strong>Denise Aparecida Corrêa<br /></strong><span style="font-size: inherit;">PRESIDENTE<br /><br /></span><strong style="font-size: inherit;">Cae Rodrigues<br /></strong><span style="font-size: inherit;">VICE-PRESIDENTE<br /><br /></span><strong style="font-size: inherit;">Nathan Raphael Varotto<br /></strong><span style="font-size: inherit;">SECRETÁRIO GERAL<br /><br /></span><strong style="font-size: inherit;">Conrado Marques da Silva de Checchi<br /></strong><span style="font-size: inherit;">SECRETÁRIO ADJUNTO<br /><br /></span><strong style="font-size: inherit;">Fábio Ricardo Mizuno Lemos<br /></strong><span style="font-size: inherit;">DIRETOR FINANCEIRO<br /><br /></span><strong style="font-size: inherit;">Robson Amaral da Silva<br /></strong><span style="font-size: inherit;">VICE-DIRETOR FINANCEIRO<br /><br /></span><strong style="font-size: inherit;">Luiz Gonçalves Junior<br /></strong><span style="font-size: inherit;">DIRETOR CIENTÍFICO<br /><br /></span><strong style="font-size: inherit;">Wagner Wey Moreira<br /></strong><span style="font-size: inherit;">VICE-DIRETOR CIENTÍFICO<br /><br /></span><strong style="font-size: inherit;">Sergio Alejandro Toro Arévalo<br /></strong><span style="font-size: inherit;">DIRETOR DE EVENTOS<br /><br /></span><strong style="font-size: inherit;">Cláudia Foganholi<br /></strong><span style="font-size: inherit;">VICE-DIRETOR DE EVENTOS</span></p>
<div> </div>
<div id="gmail-m_-4014245965240806812gmail-yiv2432263645yui_3_16_0_1_1498609736648_62193" style="text-align: center;"><b>COMISSÃO ASSESSORA</b></div>
<div dir="ltr" style="text-align: center;"> </div>
<div id="gmail-m_-4014245965240806812gmail-yiv2432263645yui_3_16_0_1_1498609736648_62194" dir="ltr" style="text-align: center;"><strong>Andréia Cordeiro Mecca</strong></div>
<div dir="ltr" style="text-align: center;"><strong>Matheus Oliveira Santos<br />Miriã Martins de Brito</strong></div>
<div dir="ltr"> </div>
</div>
</div>
</div>

<p>Denise Aparecida CorrêaPRESIDENTE Cae RodriguesVICE-PRESIDENTE Nathan Raphael VarottoSECRETÁRIO GERAL Conrado Marques da Silva de ChecchiSECRETÁRIO ADJUNTO Fábio Ricardo Mizuno LemosDIRETOR FINANCEIRO Robson Amaral da SilvaVICE-DIRETOR FINANCEIRO Luiz Gonçalves JuniorDIRETOR CIENTÍFICO Wagner Wey MoreiraVICE-DIRETOR CIENTÍFICO Sergio Alejandro Toro ArévaloDIRETOR DE EVENTOS Cláudia FoganholiVICE-DIRETOR DE EVENTOS   COMISSÃO ASSESSORA   Andréia Cordeiro Mecca Matheus Oliveira SantosMiriã Martins&#8230;</p>

<!-- This site is optimized with the Yoast SEO plugin v27.4 - https://yoast.com/product/yoast-seo-wordpress/ -->
<title>Diretoria 2021-2023 -</title>
<meta name="robots" content="index, follow, max-snippet:-1, max-image-preview:large, max-video-preview:-1" />
<link rel="canonical" href="https://www.motricidades.org/spqmh/diretoria/diretoria-2021-2023/" />
<meta property="og:locale" content="pt_BR" />
<meta property="og:type" content="article" />
<meta property="og:title" content="Diretoria 2021-2023 -" />
<meta property="og:description" content="Denise Aparecida CorrêaPRESIDENTE Cae RodriguesVICE-PRESIDENTE Nathan Raphael VarottoSECRETÁRIO GERAL Conrado Marques da Silva de ChecchiSECRETÁRIO ADJUNTO Fábio Ricardo Mizuno LemosDIRETOR FINANCEIRO Robson Amaral da SilvaVICE-DIRETOR FINANCEIRO Luiz Gonçalves JuniorDIRETOR CIENTÍFICO Wagner Wey MoreiraVICE-DIRETOR CIENTÍFICO Sergio Alejandro Toro ArévaloDIRETOR DE EVENTOS Cláudia FoganholiVICE-DIRETOR DE EVENTOS   COMISSÃO ASSESSORA   Andréia Cordeiro Mecca Matheus Oliveira SantosMiriã Martins..." />
<meta property="og:url" content="https://www.motricidades.org/spqmh/diretoria/diretoria-2021-2023/" />
<meta property="article:modified_time" content="2021-10-08T16:39:57+00:00" />
<meta name="twitter:card" content="summary_large_image" />
<meta name="twitter:label1" content="Est. tempo de leitura" />
	<meta name="twitter:data1" content="1 minuto" />
<script type="application/ld+json" class="yoast-schema-graph">{"@context":"https:\/\/schema.org","@graph":[{"@type":"WebPage","@id":"https:\/\/www.motricidades.org\/spqmh\/diretoria\/diretoria-2021-2023\/","url":"https:\/\/www.motricidades.org\/spqmh\/diretoria\/diretoria-2021-2023\/","name":"Diretoria 2021-2023 -","isPartOf":{"@id":"https:\/\/www.motricidades.org\/spqmh\/#website"},"datePublished":"2021-07-04T22:24:57+00:00","dateModified":"2021-10-08T16:39:57+00:00","breadcrumb":{"@id":"https:\/\/www.motricidades.org\/spqmh\/diretoria\/diretoria-2021-2023\/#breadcrumb"},"inLanguage":"pt-BR","potentialAction":[{"@type":"ReadAction","target":["https:\/\/www.motricidades.org\/spqmh\/diretoria\/diretoria-2021-2023\/"]}]},{"@type":"BreadcrumbList","@id":"https:\/\/www.motricidades.org\/spqmh\/diretoria\/diretoria-2021-2023\/#breadcrumb","itemListElement":[{"@type":"ListItem","position":1,"name":"Início","item":"https:\/\/www.motricidades.org\/spqmh\/"},{"@type":"ListItem","position":2,"name":"Diretoria","item":"https:\/\/www.motricidades.org\/spqmh\/diretoria\/"},{"@type":"ListItem","position":3,"name":"Diretoria 2021-2023"}]},{"@type":"WebSite","@id":"https:\/\/www.motricidades.org\/spqmh\/#website","url":"https:\/\/www.motricidades.org\/spqmh\/","name":"","description":"SOCIEDADE DE PESQUISA QUALITATIVA EM MOTRICIDADE HUMANA - SPQMH","potentialAction":[{"@type":"SearchAction","target":{"@type":"EntryPoint","urlTemplate":"https:\/\/www.motricidades.org\/spqmh\/?s={search_term_string}"},"query-input":{"@type":"PropertyValueSpecification","valueRequired":true,"valueName":"search_term_string"}}],"inLanguage":"pt-BR"}]}</script>
<!-- / Yoast SEO plugin. -->

Denise Aparecida CorrêaPRESIDENTE Cae RodriguesVICE-PRESIDENTE Nathan Raphael VarottoSECRETÁRIO GERAL Conrado Marques da Silva de ChecchiSECRETÁRIO ADJUNTO Fábio Ricardo Mizuno LemosDIRETOR FINANCEIRO Robson Amaral da SilvaVICE-DIRETOR FINANCEIRO Luiz Gonçalves JuniorDIRETOR CIENTÍFICO Wagner Wey MoreiraVICE-DIRETOR CIENTÍFICO Sergio Alejandro Toro ArévaloDIRETOR DE EVENTOS Cláudia FoganholiVICE-DIRETOR DE EVENTOS   COMISSÃO ASSESSORA   Andréia Cordeiro Mecca Matheus Oliveira SantosMiriã Martins...

Início
