{"id":227,"date":"2017-06-25T19:36:39","date_gmt":"2017-06-25T22:36:39","guid":{"rendered":"http:\/\/www.motricidades.org\/spqmh\/?page_id=227"},"modified":"2017-06-30T22:49:31","modified_gmt":"2017-07-01T01:49:31","slug":"joel-martins","status":"publish","type":"page","link":"https:\/\/www.motricidades.org\/spqmh\/biografias\/joel-martins\/","title":{"rendered":"Joel Martins"},"content":{"rendered":"<p align=\"center\"><img decoding=\"async\" src=\"https:\/\/www.motricidades.org\/spqmh\/wp-content\/uploads\/joel.jpg\" \/><\/p>\n<p align=\"justify\">Joel Martins nasceu em 27 de mar\u00e7o de 1920 e faleceu a 2 de maio de 1993 em S\u00e3o Paulo. Formou-se na Escola Normal Caetano de Campos. Graduou-se, Bacharel e Licenciado, em Pedagogia e em Filosofia pela Universidade de S\u00e3o Paulo. Fez o Mestrado nos Estados Unidos da Am\u00e9rica do Norte entre 1949-1950 e doutorou-se em Psicologia da Educa\u00e7\u00e3o entre 1951-1953 pela Universidade de S\u00e3o Paulo, fez p\u00f3s-doutorado na Universidade de Michigan, Ann Arbor, nos Estados Unidos da Am\u00e9rica do Norte entre 1953-1954. <\/p>\n<p> Foi professor da Rede P\u00fablica do Estado de S\u00e3o Paulo. Assistente da Cadeira de Psicologia Educacional na Faculdade de Filosofia Ci\u00eancias e Letras da Universidade de S\u00e3o Paulo, integrou, em 1965, o grupo que criou os Centros Regionais de Pesquisas Educacionais, tendo sido diretor de Pesquisas do Centro de S\u00e3o Paulo. <\/p>\n<p> Entre 1959 e 1961 assumiu importantes cargos em \u00f3rg\u00e3os internacionais. Em 1959, o de especialista em curr\u00edculo junto \u00e0 UNESCO; em 1960 o de especialista em programas educacionais junto \u00e0 OEA e por exercer esses cargos trouxe para o Brasil os fundamentos que viriam estruturar os Gin\u00e1sios Vocacionais no Estado de S\u00e3o Paulo, experi\u00eancia pioneira e de excepcional qualidade no ensino de 1\u00ba e 2\u00ba graus, interrompida pela Ditadura Militar (1964-1984). <\/p>\n<p> Na d\u00e9cada de (19)60, j\u00e1 como professor da Pontif\u00edcia Universidade Cat\u00f3lica de S\u00e3o Paulo (PUC-SP), juntamente com sua dire\u00e7\u00e3o, envolveu-se com o projeto da reforma universit\u00e1ria dessa Universidade. Esse projeto o acompanha at\u00e9 o final de sua vida, o que revela o quanto estava comprometido com o desafio enfrentado. Em 1993, por ocasi\u00e3o de seu falecimento, estava a ocupar o cargo de Reitor da PUC-SP e cria a oportunidade para a elabora\u00e7\u00e3o e realiza\u00e7\u00e3o do projeto &#8220;Universidade do S\u00e9culo XXI da PUC-SP&#8221;. Entretanto, \u00e9 importante dizer que o projeto primeiro, iniciado no come\u00e7o dos anos sessenta foi interrompido por ocasi\u00e3o da promulga\u00e7\u00e3o do Ato Institucional n\u00ba-AI-5 em 1968. A essa \u00e9poca o Professor Joel j\u00e1 est\u00e1 envolvido com outro projeto, tamb\u00e9m de vanguarda para a educa\u00e7\u00e3o superior neste pa\u00eds: o referente \u00e0 P\u00f3s-Gradua\u00e7\u00e3o. \u00c9 o respons\u00e1vel pelo planejamento e implanta\u00e7\u00e3o de in\u00fameros programas de P\u00f3s-Gradua\u00e7\u00e3o no pa\u00eds mas dedicou-se mais especificamente aos programas de P\u00f3s-Gradua\u00e7\u00e3o da PUC-SP, transformando-os num marco referencial entre os programas brasileiros.( ) <\/p>\n<p> Foi professor-visitante da Boilling Green University, dos Estados Unidos da Am\u00e9rica do Norte, a partir de 1968 at\u00e9 a \u00e9poca de sua morte onde, durante as f\u00e9rias escolares brasileiras, ministrou in\u00fameros cursos. Com esse v\u00ednculo abriu oportunidade de interc\u00e2mbio inter-universit\u00e1rio e de est\u00e1gios para professores e estudantes brasileiros da P\u00f3s-Gradua\u00e7\u00e3o. <br \/>\n Recebeu muitas honrarias de entidades nacionais e internacionais, dentre as quais citamos: Certificate of Appreciation, do College of Education and Allied Professions da Boilling Green State University; o t\u00edtulo de Professor Em\u00e9rito recebido da Universidade Estadual de Campinas, M\u00e9rito de S\u00e3o Lucas recebido da Funda\u00e7\u00e3o S\u00e3o Paulo &#8211; Hospital Santa Lucinda, t\u00edtulo de Professor Em\u00e9rito da Pontif\u00edcia Universidade Cat\u00f3lica de S\u00e3o Paulo. <\/p>\n<p> Orientou mais de cem disserta\u00e7\u00f5es de mestrado e teses de doutorado. Esteve presente a cerca de quinhentas bancas examinadoras( ). Por essa pr\u00e1tica contribuiu de modo significativo com a forma\u00e7\u00e3o e o aprimoramento de atitudes e valores \u00e9ticos e cient\u00edficos de gera\u00e7\u00f5es de pesquisadores que com ele estiveram. Na sua perman\u00eancia na P\u00f3s-Gradua\u00e7\u00e3o, destaca-se como um dos pesquisadores brasileiros mais cr\u00edtico das ci\u00eancias humanas, principalmente daquelas que tratam da educa\u00e7\u00e3o. Nas d\u00e9cadas de 60 e 70 desenvolve estudos mais fundados nas quest\u00f5es postas e explicadas pelas teorias cognitivas como Bruner, Kholberg, mas j\u00e1 est\u00e1 a caminho de mudan\u00e7as radicais quanto a sua concep\u00e7\u00e3o de ci\u00eancia e, portanto, vis\u00e3o de mundo e de conhecimento. Avan\u00e7a na dire\u00e7\u00e3o de estudos de obras de autores do Existencialismo e da Fenomenologia, como Kierkegaard, Husserl, Heidegger, Merleau-Ponty, Paul Ricoeur, sempre preocupado com a educa\u00e7\u00e3o e com a psicologia da educa\u00e7\u00e3o. Nessa dire\u00e7\u00e3o, \u00e9 extremamente criativo e corajoso. Abre espa\u00e7o para pensar-se em rigor em abordagens qualitativas e, especificamente, na qualitativa-fenomenol\u00f3gica. Coroando esse esfor\u00e7o, incentiva a cria\u00e7\u00e3o e atua como criador participante ativo da Sociedade de Estudos e Pesquisa Qualitativos.<\/p>\n<p><span class=\"style2\"><strong>Informa\u00e7\u00f5es extra\u00eddas do site da<\/strong> <strong>Sociedade de Estudos e Pesquisa Qualitativos (SE&amp;PQ)<\/strong>:<br \/>\n <\/span><span class=\"style2\">http:\/\/www.sepq.org.br\/biografia.htm <a class=\"colorido\" href=\"http:\/\/www.ics.ul.pt\/corpocientifico\/josemachadopais\/\" target=\"_blank\" rel=\"noopener\"><br \/>\n <\/a><strong>Acesso em:<\/strong> 15\/04\/2005<\/span><\/p>\n","protected":false},"excerpt":{"rendered":"<p>Joel Martins nasceu em 27 de mar\u00e7o de 1920 e faleceu a 2 de maio de 1993 em S\u00e3o Paulo. Formou-se na Escola Normal Caetano de Campos. Graduou-se, Bacharel e Licenciado, em Pedagogia e em Filosofia pela Universidade de S\u00e3o Paulo. Fez o Mestrado nos Estados Unidos da Am\u00e9rica do Norte entre 1949-1950 e doutorou-se&#8230;<\/p>\n","protected":false},"author":1,"featured_media":0,"parent":223,"menu_order":2,"comment_status":"closed","ping_status":"closed","template":"","meta":{"footnotes":""},"class_list":["post-227","page","type-page","status-publish","hentry"],"yoast_head":"<!-- This site is optimized with the Yoast SEO plugin v27.4 - https:\/\/yoast.com\/product\/yoast-seo-wordpress\/ -->\n<title>Joel Martins -<\/title>\n<meta name=\"robots\" content=\"index, follow, max-snippet:-1, max-image-preview:large, max-video-preview:-1\" \/>\n<link rel=\"canonical\" href=\"https:\/\/www.motricidades.org\/spqmh\/biografias\/joel-martins\/\" \/>\n<meta property=\"og:locale\" content=\"pt_BR\" \/>\n<meta property=\"og:type\" content=\"article\" \/>\n<meta property=\"og:title\" content=\"Joel Martins -\" \/>\n<meta property=\"og:description\" content=\"Joel Martins nasceu em 27 de mar\u00e7o de 1920 e faleceu a 2 de maio de 1993 em S\u00e3o Paulo. Formou-se na Escola Normal Caetano de Campos. Graduou-se, Bacharel e Licenciado, em Pedagogia e em Filosofia pela Universidade de S\u00e3o Paulo. Fez o Mestrado nos Estados Unidos da Am\u00e9rica do Norte entre 1949-1950 e doutorou-se...\" \/>\n<meta property=\"og:url\" content=\"https:\/\/www.motricidades.org\/spqmh\/biografias\/joel-martins\/\" \/>\n<meta property=\"article:modified_time\" content=\"2017-07-01T01:49:31+00:00\" \/>\n<meta property=\"og:image\" content=\"http:\/\/www.motricidades.org\/spqmh\/wp-content\/uploads\/joel.jpg\" \/>\n<meta name=\"twitter:card\" content=\"summary_large_image\" \/>\n<meta name=\"twitter:label1\" content=\"Est. tempo de leitura\" \/>\n\t<meta name=\"twitter:data1\" content=\"4 minutos\" \/>\n<script type=\"application\/ld+json\" class=\"yoast-schema-graph\">{\"@context\":\"https:\\\/\\\/schema.org\",\"@graph\":[{\"@type\":\"WebPage\",\"@id\":\"https:\\\/\\\/www.motricidades.org\\\/spqmh\\\/biografias\\\/joel-martins\\\/\",\"url\":\"https:\\\/\\\/www.motricidades.org\\\/spqmh\\\/biografias\\\/joel-martins\\\/\",\"name\":\"Joel Martins -\",\"isPartOf\":{\"@id\":\"https:\\\/\\\/www.motricidades.org\\\/spqmh\\\/#website\"},\"primaryImageOfPage\":{\"@id\":\"https:\\\/\\\/www.motricidades.org\\\/spqmh\\\/biografias\\\/joel-martins\\\/#primaryimage\"},\"image\":{\"@id\":\"https:\\\/\\\/www.motricidades.org\\\/spqmh\\\/biografias\\\/joel-martins\\\/#primaryimage\"},\"thumbnailUrl\":\"http:\\\/\\\/www.motricidades.org\\\/spqmh\\\/wp-content\\\/uploads\\\/joel.jpg\",\"datePublished\":\"2017-06-25T22:36:39+00:00\",\"dateModified\":\"2017-07-01T01:49:31+00:00\",\"breadcrumb\":{\"@id\":\"https:\\\/\\\/www.motricidades.org\\\/spqmh\\\/biografias\\\/joel-martins\\\/#breadcrumb\"},\"inLanguage\":\"pt-BR\",\"potentialAction\":[{\"@type\":\"ReadAction\",\"target\":[\"https:\\\/\\\/www.motricidades.org\\\/spqmh\\\/biografias\\\/joel-martins\\\/\"]}]},{\"@type\":\"ImageObject\",\"inLanguage\":\"pt-BR\",\"@id\":\"https:\\\/\\\/www.motricidades.org\\\/spqmh\\\/biografias\\\/joel-martins\\\/#primaryimage\",\"url\":\"http:\\\/\\\/www.motricidades.org\\\/spqmh\\\/wp-content\\\/uploads\\\/joel.jpg\",\"contentUrl\":\"http:\\\/\\\/www.motricidades.org\\\/spqmh\\\/wp-content\\\/uploads\\\/joel.jpg\"},{\"@type\":\"BreadcrumbList\",\"@id\":\"https:\\\/\\\/www.motricidades.org\\\/spqmh\\\/biografias\\\/joel-martins\\\/#breadcrumb\",\"itemListElement\":[{\"@type\":\"ListItem\",\"position\":1,\"name\":\"In\u00edcio\",\"item\":\"https:\\\/\\\/www.motricidades.org\\\/spqmh\\\/\"},{\"@type\":\"ListItem\",\"position\":2,\"name\":\"Biografias\",\"item\":\"https:\\\/\\\/www.motricidades.org\\\/spqmh\\\/biografias\\\/\"},{\"@type\":\"ListItem\",\"position\":3,\"name\":\"Joel Martins\"}]},{\"@type\":\"WebSite\",\"@id\":\"https:\\\/\\\/www.motricidades.org\\\/spqmh\\\/#website\",\"url\":\"https:\\\/\\\/www.motricidades.org\\\/spqmh\\\/\",\"name\":\"\",\"description\":\"SOCIEDADE DE PESQUISA QUALITATIVA EM MOTRICIDADE HUMANA - SPQMH\",\"potentialAction\":[{\"@type\":\"SearchAction\",\"target\":{\"@type\":\"EntryPoint\",\"urlTemplate\":\"https:\\\/\\\/www.motricidades.org\\\/spqmh\\\/?s={search_term_string}\"},\"query-input\":{\"@type\":\"PropertyValueSpecification\",\"valueRequired\":true,\"valueName\":\"search_term_string\"}}],\"inLanguage\":\"pt-BR\"}]}<\/script>\n<!-- \/ Yoast SEO plugin. -->","yoast_head_json":{"title":"Joel Martins -","robots":{"index":"index","follow":"follow","max-snippet":"max-snippet:-1","max-image-preview":"max-image-preview:large","max-video-preview":"max-video-preview:-1"},"canonical":"https:\/\/www.motricidades.org\/spqmh\/biografias\/joel-martins\/","og_locale":"pt_BR","og_type":"article","og_title":"Joel Martins -","og_description":"Joel Martins nasceu em 27 de mar\u00e7o de 1920 e faleceu a 2 de maio de 1993 em S\u00e3o Paulo. Formou-se na Escola Normal Caetano de Campos. Graduou-se, Bacharel e Licenciado, em Pedagogia e em Filosofia pela Universidade de S\u00e3o Paulo. Fez o Mestrado nos Estados Unidos da Am\u00e9rica do Norte entre 1949-1950 e doutorou-se...","og_url":"https:\/\/www.motricidades.org\/spqmh\/biografias\/joel-martins\/","article_modified_time":"2017-07-01T01:49:31+00:00","og_image":[{"url":"http:\/\/www.motricidades.org\/spqmh\/wp-content\/uploads\/joel.jpg","type":"","width":"","height":""}],"twitter_card":"summary_large_image","twitter_misc":{"Est. tempo de leitura":"4 minutos"},"schema":{"@context":"https:\/\/schema.org","@graph":[{"@type":"WebPage","@id":"https:\/\/www.motricidades.org\/spqmh\/biografias\/joel-martins\/","url":"https:\/\/www.motricidades.org\/spqmh\/biografias\/joel-martins\/","name":"Joel Martins -","isPartOf":{"@id":"https:\/\/www.motricidades.org\/spqmh\/#website"},"primaryImageOfPage":{"@id":"https:\/\/www.motricidades.org\/spqmh\/biografias\/joel-martins\/#primaryimage"},"image":{"@id":"https:\/\/www.motricidades.org\/spqmh\/biografias\/joel-martins\/#primaryimage"},"thumbnailUrl":"http:\/\/www.motricidades.org\/spqmh\/wp-content\/uploads\/joel.jpg","datePublished":"2017-06-25T22:36:39+00:00","dateModified":"2017-07-01T01:49:31+00:00","breadcrumb":{"@id":"https:\/\/www.motricidades.org\/spqmh\/biografias\/joel-martins\/#breadcrumb"},"inLanguage":"pt-BR","potentialAction":[{"@type":"ReadAction","target":["https:\/\/www.motricidades.org\/spqmh\/biografias\/joel-martins\/"]}]},{"@type":"ImageObject","inLanguage":"pt-BR","@id":"https:\/\/www.motricidades.org\/spqmh\/biografias\/joel-martins\/#primaryimage","url":"http:\/\/www.motricidades.org\/spqmh\/wp-content\/uploads\/joel.jpg","contentUrl":"http:\/\/www.motricidades.org\/spqmh\/wp-content\/uploads\/joel.jpg"},{"@type":"BreadcrumbList","@id":"https:\/\/www.motricidades.org\/spqmh\/biografias\/joel-martins\/#breadcrumb","itemListElement":[{"@type":"ListItem","position":1,"name":"In\u00edcio","item":"https:\/\/www.motricidades.org\/spqmh\/"},{"@type":"ListItem","position":2,"name":"Biografias","item":"https:\/\/www.motricidades.org\/spqmh\/biografias\/"},{"@type":"ListItem","position":3,"name":"Joel Martins"}]},{"@type":"WebSite","@id":"https:\/\/www.motricidades.org\/spqmh\/#website","url":"https:\/\/www.motricidades.org\/spqmh\/","name":"","description":"SOCIEDADE DE PESQUISA QUALITATIVA EM MOTRICIDADE HUMANA - SPQMH","potentialAction":[{"@type":"SearchAction","target":{"@type":"EntryPoint","urlTemplate":"https:\/\/www.motricidades.org\/spqmh\/?s={search_term_string}"},"query-input":{"@type":"PropertyValueSpecification","valueRequired":true,"valueName":"search_term_string"}}],"inLanguage":"pt-BR"}]}},"_links":{"self":[{"href":"https:\/\/www.motricidades.org\/spqmh\/wp-json\/wp\/v2\/pages\/227","targetHints":{"allow":["GET"]}}],"collection":[{"href":"https:\/\/www.motricidades.org\/spqmh\/wp-json\/wp\/v2\/pages"}],"about":[{"href":"https:\/\/www.motricidades.org\/spqmh\/wp-json\/wp\/v2\/types\/page"}],"author":[{"embeddable":true,"href":"https:\/\/www.motricidades.org\/spqmh\/wp-json\/wp\/v2\/users\/1"}],"replies":[{"embeddable":true,"href":"https:\/\/www.motricidades.org\/spqmh\/wp-json\/wp\/v2\/comments?post=227"}],"version-history":[{"count":3,"href":"https:\/\/www.motricidades.org\/spqmh\/wp-json\/wp\/v2\/pages\/227\/revisions"}],"predecessor-version":[{"id":350,"href":"https:\/\/www.motricidades.org\/spqmh\/wp-json\/wp\/v2\/pages\/227\/revisions\/350"}],"up":[{"embeddable":true,"href":"https:\/\/www.motricidades.org\/spqmh\/wp-json\/wp\/v2\/pages\/223"}],"wp:attachment":[{"href":"https:\/\/www.motricidades.org\/spqmh\/wp-json\/wp\/v2\/media?parent=227"}],"curies":[{"name":"wp","href":"https:\/\/api.w.org\/{rel}","templated":true}]}}