{"id":231,"date":"2017-06-25T19:38:31","date_gmt":"2017-06-25T22:38:31","guid":{"rendered":"http:\/\/www.motricidades.org\/spqmh\/?page_id=231"},"modified":"2025-07-19T19:40:13","modified_gmt":"2025-07-19T22:40:13","slug":"manuel-sergio-vieira-e-cunha","status":"publish","type":"page","link":"https:\/\/www.motricidades.org\/spqmh\/biografias\/manuel-sergio-vieira-e-cunha\/","title":{"rendered":"Manuel S\u00e9rgio Vieira e Cunha"},"content":{"rendered":"<p align=\"center\"><a href=\"https:\/\/www.motricidades.org\/spqmh\/wp-content\/uploads\/1000004124.jpg\"><img loading=\"lazy\" decoding=\"async\" class=\"aligncenter size-thumbnail wp-image-2719\" src=\"https:\/\/www.motricidades.org\/spqmh\/wp-content\/uploads\/1000004124-150x150.jpg\" alt=\"\" width=\"150\" height=\"150\" \/><\/a><\/p>\n<p align=\"justify\">Nascido em Lisboa, Portugal, a 20 de abril de 1933. Licenciado em Filosofia, Doutorado e Professor Agregado em Motricidade Humana pela Universidade T\u00e9cnica de Lisboa. A sua tese de doutoramento, intitulada &#8220;Para uma Epistemologia da Motricidade Humana&#8221; (junho de 1986), defende a exist\u00eancia da Ci\u00eancia da Motricidade Humana, de que a Educa\u00e7\u00e3o F\u00edsica \u00e9 a pr\u00e9-ci\u00eancia e a Educa\u00e7\u00e3o F\u00edsica Escolar (ou Educa\u00e7\u00e3o Motora, como prefere chamar) \u00e9 o ramo pedag\u00f3gico desta nova ci\u00eancia social e humana. Sua tese fundamentou a cria\u00e7\u00e3o da Faculdade de Motricidade Humana da Universidade T\u00e9cnica de Lisboa.<\/p>\n<p align=\"justify\">Foi professor catedr\u00e1tico da Faculdade de Motricidade Humana da Universidade T\u00e9cnica de Lisboa, da Universidade Fernando Pessoa e do Instituto Superior da Maia. Foi presidente do Instituto Superior de Estudos Interculturais e Transdisciplinares (ISEIT &#8211; Instituto Piaget\/Almada\/Portugal).<\/p>\n<p align=\"justify\">O primeiro autor a teorizar o paradigma em que se fundamenta o trabalho cient\u00edfico da Sociedade Portuguesa de Motricidade Humana (SPMH) e a Sociedade Internacional de Motricidade Humana (SIMH), sendo de ambas, s\u00f3cio-fundador. Publicou diversos livros e artigos em revistas portuguesas e internacionais.<\/p>\n<p align=\"justify\">Recebeu do governo brasileiro a medalha de m\u00e9rito desportivo, outorgada pelo presidente Jos\u00e9 Sarney.<\/p>\n<p align=\"justify\">Foi professor convidado, durante os anos de 1987-1988, da Universidade Estadual de Campinas (UNICAMP\/Campinas\/Brasil).<\/p>\n<p align=\"justify\">Participou, em 2003, do I Col\u00f3quio de Pesquisa Qualitativa em Motricidade Humana (CPQMH), organizado pela Sociedade de Pesquisa Qualitativa em Motricidade Humana (SPQMH), rec\u00e9m-fundada \u00e0 \u00e9poca, inspirada diretamente em sua obra &#8211; CPQMH: <a href=\"https:\/\/motricidades.org\/conference\/index.php\/cpqmh\/issue\/view\/1cpqmh\">https:\/\/motricidades.org\/conference\/index.php\/cpqmh\/issue\/view\/1cpqmh<\/a><\/p>\n<p align=\"justify\">Publicou artigo no primeiro n\u00famero da Motricidades: Revista da SPQMH &#8211; DOI: <a href=\"https:\/\/doi.org\/10.29181\/2594-6463-2017-v1-n1-p91-96\">https:\/\/doi.org\/10.29181\/2594-6463-2017-v1-n1-p91-96<\/a><\/p>\n<p align=\"justify\">No ano de 2022, publicou mais um artigo na Motricidades: Revista da SPQMH &#8211; DOI:<span class=\"value\"> <a href=\"https:\/\/doi.org\/10.29181\/2594-6463-2022-v6-n1-p15-25\">https:\/\/doi.org\/10.29181\/2594-6463-2022-v6-n1-p15-25<\/a><\/span><\/p>\n<p>&#8220;O Desporto pode integrar-se na constru\u00e7\u00e3o de uma humanidade diferente, de uma globaliza\u00e7\u00e3o alternativa, de uma competi\u00e7\u00e3o-di\u00e1logo, no lugar da competi\u00e7\u00e3o hostil, [&#8230;] procurando mais o belo e o conv\u00edvio fraterno e a resposta \u00e0s necessidades do ser humano, em busca de mais ser, do que uma competi\u00e7\u00e3o tecnologicamente avan\u00e7ada e moralmente amea\u00e7ada&#8221; (Manuel S\u00e9rgio, Revista Motricidades, 2017) .<\/p>\n<p>&#8220;Recuso, no meio do nosso mundo balburdiento, qualquer dualismo, seja ele epistemol\u00f3gico ou social. Anuncio, hoje, na luz incerta do amanhecer, um novo paradigma (a\u00e7\u00e3o intencional e solid\u00e1ria da transcend\u00eancia), onde o conceito de rela\u00e7\u00e3o se anteponha ao conceito de subst\u00e2ncia e onde n\u00e3o se confunda pensamento com os processos neurocerebrais que acompanham o pensamento, ou seja, o esp\u00edrito com a mat\u00e9ria, embora aquele encontre nesta a sua ascendente primeira, n\u00e3o a \u00fanica, pois que os fen\u00f4menos mentais e espirituais s\u00f3 cabalmente se entendem, em di\u00e1logo com o meio envolvente. [&#8230;] Com a \u201ctranscend\u00eancia\u201d, a CMH quer dizer que\u00a0<em>o ser humano (velho ou novo, s\u00e3o ou doente) \u00e9, sempre e em todas as circunst\u00e2ncias, uma tarefa por cumprir<\/em>. Por isso, a pedagogia que a CMH prop\u00f5e se destina a todas e a cada uma das pessoas e&#8230; em todas as idades!\u00a0<em>O desenvolvimento que a CMH prop\u00f5e \u00e9 para a vida<\/em>&#8221; (Manuel S\u00e9rgio, Revista Motricidades, 2022) .<\/p>\n<p>Em 2024, participou do Podcast Caf\u00e9 com Esperan\u00e7a, Epis\u00f3dio &#8220;Motricidade Humana: intencionalidade e mundo-vida&#8221; &#8211; <a href=\"https:\/\/open.spotify.com\/embed\/episode\/3BxwiN3IZ1NbPgjyAxJhon?utm_source=generato\">https:\/\/open.spotify.com\/embed\/episode\/3BxwiN3IZ1NbPgjyAxJhon?utm_source=generato<\/a>\u00a0<\/p>\n<p>Integrou o Conselho Editorial da Motricidades: Revista da SPQMH, no per\u00edodo de 2017 a 2025.<\/p>\n<p align=\"justify\">Faleceu em 19 de fevereiro de 2025.<\/p>\n\n","protected":false},"excerpt":{"rendered":"<p>Nascido em Lisboa, Portugal, a 20 de abril de 1933. Licenciado em Filosofia, Doutorado e Professor Agregado em Motricidade Humana pela Universidade T\u00e9cnica de Lisboa. A sua tese de doutoramento, intitulada &#8220;Para uma Epistemologia da Motricidade Humana&#8221; (junho de 1986), defende a exist\u00eancia da Ci\u00eancia da Motricidade Humana, de que a Educa\u00e7\u00e3o F\u00edsica \u00e9 a&#8230;<\/p>\n","protected":false},"author":1,"featured_media":0,"parent":223,"menu_order":4,"comment_status":"closed","ping_status":"closed","template":"","meta":{"footnotes":""},"class_list":["post-231","page","type-page","status-publish","hentry"],"yoast_head":"<!-- This site is optimized with the Yoast SEO plugin v27.4 - https:\/\/yoast.com\/product\/yoast-seo-wordpress\/ -->\n<title>Manuel S\u00e9rgio Vieira e Cunha -<\/title>\n<meta name=\"robots\" content=\"index, follow, max-snippet:-1, max-image-preview:large, max-video-preview:-1\" \/>\n<link rel=\"canonical\" href=\"https:\/\/www.motricidades.org\/spqmh\/biografias\/manuel-sergio-vieira-e-cunha\/\" \/>\n<meta property=\"og:locale\" content=\"pt_BR\" \/>\n<meta property=\"og:type\" content=\"article\" \/>\n<meta property=\"og:title\" content=\"Manuel S\u00e9rgio Vieira e Cunha -\" \/>\n<meta property=\"og:description\" content=\"Nascido em Lisboa, Portugal, a 20 de abril de 1933. Licenciado em Filosofia, Doutorado e Professor Agregado em Motricidade Humana pela Universidade T\u00e9cnica de Lisboa. A sua tese de doutoramento, intitulada &#8220;Para uma Epistemologia da Motricidade Humana&#8221; (junho de 1986), defende a exist\u00eancia da Ci\u00eancia da Motricidade Humana, de que a Educa\u00e7\u00e3o F\u00edsica \u00e9 a...\" \/>\n<meta property=\"og:url\" content=\"https:\/\/www.motricidades.org\/spqmh\/biografias\/manuel-sergio-vieira-e-cunha\/\" \/>\n<meta property=\"article:modified_time\" content=\"2025-07-19T22:40:13+00:00\" \/>\n<meta property=\"og:image\" content=\"https:\/\/www.motricidades.org\/spqmh\/wp-content\/uploads\/1000004124.jpg\" \/>\n\t<meta property=\"og:image:width\" content=\"1029\" \/>\n\t<meta property=\"og:image:height\" content=\"1274\" \/>\n\t<meta property=\"og:image:type\" content=\"image\/jpeg\" \/>\n<meta name=\"twitter:card\" content=\"summary_large_image\" \/>\n<meta name=\"twitter:label1\" content=\"Est. tempo de leitura\" \/>\n\t<meta name=\"twitter:data1\" content=\"4 minutos\" \/>\n<script type=\"application\/ld+json\" class=\"yoast-schema-graph\">{\"@context\":\"https:\\\/\\\/schema.org\",\"@graph\":[{\"@type\":\"WebPage\",\"@id\":\"https:\\\/\\\/www.motricidades.org\\\/spqmh\\\/biografias\\\/manuel-sergio-vieira-e-cunha\\\/\",\"url\":\"https:\\\/\\\/www.motricidades.org\\\/spqmh\\\/biografias\\\/manuel-sergio-vieira-e-cunha\\\/\",\"name\":\"Manuel S\u00e9rgio Vieira e Cunha -\",\"isPartOf\":{\"@id\":\"https:\\\/\\\/www.motricidades.org\\\/spqmh\\\/#website\"},\"primaryImageOfPage\":{\"@id\":\"https:\\\/\\\/www.motricidades.org\\\/spqmh\\\/biografias\\\/manuel-sergio-vieira-e-cunha\\\/#primaryimage\"},\"image\":{\"@id\":\"https:\\\/\\\/www.motricidades.org\\\/spqmh\\\/biografias\\\/manuel-sergio-vieira-e-cunha\\\/#primaryimage\"},\"thumbnailUrl\":\"https:\\\/\\\/www.motricidades.org\\\/spqmh\\\/wp-content\\\/uploads\\\/1000004124-150x150.jpg\",\"datePublished\":\"2017-06-25T22:38:31+00:00\",\"dateModified\":\"2025-07-19T22:40:13+00:00\",\"breadcrumb\":{\"@id\":\"https:\\\/\\\/www.motricidades.org\\\/spqmh\\\/biografias\\\/manuel-sergio-vieira-e-cunha\\\/#breadcrumb\"},\"inLanguage\":\"pt-BR\",\"potentialAction\":[{\"@type\":\"ReadAction\",\"target\":[\"https:\\\/\\\/www.motricidades.org\\\/spqmh\\\/biografias\\\/manuel-sergio-vieira-e-cunha\\\/\"]}]},{\"@type\":\"ImageObject\",\"inLanguage\":\"pt-BR\",\"@id\":\"https:\\\/\\\/www.motricidades.org\\\/spqmh\\\/biografias\\\/manuel-sergio-vieira-e-cunha\\\/#primaryimage\",\"url\":\"https:\\\/\\\/www.motricidades.org\\\/spqmh\\\/wp-content\\\/uploads\\\/1000004124.jpg\",\"contentUrl\":\"https:\\\/\\\/www.motricidades.org\\\/spqmh\\\/wp-content\\\/uploads\\\/1000004124.jpg\",\"width\":1029,\"height\":1274},{\"@type\":\"BreadcrumbList\",\"@id\":\"https:\\\/\\\/www.motricidades.org\\\/spqmh\\\/biografias\\\/manuel-sergio-vieira-e-cunha\\\/#breadcrumb\",\"itemListElement\":[{\"@type\":\"ListItem\",\"position\":1,\"name\":\"In\u00edcio\",\"item\":\"https:\\\/\\\/www.motricidades.org\\\/spqmh\\\/\"},{\"@type\":\"ListItem\",\"position\":2,\"name\":\"Biografias\",\"item\":\"https:\\\/\\\/www.motricidades.org\\\/spqmh\\\/biografias\\\/\"},{\"@type\":\"ListItem\",\"position\":3,\"name\":\"Manuel S\u00e9rgio Vieira e Cunha\"}]},{\"@type\":\"WebSite\",\"@id\":\"https:\\\/\\\/www.motricidades.org\\\/spqmh\\\/#website\",\"url\":\"https:\\\/\\\/www.motricidades.org\\\/spqmh\\\/\",\"name\":\"\",\"description\":\"SOCIEDADE DE PESQUISA QUALITATIVA EM MOTRICIDADE HUMANA - SPQMH\",\"potentialAction\":[{\"@type\":\"SearchAction\",\"target\":{\"@type\":\"EntryPoint\",\"urlTemplate\":\"https:\\\/\\\/www.motricidades.org\\\/spqmh\\\/?s={search_term_string}\"},\"query-input\":{\"@type\":\"PropertyValueSpecification\",\"valueRequired\":true,\"valueName\":\"search_term_string\"}}],\"inLanguage\":\"pt-BR\"}]}<\/script>\n<!-- \/ Yoast SEO plugin. -->","yoast_head_json":{"title":"Manuel S\u00e9rgio Vieira e Cunha -","robots":{"index":"index","follow":"follow","max-snippet":"max-snippet:-1","max-image-preview":"max-image-preview:large","max-video-preview":"max-video-preview:-1"},"canonical":"https:\/\/www.motricidades.org\/spqmh\/biografias\/manuel-sergio-vieira-e-cunha\/","og_locale":"pt_BR","og_type":"article","og_title":"Manuel S\u00e9rgio Vieira e Cunha -","og_description":"Nascido em Lisboa, Portugal, a 20 de abril de 1933. Licenciado em Filosofia, Doutorado e Professor Agregado em Motricidade Humana pela Universidade T\u00e9cnica de Lisboa. A sua tese de doutoramento, intitulada &#8220;Para uma Epistemologia da Motricidade Humana&#8221; (junho de 1986), defende a exist\u00eancia da Ci\u00eancia da Motricidade Humana, de que a Educa\u00e7\u00e3o F\u00edsica \u00e9 a...","og_url":"https:\/\/www.motricidades.org\/spqmh\/biografias\/manuel-sergio-vieira-e-cunha\/","article_modified_time":"2025-07-19T22:40:13+00:00","og_image":[{"width":1029,"height":1274,"url":"https:\/\/www.motricidades.org\/spqmh\/wp-content\/uploads\/1000004124.jpg","type":"image\/jpeg"}],"twitter_card":"summary_large_image","twitter_misc":{"Est. tempo de leitura":"4 minutos"},"schema":{"@context":"https:\/\/schema.org","@graph":[{"@type":"WebPage","@id":"https:\/\/www.motricidades.org\/spqmh\/biografias\/manuel-sergio-vieira-e-cunha\/","url":"https:\/\/www.motricidades.org\/spqmh\/biografias\/manuel-sergio-vieira-e-cunha\/","name":"Manuel S\u00e9rgio Vieira e Cunha -","isPartOf":{"@id":"https:\/\/www.motricidades.org\/spqmh\/#website"},"primaryImageOfPage":{"@id":"https:\/\/www.motricidades.org\/spqmh\/biografias\/manuel-sergio-vieira-e-cunha\/#primaryimage"},"image":{"@id":"https:\/\/www.motricidades.org\/spqmh\/biografias\/manuel-sergio-vieira-e-cunha\/#primaryimage"},"thumbnailUrl":"https:\/\/www.motricidades.org\/spqmh\/wp-content\/uploads\/1000004124-150x150.jpg","datePublished":"2017-06-25T22:38:31+00:00","dateModified":"2025-07-19T22:40:13+00:00","breadcrumb":{"@id":"https:\/\/www.motricidades.org\/spqmh\/biografias\/manuel-sergio-vieira-e-cunha\/#breadcrumb"},"inLanguage":"pt-BR","potentialAction":[{"@type":"ReadAction","target":["https:\/\/www.motricidades.org\/spqmh\/biografias\/manuel-sergio-vieira-e-cunha\/"]}]},{"@type":"ImageObject","inLanguage":"pt-BR","@id":"https:\/\/www.motricidades.org\/spqmh\/biografias\/manuel-sergio-vieira-e-cunha\/#primaryimage","url":"https:\/\/www.motricidades.org\/spqmh\/wp-content\/uploads\/1000004124.jpg","contentUrl":"https:\/\/www.motricidades.org\/spqmh\/wp-content\/uploads\/1000004124.jpg","width":1029,"height":1274},{"@type":"BreadcrumbList","@id":"https:\/\/www.motricidades.org\/spqmh\/biografias\/manuel-sergio-vieira-e-cunha\/#breadcrumb","itemListElement":[{"@type":"ListItem","position":1,"name":"In\u00edcio","item":"https:\/\/www.motricidades.org\/spqmh\/"},{"@type":"ListItem","position":2,"name":"Biografias","item":"https:\/\/www.motricidades.org\/spqmh\/biografias\/"},{"@type":"ListItem","position":3,"name":"Manuel S\u00e9rgio Vieira e Cunha"}]},{"@type":"WebSite","@id":"https:\/\/www.motricidades.org\/spqmh\/#website","url":"https:\/\/www.motricidades.org\/spqmh\/","name":"","description":"SOCIEDADE DE PESQUISA QUALITATIVA EM MOTRICIDADE HUMANA - SPQMH","potentialAction":[{"@type":"SearchAction","target":{"@type":"EntryPoint","urlTemplate":"https:\/\/www.motricidades.org\/spqmh\/?s={search_term_string}"},"query-input":{"@type":"PropertyValueSpecification","valueRequired":true,"valueName":"search_term_string"}}],"inLanguage":"pt-BR"}]}},"_links":{"self":[{"href":"https:\/\/www.motricidades.org\/spqmh\/wp-json\/wp\/v2\/pages\/231","targetHints":{"allow":["GET"]}}],"collection":[{"href":"https:\/\/www.motricidades.org\/spqmh\/wp-json\/wp\/v2\/pages"}],"about":[{"href":"https:\/\/www.motricidades.org\/spqmh\/wp-json\/wp\/v2\/types\/page"}],"author":[{"embeddable":true,"href":"https:\/\/www.motricidades.org\/spqmh\/wp-json\/wp\/v2\/users\/1"}],"replies":[{"embeddable":true,"href":"https:\/\/www.motricidades.org\/spqmh\/wp-json\/wp\/v2\/comments?post=231"}],"version-history":[{"count":14,"href":"https:\/\/www.motricidades.org\/spqmh\/wp-json\/wp\/v2\/pages\/231\/revisions"}],"predecessor-version":[{"id":2889,"href":"https:\/\/www.motricidades.org\/spqmh\/wp-json\/wp\/v2\/pages\/231\/revisions\/2889"}],"up":[{"embeddable":true,"href":"https:\/\/www.motricidades.org\/spqmh\/wp-json\/wp\/v2\/pages\/223"}],"wp:attachment":[{"href":"https:\/\/www.motricidades.org\/spqmh\/wp-json\/wp\/v2\/media?parent=231"}],"curies":[{"name":"wp","href":"https:\/\/api.w.org\/{rel}","templated":true}]}}