{"id":2333,"date":"2023-10-06T06:30:06","date_gmt":"2023-10-06T09:30:06","guid":{"rendered":"https:\/\/www.motricidades.org\/spqmh\/?page_id=2333"},"modified":"2023-10-06T06:30:06","modified_gmt":"2023-10-06T09:30:06","slug":"podcast-cafe-com-esperanca","status":"publish","type":"page","link":"https:\/\/www.motricidades.org\/spqmh\/podcast-cafe-com-esperanca\/","title":{"rendered":"Podcast Caf\u00e9 com Esperan\u00e7a"},"content":{"rendered":"\n<p>Os epis\u00f3dios abordam variados temas relacionados \u00e0 Educa\u00e7\u00e3o, Artes, Educa\u00e7\u00e3o F\u00edsica, Lazer, Meio Ambiente, Motricidade Humana, Sa\u00fade e Pesquisa Qualitativa em di\u00e1logo com materiais de diversas manifesta\u00e7\u00f5es art\u00edsticas, tais como cinema, teatro, m\u00fasica, pintura, literatura, entre outras. Desde sua funda\u00e7\u00e3o, realizamos as seguintes s\u00e9ries: &#8220;Relacionando Textos Acad\u00eamicos e Filmes&#8221;;\u00a0\u00a0\u201cMetodologias e Procedimentos de Pesquisa Qualitativa\u201d;\u00a0\u00a0\u201cSaberes Ind\u00edgenas que Inspiram\u201d;\u00a0\u00a0\u201cInterfaces Artes e Educa\u00e7\u00e3o na Am\u00e9rica Latina\u201d, com variados epis\u00f3dios e convidad@s.<br>Cria\u00e7\u00e3o e organiza\u00e7\u00e3o:<br>Thales Alves<br>Robson Amaral da Silva<br>Miri\u00e3 Martins de Brito<br>Matheus Oliveira Santos<br>Osmar Moreira de Souza J\u00fanior<br>Luiz Gon\u00e7alves Junior<\/p>\n\n\n\n<p>Para acompanhar os epis\u00f3dios acesse:<\/p>\n\n\n\n<figure class=\"wp-block-embed is-type-rich is-provider-spotify wp-block-embed-spotify wp-embed-aspect-21-9 wp-has-aspect-ratio\"><div class=\"wp-block-embed__wrapper\">\n<iframe title=\"Spotify Embed: Caf\u00e9 com Esperan\u00e7a\" style=\"border-radius: 12px\" width=\"100%\" height=\"152\" frameborder=\"0\" allowfullscreen allow=\"autoplay; clipboard-write; encrypted-media; fullscreen; picture-in-picture\" loading=\"lazy\" src=\"https:\/\/open.spotify.com\/embed\/show\/60ApyORFDd3Te4YhXb3fsv?utm_source=oembed\"><\/iframe>\n<\/div><\/figure>\n\n\n\n<p><\/p>\n","protected":false},"excerpt":{"rendered":"<p>Os epis\u00f3dios abordam variados temas relacionados \u00e0 Educa\u00e7\u00e3o, Artes, Educa\u00e7\u00e3o F\u00edsica, Lazer, Meio Ambiente, Motricidade Humana, Sa\u00fade e Pesquisa Qualitativa em di\u00e1logo com materiais de diversas manifesta\u00e7\u00f5es art\u00edsticas, tais como cinema, teatro, m\u00fasica, pintura, literatura, entre outras. Desde sua funda\u00e7\u00e3o, realizamos as seguintes s\u00e9ries: &#8220;Relacionando Textos Acad\u00eamicos e Filmes&#8221;;\u00a0\u00a0\u201cMetodologias e Procedimentos de Pesquisa Qualitativa\u201d;\u00a0\u00a0\u201cSaberes Ind\u00edgenas&#8230;<\/p>\n","protected":false},"author":1,"featured_media":0,"parent":0,"menu_order":7,"comment_status":"closed","ping_status":"closed","template":"","meta":{"footnotes":""},"class_list":["post-2333","page","type-page","status-publish","hentry"],"yoast_head":"<!-- This site is optimized with the Yoast SEO plugin v27.4 - https:\/\/yoast.com\/product\/yoast-seo-wordpress\/ -->\n<title>Podcast Caf\u00e9 com Esperan\u00e7a -<\/title>\n<meta name=\"robots\" content=\"index, follow, max-snippet:-1, max-image-preview:large, max-video-preview:-1\" \/>\n<link rel=\"canonical\" href=\"https:\/\/www.motricidades.org\/spqmh\/podcast-cafe-com-esperanca\/\" \/>\n<meta property=\"og:locale\" content=\"pt_BR\" \/>\n<meta property=\"og:type\" content=\"article\" \/>\n<meta property=\"og:title\" content=\"Podcast Caf\u00e9 com Esperan\u00e7a -\" \/>\n<meta property=\"og:description\" content=\"Os epis\u00f3dios abordam variados temas relacionados \u00e0 Educa\u00e7\u00e3o, Artes, Educa\u00e7\u00e3o F\u00edsica, Lazer, Meio Ambiente, Motricidade Humana, Sa\u00fade e Pesquisa Qualitativa em di\u00e1logo com materiais de diversas manifesta\u00e7\u00f5es art\u00edsticas, tais como cinema, teatro, m\u00fasica, pintura, literatura, entre outras. Desde sua funda\u00e7\u00e3o, realizamos as seguintes s\u00e9ries: &#8220;Relacionando Textos Acad\u00eamicos e Filmes&#8221;;\u00a0\u00a0\u201cMetodologias e Procedimentos de Pesquisa Qualitativa\u201d;\u00a0\u00a0\u201cSaberes Ind\u00edgenas...\" \/>\n<meta property=\"og:url\" content=\"https:\/\/www.motricidades.org\/spqmh\/podcast-cafe-com-esperanca\/\" \/>\n<meta name=\"twitter:card\" content=\"summary_large_image\" \/>\n<meta name=\"twitter:label1\" content=\"Est. tempo de leitura\" \/>\n\t<meta name=\"twitter:data1\" content=\"1 minuto\" \/>\n<script type=\"application\/ld+json\" class=\"yoast-schema-graph\">{\"@context\":\"https:\\\/\\\/schema.org\",\"@graph\":[{\"@type\":\"WebPage\",\"@id\":\"https:\\\/\\\/www.motricidades.org\\\/spqmh\\\/podcast-cafe-com-esperanca\\\/\",\"url\":\"https:\\\/\\\/www.motricidades.org\\\/spqmh\\\/podcast-cafe-com-esperanca\\\/\",\"name\":\"Podcast Caf\u00e9 com Esperan\u00e7a -\",\"isPartOf\":{\"@id\":\"https:\\\/\\\/www.motricidades.org\\\/spqmh\\\/#website\"},\"datePublished\":\"2023-10-06T09:30:06+00:00\",\"breadcrumb\":{\"@id\":\"https:\\\/\\\/www.motricidades.org\\\/spqmh\\\/podcast-cafe-com-esperanca\\\/#breadcrumb\"},\"inLanguage\":\"pt-BR\",\"potentialAction\":[{\"@type\":\"ReadAction\",\"target\":[\"https:\\\/\\\/www.motricidades.org\\\/spqmh\\\/podcast-cafe-com-esperanca\\\/\"]}]},{\"@type\":\"BreadcrumbList\",\"@id\":\"https:\\\/\\\/www.motricidades.org\\\/spqmh\\\/podcast-cafe-com-esperanca\\\/#breadcrumb\",\"itemListElement\":[{\"@type\":\"ListItem\",\"position\":1,\"name\":\"In\u00edcio\",\"item\":\"https:\\\/\\\/www.motricidades.org\\\/spqmh\\\/\"},{\"@type\":\"ListItem\",\"position\":2,\"name\":\"Podcast Caf\u00e9 com Esperan\u00e7a\"}]},{\"@type\":\"WebSite\",\"@id\":\"https:\\\/\\\/www.motricidades.org\\\/spqmh\\\/#website\",\"url\":\"https:\\\/\\\/www.motricidades.org\\\/spqmh\\\/\",\"name\":\"\",\"description\":\"SOCIEDADE DE PESQUISA QUALITATIVA EM MOTRICIDADE HUMANA - SPQMH\",\"potentialAction\":[{\"@type\":\"SearchAction\",\"target\":{\"@type\":\"EntryPoint\",\"urlTemplate\":\"https:\\\/\\\/www.motricidades.org\\\/spqmh\\\/?s={search_term_string}\"},\"query-input\":{\"@type\":\"PropertyValueSpecification\",\"valueRequired\":true,\"valueName\":\"search_term_string\"}}],\"inLanguage\":\"pt-BR\"}]}<\/script>\n<!-- \/ Yoast SEO plugin. -->","yoast_head_json":{"title":"Podcast Caf\u00e9 com Esperan\u00e7a -","robots":{"index":"index","follow":"follow","max-snippet":"max-snippet:-1","max-image-preview":"max-image-preview:large","max-video-preview":"max-video-preview:-1"},"canonical":"https:\/\/www.motricidades.org\/spqmh\/podcast-cafe-com-esperanca\/","og_locale":"pt_BR","og_type":"article","og_title":"Podcast Caf\u00e9 com Esperan\u00e7a -","og_description":"Os epis\u00f3dios abordam variados temas relacionados \u00e0 Educa\u00e7\u00e3o, Artes, Educa\u00e7\u00e3o F\u00edsica, Lazer, Meio Ambiente, Motricidade Humana, Sa\u00fade e Pesquisa Qualitativa em di\u00e1logo com materiais de diversas manifesta\u00e7\u00f5es art\u00edsticas, tais como cinema, teatro, m\u00fasica, pintura, literatura, entre outras. Desde sua funda\u00e7\u00e3o, realizamos as seguintes s\u00e9ries: &#8220;Relacionando Textos Acad\u00eamicos e Filmes&#8221;;\u00a0\u00a0\u201cMetodologias e Procedimentos de Pesquisa Qualitativa\u201d;\u00a0\u00a0\u201cSaberes Ind\u00edgenas...","og_url":"https:\/\/www.motricidades.org\/spqmh\/podcast-cafe-com-esperanca\/","twitter_card":"summary_large_image","twitter_misc":{"Est. tempo de leitura":"1 minuto"},"schema":{"@context":"https:\/\/schema.org","@graph":[{"@type":"WebPage","@id":"https:\/\/www.motricidades.org\/spqmh\/podcast-cafe-com-esperanca\/","url":"https:\/\/www.motricidades.org\/spqmh\/podcast-cafe-com-esperanca\/","name":"Podcast Caf\u00e9 com Esperan\u00e7a -","isPartOf":{"@id":"https:\/\/www.motricidades.org\/spqmh\/#website"},"datePublished":"2023-10-06T09:30:06+00:00","breadcrumb":{"@id":"https:\/\/www.motricidades.org\/spqmh\/podcast-cafe-com-esperanca\/#breadcrumb"},"inLanguage":"pt-BR","potentialAction":[{"@type":"ReadAction","target":["https:\/\/www.motricidades.org\/spqmh\/podcast-cafe-com-esperanca\/"]}]},{"@type":"BreadcrumbList","@id":"https:\/\/www.motricidades.org\/spqmh\/podcast-cafe-com-esperanca\/#breadcrumb","itemListElement":[{"@type":"ListItem","position":1,"name":"In\u00edcio","item":"https:\/\/www.motricidades.org\/spqmh\/"},{"@type":"ListItem","position":2,"name":"Podcast Caf\u00e9 com Esperan\u00e7a"}]},{"@type":"WebSite","@id":"https:\/\/www.motricidades.org\/spqmh\/#website","url":"https:\/\/www.motricidades.org\/spqmh\/","name":"","description":"SOCIEDADE DE PESQUISA QUALITATIVA EM MOTRICIDADE HUMANA - SPQMH","potentialAction":[{"@type":"SearchAction","target":{"@type":"EntryPoint","urlTemplate":"https:\/\/www.motricidades.org\/spqmh\/?s={search_term_string}"},"query-input":{"@type":"PropertyValueSpecification","valueRequired":true,"valueName":"search_term_string"}}],"inLanguage":"pt-BR"}]}},"_links":{"self":[{"href":"https:\/\/www.motricidades.org\/spqmh\/wp-json\/wp\/v2\/pages\/2333","targetHints":{"allow":["GET"]}}],"collection":[{"href":"https:\/\/www.motricidades.org\/spqmh\/wp-json\/wp\/v2\/pages"}],"about":[{"href":"https:\/\/www.motricidades.org\/spqmh\/wp-json\/wp\/v2\/types\/page"}],"author":[{"embeddable":true,"href":"https:\/\/www.motricidades.org\/spqmh\/wp-json\/wp\/v2\/users\/1"}],"replies":[{"embeddable":true,"href":"https:\/\/www.motricidades.org\/spqmh\/wp-json\/wp\/v2\/comments?post=2333"}],"version-history":[{"count":1,"href":"https:\/\/www.motricidades.org\/spqmh\/wp-json\/wp\/v2\/pages\/2333\/revisions"}],"predecessor-version":[{"id":2334,"href":"https:\/\/www.motricidades.org\/spqmh\/wp-json\/wp\/v2\/pages\/2333\/revisions\/2334"}],"wp:attachment":[{"href":"https:\/\/www.motricidades.org\/spqmh\/wp-json\/wp\/v2\/media?parent=2333"}],"curies":[{"name":"wp","href":"https:\/\/api.w.org\/{rel}","templated":true}]}}

Podcast Café com Esperança

<p>Os episódios abordam variados temas relacionados à Educação, Artes, Educação Física, Lazer, Meio Ambiente, Motricidade Humana, Saúde e Pesquisa Qualitativa em diálogo com materiais de diversas manifestações artísticas, tais como cinema, teatro, música, pintura, literatura, entre outras. Desde sua fundação, realizamos as seguintes séries: &#8220;Relacionando Textos Acadêmicos e Filmes&#8221;;  “Metodologias e Procedimentos de Pesquisa Qualitativa”;  “Saberes Indígenas que Inspiram”;  “Interfaces Artes e Educação na América Latina”, com variados episódios e convidad@s.<br>Criação e organização:<br>Thales Alves<br>Robson Amaral da Silva<br>Miriã Martins de Brito<br>Matheus Oliveira Santos<br>Osmar Moreira de Souza Júnior<br>Luiz Gonçalves Junior</p>



<p>Para acompanhar os episódios acesse:</p>



<figure class="wp-block-embed is-type-rich is-provider-spotify wp-block-embed-spotify wp-embed-aspect-21-9 wp-has-aspect-ratio"><div class="wp-block-embed__wrapper">
<iframe title="Spotify Embed: Café com Esperança" style="border-radius: 12px" width="100%" height="152" frameborder="0" allowfullscreen allow="autoplay; clipboard-write; encrypted-media; fullscreen; picture-in-picture" loading="lazy" src="https://open.spotify.com/embed/show/60ApyORFDd3Te4YhXb3fsv?utm_source=oembed"></iframe>
</div></figure>



<p></p>

<p>Os episódios abordam variados temas relacionados à Educação, Artes, Educação Física, Lazer, Meio Ambiente, Motricidade Humana, Saúde e Pesquisa Qualitativa em diálogo com materiais de diversas manifestações artísticas, tais como cinema, teatro, música, pintura, literatura, entre outras. Desde sua fundação, realizamos as seguintes séries: &#8220;Relacionando Textos Acadêmicos e Filmes&#8221;;  “Metodologias e Procedimentos de Pesquisa Qualitativa”;  “Saberes Indígenas&#8230;</p>

<!-- This site is optimized with the Yoast SEO plugin v27.4 - https://yoast.com/product/yoast-seo-wordpress/ -->
<title>Podcast Café com Esperança -</title>
<meta name="robots" content="index, follow, max-snippet:-1, max-image-preview:large, max-video-preview:-1" />
<link rel="canonical" href="https://www.motricidades.org/spqmh/podcast-cafe-com-esperanca/" />
<meta property="og:locale" content="pt_BR" />
<meta property="og:type" content="article" />
<meta property="og:title" content="Podcast Café com Esperança -" />
<meta property="og:description" content="Os episódios abordam variados temas relacionados à Educação, Artes, Educação Física, Lazer, Meio Ambiente, Motricidade Humana, Saúde e Pesquisa Qualitativa em diálogo com materiais de diversas manifestações artísticas, tais como cinema, teatro, música, pintura, literatura, entre outras. Desde sua fundação, realizamos as seguintes séries: &#8220;Relacionando Textos Acadêmicos e Filmes&#8221;;  “Metodologias e Procedimentos de Pesquisa Qualitativa”;  “Saberes Indígenas..." />
<meta property="og:url" content="https://www.motricidades.org/spqmh/podcast-cafe-com-esperanca/" />
<meta name="twitter:card" content="summary_large_image" />
<meta name="twitter:label1" content="Est. tempo de leitura" />
	<meta name="twitter:data1" content="1 minuto" />
<script type="application/ld+json" class="yoast-schema-graph">{"@context":"https:\/\/schema.org","@graph":[{"@type":"WebPage","@id":"https:\/\/www.motricidades.org\/spqmh\/podcast-cafe-com-esperanca\/","url":"https:\/\/www.motricidades.org\/spqmh\/podcast-cafe-com-esperanca\/","name":"Podcast Café com Esperança -","isPartOf":{"@id":"https:\/\/www.motricidades.org\/spqmh\/#website"},"datePublished":"2023-10-06T09:30:06+00:00","breadcrumb":{"@id":"https:\/\/www.motricidades.org\/spqmh\/podcast-cafe-com-esperanca\/#breadcrumb"},"inLanguage":"pt-BR","potentialAction":[{"@type":"ReadAction","target":["https:\/\/www.motricidades.org\/spqmh\/podcast-cafe-com-esperanca\/"]}]},{"@type":"BreadcrumbList","@id":"https:\/\/www.motricidades.org\/spqmh\/podcast-cafe-com-esperanca\/#breadcrumb","itemListElement":[{"@type":"ListItem","position":1,"name":"Início","item":"https:\/\/www.motricidades.org\/spqmh\/"},{"@type":"ListItem","position":2,"name":"Podcast Café com Esperança"}]},{"@type":"WebSite","@id":"https:\/\/www.motricidades.org\/spqmh\/#website","url":"https:\/\/www.motricidades.org\/spqmh\/","name":"","description":"SOCIEDADE DE PESQUISA QUALITATIVA EM MOTRICIDADE HUMANA - SPQMH","potentialAction":[{"@type":"SearchAction","target":{"@type":"EntryPoint","urlTemplate":"https:\/\/www.motricidades.org\/spqmh\/?s={search_term_string}"},"query-input":{"@type":"PropertyValueSpecification","valueRequired":true,"valueName":"search_term_string"}}],"inLanguage":"pt-BR"}]}</script>
<!-- / Yoast SEO plugin. -->

Podcast Café com Esperança -

Os episódios abordam variados temas relacionados à Educação, Artes, Educação Física, Lazer, Meio Ambiente, Motricidade Humana, Saúde e Pesquisa Qualitativa em diálogo com materiais de diversas manifestações artísticas, tais como cinema, teatro, música, pintura, literatura, entre outras. Desde sua fundação, realizamos as seguintes séries: &#8220;Relacionando Textos Acadêmicos e Filmes&#8221;;  “Metodologias e Procedimentos de Pesquisa Qualitativa”;  “Saberes Indígenas...

Início
