{"id":242,"date":"2017-06-25T19:43:46","date_gmt":"2017-06-25T22:43:46","guid":{"rendered":"http:\/\/www.motricidades.org\/spqmh\/?page_id=242"},"modified":"2025-07-19T19:39:37","modified_gmt":"2025-07-19T22:39:37","slug":"vitoria-helena-cunha-esposito","status":"publish","type":"page","link":"https:\/\/www.motricidades.org\/spqmh\/biografias\/vitoria-helena-cunha-esposito\/","title":{"rendered":"Vit\u00f3ria Helena Cunha Esp\u00f3sito"},"content":{"rendered":"<p align=\"center\"><img decoding=\"async\" src=\"https:\/\/www.motricidades.org\/spqmh\/wp-content\/uploads\/vitoria.jpg\" \/><\/p>\n<p class=\"style2\" align=\"justify\">Foi professora Titular da Faculdade de Educa\u00e7\u00e3o da Pontif\u00edcia Universidade Cat\u00f3lica de S\u00e3o Paulo e professora orientadora da Universidade Federal de S\u00e3o Paulo (Enfermagem). S\u00f3cia-Fundadora da Sociedade de Estudos e Pesquisa Qualitativos (SE&amp;PQ), sendo que, durante sua gest\u00e3o com Presidente da SE&amp;PQ (1999-2001), organizou em parceria com a Universidade do Sagrado Cora\u00e7\u00e3o (USC), em Bauru, o I SEMIN\u00c1RIO INTERNACIONAL DE PESQUISA E ESTUDOS QUALITATIVOS.<\/p>\n<p>Sob a orienta\u00e7\u00e3o do Dr. Joel Martins defendeu sua Disserta\u00e7\u00e3o de Mestrado (1986), intitulada &#8220;Administra\u00e7\u00e3o Educacional: uma experi\u00eancia de trabalho re-visitada&#8221;, junto ao Programa de Estudos P\u00f3s-graduados em Educa\u00e7\u00e3o (Supervis\u00e3o e Curr\u00edculo), da PUC-SP. Em 1991 defendeu sua tese de doutoramento junto ao mesmo Programa, e com o mesmo orientador, intitulada: &#8220;A Escola: os processos institucionais e os universos simb\u00f3licos&#8221;.<\/p>\n<p>Coordenou o Grupo de Pesquisa &#8220;Educa\u00e7\u00e3o e produ\u00e7\u00e3o de conhecimento&#8221;, na PUC-SP, no qual orientou e desenvolveu pesquisas na linha &#8220;a constru\u00e7\u00e3o e a produ\u00e7\u00e3o do conhecimento na interven\u00e7\u00e3o educativa&#8221;.<\/p>\n<p>Recebeu o pr\u00eamio &#8220;Publica\u00e7\u00e3o pelo Fundo de Cultura do Munic\u00edpio de Santo Andr\u00e9&#8221; do livro: &#8220;Eu, um quadrado?&#8221;.<\/p>\n<p>Publicou artigo no primeiro n\u00famero da Motricidades: Revista da SPQMH \u2013 DOI: <a href=\"https:\/\/doi.org\/10.29181\/2594-6463-2021-v5-n2-p225-234\">https:\/\/doi.org\/10.29181\/2594-6463-2021-v5-n2-p225-234<\/a><\/p>\n<p>No ano de 2018 e 2021, publicou mais dois artigos na Motricidades: Revista da SPQMH \u2013 DOI:<span class=\"value\">\u00a0<a href=\"https:\/\/doi.org\/10.29181\/2594-6463-2018-v2-n1-p3-16\"> https:\/\/doi.org\/10.29181\/2594-6463-2018-v2-n1-p3-16<\/a><\/span><span style=\"color: initial;\">\u00a0 e <a href=\"https:\/\/doi.org\/10.29181\/2594-6463-2021-v5-n2-p225-234\">https:\/\/doi.org\/10.29181\/2594-6463-2021-v5-n2-p225-234<\/a><\/span><\/p>\n<p>Integrou o Conselho Editorial da Motricidades: Revista da SPQMH, no per\u00edodo de 2017 a 2025.<\/p>\n<p>Faleceu em 02 de julho de 2025.<\/p>\n","protected":false},"excerpt":{"rendered":"<p>Foi professora Titular da Faculdade de Educa\u00e7\u00e3o da Pontif\u00edcia Universidade Cat\u00f3lica de S\u00e3o Paulo e professora orientadora da Universidade Federal de S\u00e3o Paulo (Enfermagem). S\u00f3cia-Fundadora da Sociedade de Estudos e Pesquisa Qualitativos (SE&amp;PQ), sendo que, durante sua gest\u00e3o com Presidente da SE&amp;PQ (1999-2001), organizou em parceria com a Universidade do Sagrado Cora\u00e7\u00e3o (USC), em Bauru,&#8230;<\/p>\n","protected":false},"author":1,"featured_media":0,"parent":223,"menu_order":9,"comment_status":"closed","ping_status":"closed","template":"","meta":{"footnotes":""},"class_list":["post-242","page","type-page","status-publish","hentry"],"yoast_head":"<!-- This site is optimized with the Yoast SEO plugin v27.4 - https:\/\/yoast.com\/product\/yoast-seo-wordpress\/ -->\n<title>Vit\u00f3ria Helena Cunha Esp\u00f3sito -<\/title>\n<meta name=\"robots\" content=\"index, follow, max-snippet:-1, max-image-preview:large, max-video-preview:-1\" \/>\n<link rel=\"canonical\" href=\"https:\/\/www.motricidades.org\/spqmh\/biografias\/vitoria-helena-cunha-esposito\/\" \/>\n<meta property=\"og:locale\" content=\"pt_BR\" \/>\n<meta property=\"og:type\" content=\"article\" \/>\n<meta property=\"og:title\" content=\"Vit\u00f3ria Helena Cunha Esp\u00f3sito -\" \/>\n<meta property=\"og:description\" content=\"Foi professora Titular da Faculdade de Educa\u00e7\u00e3o da Pontif\u00edcia Universidade Cat\u00f3lica de S\u00e3o Paulo e professora orientadora da Universidade Federal de S\u00e3o Paulo (Enfermagem). S\u00f3cia-Fundadora da Sociedade de Estudos e Pesquisa Qualitativos (SE&amp;PQ), sendo que, durante sua gest\u00e3o com Presidente da SE&amp;PQ (1999-2001), organizou em parceria com a Universidade do Sagrado Cora\u00e7\u00e3o (USC), em Bauru,...\" \/>\n<meta property=\"og:url\" content=\"https:\/\/www.motricidades.org\/spqmh\/biografias\/vitoria-helena-cunha-esposito\/\" \/>\n<meta property=\"article:modified_time\" content=\"2025-07-19T22:39:37+00:00\" \/>\n<meta property=\"og:image\" content=\"http:\/\/www.motricidades.org\/spqmh\/wp-content\/uploads\/vitoria.jpg\" \/>\n<meta name=\"twitter:card\" content=\"summary_large_image\" \/>\n<meta name=\"twitter:label1\" content=\"Est. tempo de leitura\" \/>\n\t<meta name=\"twitter:data1\" content=\"2 minutos\" \/>\n<script type=\"application\/ld+json\" class=\"yoast-schema-graph\">{\"@context\":\"https:\\\/\\\/schema.org\",\"@graph\":[{\"@type\":\"WebPage\",\"@id\":\"https:\\\/\\\/www.motricidades.org\\\/spqmh\\\/biografias\\\/vitoria-helena-cunha-esposito\\\/\",\"url\":\"https:\\\/\\\/www.motricidades.org\\\/spqmh\\\/biografias\\\/vitoria-helena-cunha-esposito\\\/\",\"name\":\"Vit\u00f3ria Helena Cunha Esp\u00f3sito -\",\"isPartOf\":{\"@id\":\"https:\\\/\\\/www.motricidades.org\\\/spqmh\\\/#website\"},\"primaryImageOfPage\":{\"@id\":\"https:\\\/\\\/www.motricidades.org\\\/spqmh\\\/biografias\\\/vitoria-helena-cunha-esposito\\\/#primaryimage\"},\"image\":{\"@id\":\"https:\\\/\\\/www.motricidades.org\\\/spqmh\\\/biografias\\\/vitoria-helena-cunha-esposito\\\/#primaryimage\"},\"thumbnailUrl\":\"http:\\\/\\\/www.motricidades.org\\\/spqmh\\\/wp-content\\\/uploads\\\/vitoria.jpg\",\"datePublished\":\"2017-06-25T22:43:46+00:00\",\"dateModified\":\"2025-07-19T22:39:37+00:00\",\"breadcrumb\":{\"@id\":\"https:\\\/\\\/www.motricidades.org\\\/spqmh\\\/biografias\\\/vitoria-helena-cunha-esposito\\\/#breadcrumb\"},\"inLanguage\":\"pt-BR\",\"potentialAction\":[{\"@type\":\"ReadAction\",\"target\":[\"https:\\\/\\\/www.motricidades.org\\\/spqmh\\\/biografias\\\/vitoria-helena-cunha-esposito\\\/\"]}]},{\"@type\":\"ImageObject\",\"inLanguage\":\"pt-BR\",\"@id\":\"https:\\\/\\\/www.motricidades.org\\\/spqmh\\\/biografias\\\/vitoria-helena-cunha-esposito\\\/#primaryimage\",\"url\":\"http:\\\/\\\/www.motricidades.org\\\/spqmh\\\/wp-content\\\/uploads\\\/vitoria.jpg\",\"contentUrl\":\"http:\\\/\\\/www.motricidades.org\\\/spqmh\\\/wp-content\\\/uploads\\\/vitoria.jpg\"},{\"@type\":\"BreadcrumbList\",\"@id\":\"https:\\\/\\\/www.motricidades.org\\\/spqmh\\\/biografias\\\/vitoria-helena-cunha-esposito\\\/#breadcrumb\",\"itemListElement\":[{\"@type\":\"ListItem\",\"position\":1,\"name\":\"In\u00edcio\",\"item\":\"https:\\\/\\\/www.motricidades.org\\\/spqmh\\\/\"},{\"@type\":\"ListItem\",\"position\":2,\"name\":\"Biografias\",\"item\":\"https:\\\/\\\/www.motricidades.org\\\/spqmh\\\/biografias\\\/\"},{\"@type\":\"ListItem\",\"position\":3,\"name\":\"Vit\u00f3ria Helena Cunha Esp\u00f3sito\"}]},{\"@type\":\"WebSite\",\"@id\":\"https:\\\/\\\/www.motricidades.org\\\/spqmh\\\/#website\",\"url\":\"https:\\\/\\\/www.motricidades.org\\\/spqmh\\\/\",\"name\":\"\",\"description\":\"SOCIEDADE DE PESQUISA QUALITATIVA EM MOTRICIDADE HUMANA - SPQMH\",\"potentialAction\":[{\"@type\":\"SearchAction\",\"target\":{\"@type\":\"EntryPoint\",\"urlTemplate\":\"https:\\\/\\\/www.motricidades.org\\\/spqmh\\\/?s={search_term_string}\"},\"query-input\":{\"@type\":\"PropertyValueSpecification\",\"valueRequired\":true,\"valueName\":\"search_term_string\"}}],\"inLanguage\":\"pt-BR\"}]}<\/script>\n<!-- \/ Yoast SEO plugin. -->","yoast_head_json":{"title":"Vit\u00f3ria Helena Cunha Esp\u00f3sito -","robots":{"index":"index","follow":"follow","max-snippet":"max-snippet:-1","max-image-preview":"max-image-preview:large","max-video-preview":"max-video-preview:-1"},"canonical":"https:\/\/www.motricidades.org\/spqmh\/biografias\/vitoria-helena-cunha-esposito\/","og_locale":"pt_BR","og_type":"article","og_title":"Vit\u00f3ria Helena Cunha Esp\u00f3sito -","og_description":"Foi professora Titular da Faculdade de Educa\u00e7\u00e3o da Pontif\u00edcia Universidade Cat\u00f3lica de S\u00e3o Paulo e professora orientadora da Universidade Federal de S\u00e3o Paulo (Enfermagem). S\u00f3cia-Fundadora da Sociedade de Estudos e Pesquisa Qualitativos (SE&amp;PQ), sendo que, durante sua gest\u00e3o com Presidente da SE&amp;PQ (1999-2001), organizou em parceria com a Universidade do Sagrado Cora\u00e7\u00e3o (USC), em Bauru,...","og_url":"https:\/\/www.motricidades.org\/spqmh\/biografias\/vitoria-helena-cunha-esposito\/","article_modified_time":"2025-07-19T22:39:37+00:00","og_image":[{"url":"http:\/\/www.motricidades.org\/spqmh\/wp-content\/uploads\/vitoria.jpg","type":"","width":"","height":""}],"twitter_card":"summary_large_image","twitter_misc":{"Est. tempo de leitura":"2 minutos"},"schema":{"@context":"https:\/\/schema.org","@graph":[{"@type":"WebPage","@id":"https:\/\/www.motricidades.org\/spqmh\/biografias\/vitoria-helena-cunha-esposito\/","url":"https:\/\/www.motricidades.org\/spqmh\/biografias\/vitoria-helena-cunha-esposito\/","name":"Vit\u00f3ria Helena Cunha Esp\u00f3sito -","isPartOf":{"@id":"https:\/\/www.motricidades.org\/spqmh\/#website"},"primaryImageOfPage":{"@id":"https:\/\/www.motricidades.org\/spqmh\/biografias\/vitoria-helena-cunha-esposito\/#primaryimage"},"image":{"@id":"https:\/\/www.motricidades.org\/spqmh\/biografias\/vitoria-helena-cunha-esposito\/#primaryimage"},"thumbnailUrl":"http:\/\/www.motricidades.org\/spqmh\/wp-content\/uploads\/vitoria.jpg","datePublished":"2017-06-25T22:43:46+00:00","dateModified":"2025-07-19T22:39:37+00:00","breadcrumb":{"@id":"https:\/\/www.motricidades.org\/spqmh\/biografias\/vitoria-helena-cunha-esposito\/#breadcrumb"},"inLanguage":"pt-BR","potentialAction":[{"@type":"ReadAction","target":["https:\/\/www.motricidades.org\/spqmh\/biografias\/vitoria-helena-cunha-esposito\/"]}]},{"@type":"ImageObject","inLanguage":"pt-BR","@id":"https:\/\/www.motricidades.org\/spqmh\/biografias\/vitoria-helena-cunha-esposito\/#primaryimage","url":"http:\/\/www.motricidades.org\/spqmh\/wp-content\/uploads\/vitoria.jpg","contentUrl":"http:\/\/www.motricidades.org\/spqmh\/wp-content\/uploads\/vitoria.jpg"},{"@type":"BreadcrumbList","@id":"https:\/\/www.motricidades.org\/spqmh\/biografias\/vitoria-helena-cunha-esposito\/#breadcrumb","itemListElement":[{"@type":"ListItem","position":1,"name":"In\u00edcio","item":"https:\/\/www.motricidades.org\/spqmh\/"},{"@type":"ListItem","position":2,"name":"Biografias","item":"https:\/\/www.motricidades.org\/spqmh\/biografias\/"},{"@type":"ListItem","position":3,"name":"Vit\u00f3ria Helena Cunha Esp\u00f3sito"}]},{"@type":"WebSite","@id":"https:\/\/www.motricidades.org\/spqmh\/#website","url":"https:\/\/www.motricidades.org\/spqmh\/","name":"","description":"SOCIEDADE DE PESQUISA QUALITATIVA EM MOTRICIDADE HUMANA - SPQMH","potentialAction":[{"@type":"SearchAction","target":{"@type":"EntryPoint","urlTemplate":"https:\/\/www.motricidades.org\/spqmh\/?s={search_term_string}"},"query-input":{"@type":"PropertyValueSpecification","valueRequired":true,"valueName":"search_term_string"}}],"inLanguage":"pt-BR"}]}},"_links":{"self":[{"href":"https:\/\/www.motricidades.org\/spqmh\/wp-json\/wp\/v2\/pages\/242","targetHints":{"allow":["GET"]}}],"collection":[{"href":"https:\/\/www.motricidades.org\/spqmh\/wp-json\/wp\/v2\/pages"}],"about":[{"href":"https:\/\/www.motricidades.org\/spqmh\/wp-json\/wp\/v2\/types\/page"}],"author":[{"embeddable":true,"href":"https:\/\/www.motricidades.org\/spqmh\/wp-json\/wp\/v2\/users\/1"}],"replies":[{"embeddable":true,"href":"https:\/\/www.motricidades.org\/spqmh\/wp-json\/wp\/v2\/comments?post=242"}],"version-history":[{"count":4,"href":"https:\/\/www.motricidades.org\/spqmh\/wp-json\/wp\/v2\/pages\/242\/revisions"}],"predecessor-version":[{"id":2888,"href":"https:\/\/www.motricidades.org\/spqmh\/wp-json\/wp\/v2\/pages\/242\/revisions\/2888"}],"up":[{"embeddable":true,"href":"https:\/\/www.motricidades.org\/spqmh\/wp-json\/wp\/v2\/pages\/223"}],"wp:attachment":[{"href":"https:\/\/www.motricidades.org\/spqmh\/wp-json\/wp\/v2\/media?parent=242"}],"curies":[{"name":"wp","href":"https:\/\/api.w.org\/{rel}","templated":true}]}}

Vitória Helena Cunha Espósito

<p align="center"><img decoding="async" src="https://www.motricidades.org/spqmh/wp-content/uploads/vitoria.jpg" /></p>
<p class="style2" align="justify">Foi professora Titular da Faculdade de Educação da Pontifícia Universidade Católica de São Paulo e professora orientadora da Universidade Federal de São Paulo (Enfermagem). Sócia-Fundadora da Sociedade de Estudos e Pesquisa Qualitativos (SE&amp;PQ), sendo que, durante sua gestão com Presidente da SE&amp;PQ (1999-2001), organizou em parceria com a Universidade do Sagrado Coração (USC), em Bauru, o I SEMINÁRIO INTERNACIONAL DE PESQUISA E ESTUDOS QUALITATIVOS.</p>
<p>Sob a orientação do Dr. Joel Martins defendeu sua Dissertação de Mestrado (1986), intitulada &#8220;Administração Educacional: uma experiência de trabalho re-visitada&#8221;, junto ao Programa de Estudos Pós-graduados em Educação (Supervisão e Currículo), da PUC-SP. Em 1991 defendeu sua tese de doutoramento junto ao mesmo Programa, e com o mesmo orientador, intitulada: &#8220;A Escola: os processos institucionais e os universos simbólicos&#8221;.</p>
<p>Coordenou o Grupo de Pesquisa &#8220;Educação e produção de conhecimento&#8221;, na PUC-SP, no qual orientou e desenvolveu pesquisas na linha &#8220;a construção e a produção do conhecimento na intervenção educativa&#8221;.</p>
<p>Recebeu o prêmio &#8220;Publicação pelo Fundo de Cultura do Município de Santo André&#8221; do livro: &#8220;Eu, um quadrado?&#8221;.</p>
<p>Publicou artigo no primeiro número da Motricidades: Revista da SPQMH – DOI: <a href="https://doi.org/10.29181/2594-6463-2021-v5-n2-p225-234">https://doi.org/10.29181/2594-6463-2021-v5-n2-p225-234</a></p>
<p>No ano de 2018 e 2021, publicou mais dois artigos na Motricidades: Revista da SPQMH – DOI:<span class="value"> <a href="https://doi.org/10.29181/2594-6463-2018-v2-n1-p3-16"> https://doi.org/10.29181/2594-6463-2018-v2-n1-p3-16</a></span><span style="color: initial;">  e <a href="https://doi.org/10.29181/2594-6463-2021-v5-n2-p225-234">https://doi.org/10.29181/2594-6463-2021-v5-n2-p225-234</a></span></p>
<p>Integrou o Conselho Editorial da Motricidades: Revista da SPQMH, no período de 2017 a 2025.</p>
<p>Faleceu em 02 de julho de 2025.</p>

<p>Foi professora Titular da Faculdade de Educação da Pontifícia Universidade Católica de São Paulo e professora orientadora da Universidade Federal de São Paulo (Enfermagem). Sócia-Fundadora da Sociedade de Estudos e Pesquisa Qualitativos (SE&amp;PQ), sendo que, durante sua gestão com Presidente da SE&amp;PQ (1999-2001), organizou em parceria com a Universidade do Sagrado Coração (USC), em Bauru,&#8230;</p>

<!-- This site is optimized with the Yoast SEO plugin v27.4 - https://yoast.com/product/yoast-seo-wordpress/ -->
<title>Vitória Helena Cunha Espósito -</title>
<meta name="robots" content="index, follow, max-snippet:-1, max-image-preview:large, max-video-preview:-1" />
<link rel="canonical" href="https://www.motricidades.org/spqmh/biografias/vitoria-helena-cunha-esposito/" />
<meta property="og:locale" content="pt_BR" />
<meta property="og:type" content="article" />
<meta property="og:title" content="Vitória Helena Cunha Espósito -" />
<meta property="og:description" content="Foi professora Titular da Faculdade de Educação da Pontifícia Universidade Católica de São Paulo e professora orientadora da Universidade Federal de São Paulo (Enfermagem). Sócia-Fundadora da Sociedade de Estudos e Pesquisa Qualitativos (SE&amp;PQ), sendo que, durante sua gestão com Presidente da SE&amp;PQ (1999-2001), organizou em parceria com a Universidade do Sagrado Coração (USC), em Bauru,..." />
<meta property="og:url" content="https://www.motricidades.org/spqmh/biografias/vitoria-helena-cunha-esposito/" />
<meta property="article:modified_time" content="2025-07-19T22:39:37+00:00" />
<meta property="og:image" content="http://www.motricidades.org/spqmh/wp-content/uploads/vitoria.jpg" />
<meta name="twitter:card" content="summary_large_image" />
<meta name="twitter:label1" content="Est. tempo de leitura" />
	<meta name="twitter:data1" content="2 minutos" />
<script type="application/ld+json" class="yoast-schema-graph">{"@context":"https:\/\/schema.org","@graph":[{"@type":"WebPage","@id":"https:\/\/www.motricidades.org\/spqmh\/biografias\/vitoria-helena-cunha-esposito\/","url":"https:\/\/www.motricidades.org\/spqmh\/biografias\/vitoria-helena-cunha-esposito\/","name":"Vitória Helena Cunha Espósito -","isPartOf":{"@id":"https:\/\/www.motricidades.org\/spqmh\/#website"},"primaryImageOfPage":{"@id":"https:\/\/www.motricidades.org\/spqmh\/biografias\/vitoria-helena-cunha-esposito\/#primaryimage"},"image":{"@id":"https:\/\/www.motricidades.org\/spqmh\/biografias\/vitoria-helena-cunha-esposito\/#primaryimage"},"thumbnailUrl":"http:\/\/www.motricidades.org\/spqmh\/wp-content\/uploads\/vitoria.jpg","datePublished":"2017-06-25T22:43:46+00:00","dateModified":"2025-07-19T22:39:37+00:00","breadcrumb":{"@id":"https:\/\/www.motricidades.org\/spqmh\/biografias\/vitoria-helena-cunha-esposito\/#breadcrumb"},"inLanguage":"pt-BR","potentialAction":[{"@type":"ReadAction","target":["https:\/\/www.motricidades.org\/spqmh\/biografias\/vitoria-helena-cunha-esposito\/"]}]},{"@type":"ImageObject","inLanguage":"pt-BR","@id":"https:\/\/www.motricidades.org\/spqmh\/biografias\/vitoria-helena-cunha-esposito\/#primaryimage","url":"http:\/\/www.motricidades.org\/spqmh\/wp-content\/uploads\/vitoria.jpg","contentUrl":"http:\/\/www.motricidades.org\/spqmh\/wp-content\/uploads\/vitoria.jpg"},{"@type":"BreadcrumbList","@id":"https:\/\/www.motricidades.org\/spqmh\/biografias\/vitoria-helena-cunha-esposito\/#breadcrumb","itemListElement":[{"@type":"ListItem","position":1,"name":"Início","item":"https:\/\/www.motricidades.org\/spqmh\/"},{"@type":"ListItem","position":2,"name":"Biografias","item":"https:\/\/www.motricidades.org\/spqmh\/biografias\/"},{"@type":"ListItem","position":3,"name":"Vitória Helena Cunha Espósito"}]},{"@type":"WebSite","@id":"https:\/\/www.motricidades.org\/spqmh\/#website","url":"https:\/\/www.motricidades.org\/spqmh\/","name":"","description":"SOCIEDADE DE PESQUISA QUALITATIVA EM MOTRICIDADE HUMANA - SPQMH","potentialAction":[{"@type":"SearchAction","target":{"@type":"EntryPoint","urlTemplate":"https:\/\/www.motricidades.org\/spqmh\/?s={search_term_string}"},"query-input":{"@type":"PropertyValueSpecification","valueRequired":true,"valueName":"search_term_string"}}],"inLanguage":"pt-BR"}]}</script>
<!-- / Yoast SEO plugin. -->

Vitória Helena Cunha Espósito -

Foi professora Titular da Faculdade de Educação da Pontifícia Universidade Católica de São Paulo e professora orientadora da Universidade Federal de São Paulo (Enfermagem). Sócia-Fundadora da Sociedade de Estudos e Pesquisa Qualitativos (SE&amp;PQ), sendo que, durante sua gestão com Presidente da SE&amp;PQ (1999-2001), organizou em parceria com a Universidade do Sagrado Coração (USC), em Bauru,...

Início
