{"id":245,"date":"2017-06-25T19:58:05","date_gmt":"2017-06-25T22:58:05","guid":{"rendered":"http:\/\/www.motricidades.org\/spqmh\/?page_id=245"},"modified":"2017-06-30T23:02:22","modified_gmt":"2017-07-01T02:02:22","slug":"projetos","status":"publish","type":"page","link":"https:\/\/www.motricidades.org\/spqmh\/projetos\/","title":{"rendered":"Projetos"},"content":{"rendered":"<p align=\"center\"><span style=\"font-size: 24px;\"><b>PEDAL<\/b><\/span><\/p>\n<p align=\"justify\">O <strong>Projeto de Educa\u00e7\u00e3o Ambiental e Lazer (PEDAL) <\/strong>teve in\u00edcio em 2008 com um grupo de amigos interessados em viajar para lugares que tivessem paisagens n\u00e3o urbanas, que favorecessem o contato com matas, cachoeiras, praias, trilhas, entre outras cong\u00eaneres, buscando uma alternativa de frui\u00e7\u00e3o do lazer que, ao mesmo tempo, privilegiasse contato com as citadas paisagens e que se desvinculasse do lazer de consumo.<\/p>\n<p align=\"justify\">Diante das observa\u00e7\u00f5es realizadas pelo PEDAL em passeios e cicloviagens, seus integrantes (grande parte educadores vinculados a Escolas P\u00fablicas de Educa\u00e7\u00e3o B\u00e1sica e Superior) tem realizado interven\u00e7\u00f5es no \u00e2mbito da educa\u00e7\u00e3o escolar e n\u00e3o escolar, abordando as tem\u00e1ticas: lazer, educa\u00e7\u00e3o ambiental, qualidade da vida e pol\u00edticas p\u00fablicas de facilita\u00e7\u00e3o do ciclismo (com destaque para a implanta\u00e7\u00e3o de ciclovias nas cidades).<\/p>\n<p align=\"justify\">Neste contexto a bicicleta \u00e9 apresentada como uma rica oportunidade para um novo estilo de vida, podendo ser usada enquanto meio de transporte na frui\u00e7\u00e3o do lazer ou para o trabalho, reduzindo enormemente a emiss\u00e3o de gases poluentes e descarte de res\u00edduos, al\u00e9m dos benef\u00edcios do exerc\u00edcio relacionados a promo\u00e7\u00e3o da sa\u00fade.<\/p>\n<p style=\"text-align: center;\" align=\"justify\"><span style=\"font-family: Verdana; font-size: small;\"><br \/>\n<\/span>Para saber mais acesse os links: <br \/>\n<a href=\"https:\/\/www.motricidades.org\/spqmh\/wp-content\/uploads\/pedal_experiencia.pdf\"><strong>PEDAL: um pouco de nossa experi\u00eancia<\/strong><\/a><br \/>\n<a href=\"https:\/\/www.motricidades.org\/spqmh\/wp-content\/uploads\/pedal_orientacoes.pdf\"><strong>Cicloviagens: cuidados e orienta\u00e7\u00f5es gerais<\/strong><\/a><br \/>\n<a href=\"https:\/\/www.motricidades.org\/spqmh\/wp-content\/uploads\/pedal_nutric.pdf\"><strong>Cicloviagens: orienta\u00e7\u00e3o nutricional<\/strong><\/a><br \/>\n<a href=\"https:\/\/www.motricidades.org\/spqmh\/wp-content\/uploads\/pedal_2012.pdf\"><strong>Roteiro cicloviagem PEDAL\/2012<\/strong><\/a><br \/>\n<a href=\"https:\/\/www.motricidades.org\/spqmh\/wp-content\/uploads\/pedal_2011.pdf\"><strong>Roteiro cicloviagem PEDAL\/2011<\/strong><\/a><br \/>\n<a href=\"https:\/\/www.motricidades.org\/spqmh\/wp-content\/uploads\/pedal_2010.pdf\"><strong>Roteiro cicloviagem PEDAL\/2010<\/strong><\/a><br \/>\n<a href=\"https:\/\/www.motricidades.org\/spqmh\/wp-content\/uploads\/pedal_2009.pdf\"><strong>Roteiro cicloviagem PEDAL\/2009<\/strong><\/a><\/p>\n<p align=\"justify\">\u00a0<\/p>\n","protected":false},"excerpt":{"rendered":"<p>PEDAL O Projeto de Educa\u00e7\u00e3o Ambiental e Lazer (PEDAL) teve in\u00edcio em 2008 com um grupo de amigos interessados em viajar para lugares que tivessem paisagens n\u00e3o urbanas, que favorecessem o contato com matas, cachoeiras, praias, trilhas, entre outras cong\u00eaneres, buscando uma alternativa de frui\u00e7\u00e3o do lazer que, ao mesmo tempo, privilegiasse contato com as&#8230;<\/p>\n","protected":false},"author":1,"featured_media":0,"parent":0,"menu_order":9,"comment_status":"closed","ping_status":"closed","template":"","meta":{"footnotes":""},"class_list":["post-245","page","type-page","status-publish","hentry"],"yoast_head":"<!-- This site is optimized with the Yoast SEO plugin v27.4 - https:\/\/yoast.com\/product\/yoast-seo-wordpress\/ -->\n<title>Projetos -<\/title>\n<meta name=\"robots\" content=\"index, follow, max-snippet:-1, max-image-preview:large, max-video-preview:-1\" \/>\n<link rel=\"canonical\" href=\"https:\/\/www.motricidades.org\/spqmh\/projetos\/\" \/>\n<meta property=\"og:locale\" content=\"pt_BR\" \/>\n<meta property=\"og:type\" content=\"article\" \/>\n<meta property=\"og:title\" content=\"Projetos -\" \/>\n<meta property=\"og:description\" content=\"PEDAL O Projeto de Educa\u00e7\u00e3o Ambiental e Lazer (PEDAL) teve in\u00edcio em 2008 com um grupo de amigos interessados em viajar para lugares que tivessem paisagens n\u00e3o urbanas, que favorecessem o contato com matas, cachoeiras, praias, trilhas, entre outras cong\u00eaneres, buscando uma alternativa de frui\u00e7\u00e3o do lazer que, ao mesmo tempo, privilegiasse contato com as...\" \/>\n<meta property=\"og:url\" content=\"https:\/\/www.motricidades.org\/spqmh\/projetos\/\" \/>\n<meta property=\"article:modified_time\" content=\"2017-07-01T02:02:22+00:00\" \/>\n<meta name=\"twitter:card\" content=\"summary_large_image\" \/>\n<meta name=\"twitter:label1\" content=\"Est. tempo de leitura\" \/>\n\t<meta name=\"twitter:data1\" content=\"1 minuto\" \/>\n<script type=\"application\/ld+json\" class=\"yoast-schema-graph\">{\"@context\":\"https:\\\/\\\/schema.org\",\"@graph\":[{\"@type\":\"WebPage\",\"@id\":\"https:\\\/\\\/www.motricidades.org\\\/spqmh\\\/projetos\\\/\",\"url\":\"https:\\\/\\\/www.motricidades.org\\\/spqmh\\\/projetos\\\/\",\"name\":\"Projetos -\",\"isPartOf\":{\"@id\":\"https:\\\/\\\/www.motricidades.org\\\/spqmh\\\/#website\"},\"datePublished\":\"2017-06-25T22:58:05+00:00\",\"dateModified\":\"2017-07-01T02:02:22+00:00\",\"breadcrumb\":{\"@id\":\"https:\\\/\\\/www.motricidades.org\\\/spqmh\\\/projetos\\\/#breadcrumb\"},\"inLanguage\":\"pt-BR\",\"potentialAction\":[{\"@type\":\"ReadAction\",\"target\":[\"https:\\\/\\\/www.motricidades.org\\\/spqmh\\\/projetos\\\/\"]}]},{\"@type\":\"BreadcrumbList\",\"@id\":\"https:\\\/\\\/www.motricidades.org\\\/spqmh\\\/projetos\\\/#breadcrumb\",\"itemListElement\":[{\"@type\":\"ListItem\",\"position\":1,\"name\":\"In\u00edcio\",\"item\":\"https:\\\/\\\/www.motricidades.org\\\/spqmh\\\/\"},{\"@type\":\"ListItem\",\"position\":2,\"name\":\"Projetos\"}]},{\"@type\":\"WebSite\",\"@id\":\"https:\\\/\\\/www.motricidades.org\\\/spqmh\\\/#website\",\"url\":\"https:\\\/\\\/www.motricidades.org\\\/spqmh\\\/\",\"name\":\"\",\"description\":\"SOCIEDADE DE PESQUISA QUALITATIVA EM MOTRICIDADE HUMANA - SPQMH\",\"potentialAction\":[{\"@type\":\"SearchAction\",\"target\":{\"@type\":\"EntryPoint\",\"urlTemplate\":\"https:\\\/\\\/www.motricidades.org\\\/spqmh\\\/?s={search_term_string}\"},\"query-input\":{\"@type\":\"PropertyValueSpecification\",\"valueRequired\":true,\"valueName\":\"search_term_string\"}}],\"inLanguage\":\"pt-BR\"}]}<\/script>\n<!-- \/ Yoast SEO plugin. -->","yoast_head_json":{"title":"Projetos -","robots":{"index":"index","follow":"follow","max-snippet":"max-snippet:-1","max-image-preview":"max-image-preview:large","max-video-preview":"max-video-preview:-1"},"canonical":"https:\/\/www.motricidades.org\/spqmh\/projetos\/","og_locale":"pt_BR","og_type":"article","og_title":"Projetos -","og_description":"PEDAL O Projeto de Educa\u00e7\u00e3o Ambiental e Lazer (PEDAL) teve in\u00edcio em 2008 com um grupo de amigos interessados em viajar para lugares que tivessem paisagens n\u00e3o urbanas, que favorecessem o contato com matas, cachoeiras, praias, trilhas, entre outras cong\u00eaneres, buscando uma alternativa de frui\u00e7\u00e3o do lazer que, ao mesmo tempo, privilegiasse contato com as...","og_url":"https:\/\/www.motricidades.org\/spqmh\/projetos\/","article_modified_time":"2017-07-01T02:02:22+00:00","twitter_card":"summary_large_image","twitter_misc":{"Est. tempo de leitura":"1 minuto"},"schema":{"@context":"https:\/\/schema.org","@graph":[{"@type":"WebPage","@id":"https:\/\/www.motricidades.org\/spqmh\/projetos\/","url":"https:\/\/www.motricidades.org\/spqmh\/projetos\/","name":"Projetos -","isPartOf":{"@id":"https:\/\/www.motricidades.org\/spqmh\/#website"},"datePublished":"2017-06-25T22:58:05+00:00","dateModified":"2017-07-01T02:02:22+00:00","breadcrumb":{"@id":"https:\/\/www.motricidades.org\/spqmh\/projetos\/#breadcrumb"},"inLanguage":"pt-BR","potentialAction":[{"@type":"ReadAction","target":["https:\/\/www.motricidades.org\/spqmh\/projetos\/"]}]},{"@type":"BreadcrumbList","@id":"https:\/\/www.motricidades.org\/spqmh\/projetos\/#breadcrumb","itemListElement":[{"@type":"ListItem","position":1,"name":"In\u00edcio","item":"https:\/\/www.motricidades.org\/spqmh\/"},{"@type":"ListItem","position":2,"name":"Projetos"}]},{"@type":"WebSite","@id":"https:\/\/www.motricidades.org\/spqmh\/#website","url":"https:\/\/www.motricidades.org\/spqmh\/","name":"","description":"SOCIEDADE DE PESQUISA QUALITATIVA EM MOTRICIDADE HUMANA - SPQMH","potentialAction":[{"@type":"SearchAction","target":{"@type":"EntryPoint","urlTemplate":"https:\/\/www.motricidades.org\/spqmh\/?s={search_term_string}"},"query-input":{"@type":"PropertyValueSpecification","valueRequired":true,"valueName":"search_term_string"}}],"inLanguage":"pt-BR"}]}},"_links":{"self":[{"href":"https:\/\/www.motricidades.org\/spqmh\/wp-json\/wp\/v2\/pages\/245","targetHints":{"allow":["GET"]}}],"collection":[{"href":"https:\/\/www.motricidades.org\/spqmh\/wp-json\/wp\/v2\/pages"}],"about":[{"href":"https:\/\/www.motricidades.org\/spqmh\/wp-json\/wp\/v2\/types\/page"}],"author":[{"embeddable":true,"href":"https:\/\/www.motricidades.org\/spqmh\/wp-json\/wp\/v2\/users\/1"}],"replies":[{"embeddable":true,"href":"https:\/\/www.motricidades.org\/spqmh\/wp-json\/wp\/v2\/comments?post=245"}],"version-history":[{"count":4,"href":"https:\/\/www.motricidades.org\/spqmh\/wp-json\/wp\/v2\/pages\/245\/revisions"}],"predecessor-version":[{"id":360,"href":"https:\/\/www.motricidades.org\/spqmh\/wp-json\/wp\/v2\/pages\/245\/revisions\/360"}],"wp:attachment":[{"href":"https:\/\/www.motricidades.org\/spqmh\/wp-json\/wp\/v2\/media?parent=245"}],"curies":[{"name":"wp","href":"https:\/\/api.w.org\/{rel}","templated":true}]}}