{"id":247,"date":"2017-06-25T19:59:42","date_gmt":"2017-06-25T22:59:42","guid":{"rendered":"http:\/\/www.motricidades.org\/spqmh\/?page_id=247"},"modified":"2023-02-10T15:01:50","modified_gmt":"2023-02-10T18:01:50","slug":"atas-de-assembleias","status":"publish","type":"page","link":"https:\/\/www.motricidades.org\/spqmh\/atas-de-assembleias\/","title":{"rendered":"Atas de Assembleias"},"content":{"rendered":"<ul>\n<li><a href=\"https:\/\/www.motricidades.org\/spqmh\/wp-content\/uploads\/Ata-30-07-2017-Diretoria2017-2019.pdf\">Assembleia de Elei\u00e7\u00e3o e Posse da Diretoria da SPQMH &#8211; Bi\u00eanio 2017-2019<\/a><\/li>\n<li><a href=\"https:\/\/www.motricidades.org\/spqmh\/wp-content\/uploads\/Ata-07-06-2019-Diretoria2019-2021.pdf\">Assembleia de Elei\u00e7\u00e3o e Posse da Diretoria da SPQMH &#8211; Bi\u00eanio 2019-2021<\/a><\/li>\n<li><a href=\"https:\/\/www.motricidades.org\/spqmh\/wp-content\/uploads\/Ata-30-06-2021-Diretoria2021-2023.pdf\">Assembleia de Elei\u00e7\u00e3o e Posse da Diretoria da SPQMH &#8211; Bi\u00eanio 2021-2023<\/a><\/li>\n<\/ul>\n<p>\u00a0<\/p>\n\n","protected":false},"excerpt":{"rendered":"<p>Assembleia de Elei\u00e7\u00e3o e Posse da Diretoria da SPQMH &#8211; Bi\u00eanio 2017-2019 Assembleia de Elei\u00e7\u00e3o e Posse da Diretoria da SPQMH &#8211; Bi\u00eanio 2019-2021 Assembleia de Elei\u00e7\u00e3o e Posse da Diretoria da SPQMH &#8211; Bi\u00eanio 2021-2023 \u00a0<\/p>\n","protected":false},"author":1,"featured_media":0,"parent":0,"menu_order":10,"comment_status":"closed","ping_status":"closed","template":"","meta":{"footnotes":""},"class_list":["post-247","page","type-page","status-publish","hentry"],"yoast_head":"<!-- This site is optimized with the Yoast SEO plugin v27.4 - https:\/\/yoast.com\/product\/yoast-seo-wordpress\/ -->\n<title>Atas de Assembleias -<\/title>\n<meta name=\"robots\" content=\"index, follow, max-snippet:-1, max-image-preview:large, max-video-preview:-1\" \/>\n<link rel=\"canonical\" href=\"https:\/\/www.motricidades.org\/spqmh\/atas-de-assembleias\/\" \/>\n<meta property=\"og:locale\" content=\"pt_BR\" \/>\n<meta property=\"og:type\" content=\"article\" \/>\n<meta property=\"og:title\" content=\"Atas de Assembleias -\" \/>\n<meta property=\"og:description\" content=\"Assembleia de Elei\u00e7\u00e3o e Posse da Diretoria da SPQMH &#8211; Bi\u00eanio 2017-2019 Assembleia de Elei\u00e7\u00e3o e Posse da Diretoria da SPQMH &#8211; Bi\u00eanio 2019-2021 Assembleia de Elei\u00e7\u00e3o e Posse da Diretoria da SPQMH &#8211; Bi\u00eanio 2021-2023 \u00a0\" \/>\n<meta property=\"og:url\" content=\"https:\/\/www.motricidades.org\/spqmh\/atas-de-assembleias\/\" \/>\n<meta property=\"article:modified_time\" content=\"2023-02-10T18:01:50+00:00\" \/>\n<meta name=\"twitter:card\" content=\"summary_large_image\" \/>\n<meta name=\"twitter:label1\" content=\"Est. tempo de leitura\" \/>\n\t<meta name=\"twitter:data1\" content=\"1 minuto\" \/>\n<script type=\"application\/ld+json\" class=\"yoast-schema-graph\">{\"@context\":\"https:\\\/\\\/schema.org\",\"@graph\":[{\"@type\":\"WebPage\",\"@id\":\"https:\\\/\\\/www.motricidades.org\\\/spqmh\\\/atas-de-assembleias\\\/\",\"url\":\"https:\\\/\\\/www.motricidades.org\\\/spqmh\\\/atas-de-assembleias\\\/\",\"name\":\"Atas de Assembleias -\",\"isPartOf\":{\"@id\":\"https:\\\/\\\/www.motricidades.org\\\/spqmh\\\/#website\"},\"datePublished\":\"2017-06-25T22:59:42+00:00\",\"dateModified\":\"2023-02-10T18:01:50+00:00\",\"breadcrumb\":{\"@id\":\"https:\\\/\\\/www.motricidades.org\\\/spqmh\\\/atas-de-assembleias\\\/#breadcrumb\"},\"inLanguage\":\"pt-BR\",\"potentialAction\":[{\"@type\":\"ReadAction\",\"target\":[\"https:\\\/\\\/www.motricidades.org\\\/spqmh\\\/atas-de-assembleias\\\/\"]}]},{\"@type\":\"BreadcrumbList\",\"@id\":\"https:\\\/\\\/www.motricidades.org\\\/spqmh\\\/atas-de-assembleias\\\/#breadcrumb\",\"itemListElement\":[{\"@type\":\"ListItem\",\"position\":1,\"name\":\"In\u00edcio\",\"item\":\"https:\\\/\\\/www.motricidades.org\\\/spqmh\\\/\"},{\"@type\":\"ListItem\",\"position\":2,\"name\":\"Atas de Assembleias\"}]},{\"@type\":\"WebSite\",\"@id\":\"https:\\\/\\\/www.motricidades.org\\\/spqmh\\\/#website\",\"url\":\"https:\\\/\\\/www.motricidades.org\\\/spqmh\\\/\",\"name\":\"\",\"description\":\"SOCIEDADE DE PESQUISA QUALITATIVA EM MOTRICIDADE HUMANA - SPQMH\",\"potentialAction\":[{\"@type\":\"SearchAction\",\"target\":{\"@type\":\"EntryPoint\",\"urlTemplate\":\"https:\\\/\\\/www.motricidades.org\\\/spqmh\\\/?s={search_term_string}\"},\"query-input\":{\"@type\":\"PropertyValueSpecification\",\"valueRequired\":true,\"valueName\":\"search_term_string\"}}],\"inLanguage\":\"pt-BR\"}]}<\/script>\n<!-- \/ Yoast SEO plugin. -->","yoast_head_json":{"title":"Atas de Assembleias -","robots":{"index":"index","follow":"follow","max-snippet":"max-snippet:-1","max-image-preview":"max-image-preview:large","max-video-preview":"max-video-preview:-1"},"canonical":"https:\/\/www.motricidades.org\/spqmh\/atas-de-assembleias\/","og_locale":"pt_BR","og_type":"article","og_title":"Atas de Assembleias -","og_description":"Assembleia de Elei\u00e7\u00e3o e Posse da Diretoria da SPQMH &#8211; Bi\u00eanio 2017-2019 Assembleia de Elei\u00e7\u00e3o e Posse da Diretoria da SPQMH &#8211; Bi\u00eanio 2019-2021 Assembleia de Elei\u00e7\u00e3o e Posse da Diretoria da SPQMH &#8211; Bi\u00eanio 2021-2023 \u00a0","og_url":"https:\/\/www.motricidades.org\/spqmh\/atas-de-assembleias\/","article_modified_time":"2023-02-10T18:01:50+00:00","twitter_card":"summary_large_image","twitter_misc":{"Est. tempo de leitura":"1 minuto"},"schema":{"@context":"https:\/\/schema.org","@graph":[{"@type":"WebPage","@id":"https:\/\/www.motricidades.org\/spqmh\/atas-de-assembleias\/","url":"https:\/\/www.motricidades.org\/spqmh\/atas-de-assembleias\/","name":"Atas de Assembleias -","isPartOf":{"@id":"https:\/\/www.motricidades.org\/spqmh\/#website"},"datePublished":"2017-06-25T22:59:42+00:00","dateModified":"2023-02-10T18:01:50+00:00","breadcrumb":{"@id":"https:\/\/www.motricidades.org\/spqmh\/atas-de-assembleias\/#breadcrumb"},"inLanguage":"pt-BR","potentialAction":[{"@type":"ReadAction","target":["https:\/\/www.motricidades.org\/spqmh\/atas-de-assembleias\/"]}]},{"@type":"BreadcrumbList","@id":"https:\/\/www.motricidades.org\/spqmh\/atas-de-assembleias\/#breadcrumb","itemListElement":[{"@type":"ListItem","position":1,"name":"In\u00edcio","item":"https:\/\/www.motricidades.org\/spqmh\/"},{"@type":"ListItem","position":2,"name":"Atas de Assembleias"}]},{"@type":"WebSite","@id":"https:\/\/www.motricidades.org\/spqmh\/#website","url":"https:\/\/www.motricidades.org\/spqmh\/","name":"","description":"SOCIEDADE DE PESQUISA QUALITATIVA EM MOTRICIDADE HUMANA - SPQMH","potentialAction":[{"@type":"SearchAction","target":{"@type":"EntryPoint","urlTemplate":"https:\/\/www.motricidades.org\/spqmh\/?s={search_term_string}"},"query-input":{"@type":"PropertyValueSpecification","valueRequired":true,"valueName":"search_term_string"}}],"inLanguage":"pt-BR"}]}},"_links":{"self":[{"href":"https:\/\/www.motricidades.org\/spqmh\/wp-json\/wp\/v2\/pages\/247","targetHints":{"allow":["GET"]}}],"collection":[{"href":"https:\/\/www.motricidades.org\/spqmh\/wp-json\/wp\/v2\/pages"}],"about":[{"href":"https:\/\/www.motricidades.org\/spqmh\/wp-json\/wp\/v2\/types\/page"}],"author":[{"embeddable":true,"href":"https:\/\/www.motricidades.org\/spqmh\/wp-json\/wp\/v2\/users\/1"}],"replies":[{"embeddable":true,"href":"https:\/\/www.motricidades.org\/spqmh\/wp-json\/wp\/v2\/comments?post=247"}],"version-history":[{"count":6,"href":"https:\/\/www.motricidades.org\/spqmh\/wp-json\/wp\/v2\/pages\/247\/revisions"}],"predecessor-version":[{"id":2233,"href":"https:\/\/www.motricidades.org\/spqmh\/wp-json\/wp\/v2\/pages\/247\/revisions\/2233"}],"wp:attachment":[{"href":"https:\/\/www.motricidades.org\/spqmh\/wp-json\/wp\/v2\/media?parent=247"}],"curies":[{"name":"wp","href":"https:\/\/api.w.org\/{rel}","templated":true}]}}

<ul>
<li><a href="https://www.motricidades.org/spqmh/wp-content/uploads/Ata-30-07-2017-Diretoria2017-2019.pdf">Assembleia de Eleição e Posse da Diretoria da SPQMH &#8211; Biênio 2017-2019</a></li>
<li><a href="https://www.motricidades.org/spqmh/wp-content/uploads/Ata-07-06-2019-Diretoria2019-2021.pdf">Assembleia de Eleição e Posse da Diretoria da SPQMH &#8211; Biênio 2019-2021</a></li>
<li><a href="https://www.motricidades.org/spqmh/wp-content/uploads/Ata-30-06-2021-Diretoria2021-2023.pdf">Assembleia de Eleição e Posse da Diretoria da SPQMH &#8211; Biênio 2021-2023</a></li>
</ul>
<p> </p>

<p>Assembleia de Eleição e Posse da Diretoria da SPQMH &#8211; Biênio 2017-2019 Assembleia de Eleição e Posse da Diretoria da SPQMH &#8211; Biênio 2019-2021 Assembleia de Eleição e Posse da Diretoria da SPQMH &#8211; Biênio 2021-2023  </p>

<!-- This site is optimized with the Yoast SEO plugin v27.4 - https://yoast.com/product/yoast-seo-wordpress/ -->
<title>Atas de Assembleias -</title>
<meta name="robots" content="index, follow, max-snippet:-1, max-image-preview:large, max-video-preview:-1" />
<link rel="canonical" href="https://www.motricidades.org/spqmh/atas-de-assembleias/" />
<meta property="og:locale" content="pt_BR" />
<meta property="og:type" content="article" />
<meta property="og:title" content="Atas de Assembleias -" />
<meta property="og:description" content="Assembleia de Eleição e Posse da Diretoria da SPQMH &#8211; Biênio 2017-2019 Assembleia de Eleição e Posse da Diretoria da SPQMH &#8211; Biênio 2019-2021 Assembleia de Eleição e Posse da Diretoria da SPQMH &#8211; Biênio 2021-2023  " />
<meta property="og:url" content="https://www.motricidades.org/spqmh/atas-de-assembleias/" />
<meta property="article:modified_time" content="2023-02-10T18:01:50+00:00" />
<meta name="twitter:card" content="summary_large_image" />
<meta name="twitter:label1" content="Est. tempo de leitura" />
	<meta name="twitter:data1" content="1 minuto" />
<script type="application/ld+json" class="yoast-schema-graph">{"@context":"https:\/\/schema.org","@graph":[{"@type":"WebPage","@id":"https:\/\/www.motricidades.org\/spqmh\/atas-de-assembleias\/","url":"https:\/\/www.motricidades.org\/spqmh\/atas-de-assembleias\/","name":"Atas de Assembleias -","isPartOf":{"@id":"https:\/\/www.motricidades.org\/spqmh\/#website"},"datePublished":"2017-06-25T22:59:42+00:00","dateModified":"2023-02-10T18:01:50+00:00","breadcrumb":{"@id":"https:\/\/www.motricidades.org\/spqmh\/atas-de-assembleias\/#breadcrumb"},"inLanguage":"pt-BR","potentialAction":[{"@type":"ReadAction","target":["https:\/\/www.motricidades.org\/spqmh\/atas-de-assembleias\/"]}]},{"@type":"BreadcrumbList","@id":"https:\/\/www.motricidades.org\/spqmh\/atas-de-assembleias\/#breadcrumb","itemListElement":[{"@type":"ListItem","position":1,"name":"Início","item":"https:\/\/www.motricidades.org\/spqmh\/"},{"@type":"ListItem","position":2,"name":"Atas de Assembleias"}]},{"@type":"WebSite","@id":"https:\/\/www.motricidades.org\/spqmh\/#website","url":"https:\/\/www.motricidades.org\/spqmh\/","name":"","description":"SOCIEDADE DE PESQUISA QUALITATIVA EM MOTRICIDADE HUMANA - SPQMH","potentialAction":[{"@type":"SearchAction","target":{"@type":"EntryPoint","urlTemplate":"https:\/\/www.motricidades.org\/spqmh\/?s={search_term_string}"},"query-input":{"@type":"PropertyValueSpecification","valueRequired":true,"valueName":"search_term_string"}}],"inLanguage":"pt-BR"}]}</script>
<!-- / Yoast SEO plugin. -->

Assembleia de Eleição e Posse da Diretoria da SPQMH &#8211; Biênio 2017-2019 Assembleia de Eleição e Posse da Diretoria da SPQMH &#8211; Biênio 2019-2021 Assembleia de Eleição e Posse da Diretoria da SPQMH &#8211; Biênio 2021-2023

Início
